{"id":324,"date":"2015-01-13T08:37:20","date_gmt":"2015-01-13T08:37:20","guid":{"rendered":"https:\/\/result.uit.no\/udig\/?page_id=324"},"modified":"2023-03-08T11:17:09","modified_gmt":"2023-03-08T11:17:09","slug":"introduksjon-til-modulen-nettbaserte-diskusjoner-og-samhandling-pa-nett","status":"publish","type":"page","link":"https:\/\/result.uit.no\/udig\/kursmodulene\/modul-3\/introduksjon-til-modulen-nettbaserte-diskusjoner-og-samhandling-pa-nett\/","title":{"rendered":"Introduksjon til modulen nettbaserte diskusjoner og samhandling p\u00e5 nett"},"content":{"rendered":"<p>[et_pb_section fb_built=&raquo;1&#8243; admin_label=&raquo;section&raquo; _builder_version=&raquo;3.22&#8243;][et_pb_row column_structure=&raquo;3_4,1_4&#8243; admin_label=&raquo;row&raquo; _builder_version=&raquo;3.25&#8243; background_size=&raquo;initial&raquo; background_position=&raquo;top_left&raquo; background_repeat=&raquo;repeat&raquo;][et_pb_column type=&raquo;3_4&#8243; _builder_version=&raquo;3.25&#8243; custom_padding=&raquo;|||&raquo; custom_padding__hover=&raquo;|||&raquo;][et_pb_text _builder_version=&raquo;4.1&#8243;]<\/p>\n<h1>Introduksjon til modulen nettbaserte diskusjoner og samhandling p\u00e5 nett<\/h1>\n<p>[\/et_pb_text][et_pb_text _builder_version=&raquo;4.1&#8243; custom_margin=&raquo;||-4px|||&raquo; custom_padding=&raquo;||0px|||&raquo;]<\/p>\n<h2>Presentasjon av modul 3<\/h2>\n<p>&nbsp;<\/p>\n<p>[\/et_pb_text][et_pb_code _builder_version=&raquo;4.1&#8243;]<iframe src=\"https:\/\/uit.cloud.panopto.eu\/Panopto\/Pages\/Embed.aspx?id=a7e1b91b-89ce-47ad-ad7c-aee500c5266c&#038;autoplay=false&#038;offerviewer=true&#038;showtitle=true&#038;showbrand=true&#038;captions=false&#038;interactivity=all\" height=\"405\" width=\"720\" style=\"border: 1px solid #464646;\" allowfullscreen allow=\"autoplay\"><\/iframe>[\/et_pb_code][et_pb_text admin_label=&raquo;Text&raquo; _builder_version=&raquo;4.1&#8243; text_font_size=&raquo;1em&raquo; text_line_height=&raquo;1.5em&raquo; background_size=&raquo;initial&raquo; background_position=&raquo;top_left&raquo; background_repeat=&raquo;repeat&raquo;]<\/p>\n<p>Tematisk er kurset delt i to hovedbolker: I f\u00f8rste del ser vi\u00a0p\u00e5 tekstbaserte diskusjoner, og arbeider med den pedagogiske begrunnelsen for \u00e5 arbeide med b\u00e5de asynkrone og synkrone diskusjoner i ulike sammenhenger.\u00a0Vi ser videre p\u00e5 hvilke fortrinn og begrensninger ulike typer nettdiskusjoner har, og ser p\u00e5 hvordan man som fagansvarlig kan starte og f\u00f8lge opp nettbaserte diskusjoner.\u00a0Du f\u00e5r ogs\u00e5 teoretiske innspill og en praktisk innf\u00f8ring \u00a0i hvordan du bruker diskusjonsverkt\u00f8yet &laquo;Forum&raquo; i Fronter, og hvordan du oppretter og bruker diskusjonsgrupper p\u00e5 Facebook. Sist i denne delen viser vi til ulike eksempler fra forskjellige undervisningsopplegg. I andre del av kurset ser vi p\u00e5 en annen nettbasert samarbeidsform; web-m\u00f8ter, hvor\u00a0deltakerne kommuniserer ved hjelp av lyd og\u00a0bilde. Vi ser ogs\u00e5 her p\u00e5 de\u00a0pedagogiske begrunnelsene for \u00e5 bruke web-m\u00f8ter, og g\u00e5r inn p\u00e5 b\u00e5de\u00a0muligheter og begrensninger ved denne arbeidsformen. Her gis det ogs\u00e5\u00a0en praktisk innf\u00f8ring i web-m\u00f8teverkt\u00f8yene Adobe Connect og Skype Business (Lync). Vi viser ogs\u00e5 til eksempler p\u00e5 bruk av webm\u00f8ter i ulike undervisningsopplegg Praktiske \u00f8velser i bruk av diskusjonsverkt\u00f8y i Fronter og p\u00e5 Facebook, samt i gjennomf\u00f8ring av web-m\u00f8te\u00a0inng\u00e5r ogs\u00e5 i kurset. Du finner undervsningsvideoer som du kan bruke n\u00e5r det passer deg i menyen til h\u00f8yre.<\/p>\n<p><strong>Eget arbeid:<\/strong><\/p>\n<ul>\n<li>Delta i a-synkron, tekstbasert nettbasert diskusjon<\/li>\n<li>Opprette diskusjon i Fronter<\/li>\n<li>Opprette diskusjon i Facebook<\/li>\n<\/ul>\n<p><strong>Nettbasert st\u00f8tte:<\/strong><\/p>\n<ul>\n<li>Diskusjonsforum i Fronter og diskusjonsgruppe i Facebook<\/li>\n<li>Webm\u00f8te(r) som avtales i l\u00f8pet av perioden<\/li>\n<\/ul>\n<p>[\/et_pb_text][\/et_pb_column][et_pb_column type=&raquo;1_4&#8243; _builder_version=&raquo;3.25&#8243; custom_padding=&raquo;|||&raquo; custom_padding__hover=&raquo;|||&raquo;][et_pb_menu menu_id=&raquo;9&#8243; menu_style=&raquo;centered&raquo; submenu_direction=&raquo;downwards&raquo; admin_label=&raquo;Module 2 &#8211; menu&raquo; _builder_version=&raquo;4.1&#8243; menu_font_size=&raquo;1.1em&raquo; menu_line_height=&raquo;1.2em&raquo; custom_padding=&raquo;64px||||false|false&raquo; hover_enabled=&raquo;0&#8243;][\/et_pb_menu][\/et_pb_column][\/et_pb_row][\/et_pb_section]<\/p>\n","protected":false},"excerpt":{"rendered":"<p>Introduksjon til modulen nettbaserte diskusjoner og samhandling p\u00e5 nettPresentasjon av modul 3 &nbsp;Tematisk er kurset delt i to hovedbolker: I f\u00f8rste del ser vi\u00a0p\u00e5 tekstbaserte diskusjoner, og arbeider med den pedagogiske begrunnelsen for \u00e5 arbeide med b\u00e5de asynkrone og synkrone diskusjoner i ulike sammenhenger.\u00a0Vi ser videre p\u00e5 hvilke fortrinn og begrensninger ulike typer nettdiskusjoner har, [&hellip;]<\/p>\n","protected":false},"author":3,"featured_media":0,"parent":94,"menu_order":0,"comment_status":"open","ping_status":"closed","template":"","meta":{"_et_pb_use_builder":"on","_et_pb_old_content":"<h2>Presentasjon av modul 3<\/h2><p>[iframe src=\"https:\/\/mediasite.uit.no\/Mediasite\/Play\/ed28d5818fc5405ea26a5ec048f215f71d\" width=\"795\" heigth=\"480\"] Tematisk er kurset delt i to hovedbolker: I f\u00f8rste del ser vi\u00a0p\u00e5 tekstbaserte diskusjoner, og arbeider med den pedagogiske begrunnelsen for \u00e5 arbeide med b\u00e5de asynkrone og synkrone diskusjoner i ulike sammenhenger.\u00a0Vi ser videre p\u00e5 hvilke fortrinn og begrensninger ulike typer nettdiskusjoner har, og ser p\u00e5 hvordan man som fagansvarlig kan starte og f\u00f8lge opp nettbaserte diskusjoner.\u00a0Du f\u00e5r ogs\u00e5 teoretiske innspill og en praktisk innf\u00f8ring \u00a0i hvordan du bruker diskusjonsverkt\u00f8yet \"Forum\" i Fronter, og hvordan du oppretter og bruker diskusjonsgrupper p\u00e5 Facebook. Sist i denne delen viser vi til ulike eksempler fra forskjellige undervisningsopplegg. I andre del av kurset ser vi p\u00e5 en annen nettbasert samarbeidsform; web-m\u00f8ter, hvor\u00a0deltakerne kommuniserer ved hjelp av lyd og\u00a0bilde. Vi ser ogs\u00e5 her p\u00e5 de\u00a0pedagogiske begrunnelsene for \u00e5 bruke web-m\u00f8ter, og g\u00e5r inn p\u00e5 b\u00e5de\u00a0muligheter og begrensninger ved denne arbeidsformen. Her gis det ogs\u00e5\u00a0en praktisk innf\u00f8ring i web-m\u00f8teverkt\u00f8yene Adobe Connect og Skype Business (Lync). Vi viser ogs\u00e5 til eksempler p\u00e5 bruk av webm\u00f8ter i ulike undervisningsopplegg Praktiske \u00f8velser i bruk av diskusjonsverkt\u00f8y i Fronter og p\u00e5 Facebook, samt i gjennomf\u00f8ring av web-m\u00f8te\u00a0inng\u00e5r ogs\u00e5 i kurset. Du finner undervsningsvideoer som du kan bruke n\u00e5r det passer deg i menyen til h\u00f8yre. \u00a0 <strong>Eget arbeid:<\/strong><\/p><ul><li>Delta i a-synkron, tekstbasert nettbasert diskusjon<\/li><li>Opprette diskusjon i Fronter<\/li><li>Opprette diskusjon i Facebook<\/li><\/ul><p><strong>Nettbasert st\u00f8tte:<\/strong><\/p><ul><li>Diskusjonsforum i Fronter og diskusjonsgruppe i Facebook<\/li><li>Webm\u00f8te(r) som avtales i l\u00f8pet av perioden<\/li><\/ul>","_et_gb_content_width":"","inline_featured_image":false,"iawp_total_views":26,"footnotes":""},"class_list":["post-324","page","type-page","status-publish","hentry"],"_links":{"self":[{"href":"https:\/\/result.uit.no\/udig\/wp-json\/wp\/v2\/pages\/324","targetHints":{"allow":["GET"]}}],"collection":[{"href":"https:\/\/result.uit.no\/udig\/wp-json\/wp\/v2\/pages"}],"about":[{"href":"https:\/\/result.uit.no\/udig\/wp-json\/wp\/v2\/types\/page"}],"author":[{"embeddable":true,"href":"https:\/\/result.uit.no\/udig\/wp-json\/wp\/v2\/users\/3"}],"replies":[{"embeddable":true,"href":"https:\/\/result.uit.no\/udig\/wp-json\/wp\/v2\/comments?post=324"}],"version-history":[{"count":0,"href":"https:\/\/result.uit.no\/udig\/wp-json\/wp\/v2\/pages\/324\/revisions"}],"up":[{"embeddable":true,"href":"https:\/\/result.uit.no\/udig\/wp-json\/wp\/v2\/pages\/94"}],"wp:attachment":[{"href":"https:\/\/result.uit.no\/udig\/wp-json\/wp\/v2\/media?parent=324"}],"curies":[{"name":"wp","href":"https:\/\/api.w.org\/{rel}","templated":true}]}}