{"id":301,"date":"2015-01-13T08:09:50","date_gmt":"2015-01-13T08:09:50","guid":{"rendered":"https:\/\/result.uit.no\/udig\/?page_id=301"},"modified":"2023-03-06T11:37:09","modified_gmt":"2023-03-06T11:37:09","slug":"format-og-teknikker","status":"publish","type":"page","link":"https:\/\/result.uit.no\/udig\/kursmodulene\/modul-2\/format-og-teknikker\/","title":{"rendered":"Format, teknikker og publisering"},"content":{"rendered":"<p>[et_pb_section fb_built=&raquo;1&#8243; admin_label=&raquo;section&raquo; _builder_version=&raquo;3.22&#8243;][et_pb_row admin_label=&raquo;row&raquo; _builder_version=&raquo;3.25&#8243; background_size=&raquo;initial&raquo; background_position=&raquo;top_left&raquo; background_repeat=&raquo;repeat&raquo; column_structure=&raquo;3_4,1_4&#8243; custom_padding=&raquo;17px|||||&raquo;][et_pb_column type=&raquo;3_4&#8243; _builder_version=&raquo;3.25&#8243; custom_padding=&raquo;|||&raquo; custom_padding__hover=&raquo;|||&raquo;][et_pb_text _builder_version=&raquo;4.1&#8243; hover_enabled=&raquo;0&#8243;]<\/p>\n<h1>Format, teknikker og publisering<\/h1>\n<p>[\/et_pb_text][et_pb_text admin_label=&raquo;Text&raquo; _builder_version=&raquo;3.27.4&#8243; background_size=&raquo;initial&raquo; background_position=&raquo;top_left&raquo; background_repeat=&raquo;repeat&raquo;]<\/p>\n<p><span style=\"line-height: 1.5em;\">Det er i dag mange m\u00e5ter \u00e5 gj\u00f8re opptak til bruk i undervisning og nettkurs. Vi tar her for oss de mest relevante mulighetene vi har p\u00e5 UiT, og de verkt\u00f8yene som er lettest tilgjengelig for de ansatte.<\/span> Hvis man ser p\u00e5 m\u00e5ten man gj\u00f8r selve opptaket er dette de vanligste:<\/p>\n<ul>\n<li>Filme med foto- eller videokamera<\/li>\n<li>Filme med smarttelefon eller nettbrett<\/li>\n<li>Skjermopptak &#8211; tar opp video av det man gj\u00f8r p\u00e5 skjermen (PC\/Mac), med eller uten webkamera<\/li>\n<li>Opptak i auditorium og andre undervisningsrom (UiT tjeneste)<\/li>\n<li>Opptak i studio (UiT tjeneste)<\/li>\n<\/ul>\n<p>For \u00e5 tilordne opptakene og f\u00e5 de gjort tilgjengelig p\u00e5 nett har vi en del verkt\u00f8y til \u00e5 hjelpe oss med dette. Nedenfor er en oversikt som viser metode (vertikalt) og de verkt\u00f8y som er mest hensiktsmessig brukt (horisontalt).<\/p>\n<table style=\"width: 100%; font-size: 11px;\" border=\"1\" cellspacing=\"0\" cellpadding=\"0\">\n<tbody>\n<tr>\n<td valign=\"top\" width=\"189\">Opptak i \/ p\u00e5 \/ med:<\/td>\n<td valign=\"top\" width=\"76\">Mediasite<\/td>\n<td valign=\"top\" width=\"95\">MyMediasite<\/td>\n<td valign=\"top\" width=\"76\">TechSmith Relay \/ Fuse<\/td>\n<td valign=\"top\" width=\"76\">TechSmith Studio<\/td>\n<td valign=\"top\" width=\"66\">Adobe Connect<\/td>\n<td valign=\"top\" width=\"47\">Skype for Business<\/td>\n<td valign=\"top\" width=\"104\">YouTube, Vimeo mm.<\/td>\n<\/tr>\n<tr>\n<td valign=\"top\" width=\"189\">Foto- eller videokamera<\/td>\n<td valign=\"top\" width=\"76\">\u00a0<\/td>\n<td valign=\"top\" width=\"95\">\n<p align=\"center\">X<\/p>\n<\/td>\n<td valign=\"top\" width=\"76\">\u00a0<\/td>\n<td valign=\"top\" width=\"76\">\n<p align=\"center\">X<\/p>\n<\/td>\n<td valign=\"top\" width=\"66\">\u00a0<\/td>\n<td valign=\"top\" width=\"47\">\u00a0<\/td>\n<td valign=\"top\" width=\"104\">\n<p align=\"center\">X<\/p>\n<\/td>\n<\/tr>\n<tr>\n<td valign=\"top\" width=\"189\">Smarttelefon, nettbrett<\/td>\n<td valign=\"top\" width=\"76\">\u00a0<\/td>\n<td valign=\"top\" width=\"95\">\n<p align=\"center\">X<\/p>\n<\/td>\n<td style=\"text-align: center;\" valign=\"top\" width=\"76\">\u00a0X<\/td>\n<td style=\"text-align: center;\" valign=\"top\" width=\"76\">\u00a0X<\/td>\n<td valign=\"top\" width=\"66\">\u00a0<\/td>\n<td valign=\"top\" width=\"47\">\u00a0<\/td>\n<td valign=\"top\" width=\"104\">\n<p align=\"center\">X<\/p>\n<\/td>\n<\/tr>\n<tr>\n<td valign=\"top\" width=\"189\">Skjerm (PC, Mac), p\u00e5 kontor og i undervisningsrom<\/td>\n<td valign=\"top\" width=\"76\">\u00a0<\/td>\n<td valign=\"top\" width=\"95\">\n<p align=\"center\">X<\/p>\n<\/td>\n<td style=\"text-align: center;\" valign=\"top\" width=\"76\">\u00a0X<\/td>\n<td style=\"text-align: center;\" valign=\"top\" width=\"76\">\u00a0X<\/td>\n<td valign=\"top\" width=\"66\">\n<p align=\"center\">X<\/p>\n<\/td>\n<td valign=\"top\" width=\"47\">\n<p align=\"center\">X<\/p>\n<\/td>\n<td valign=\"top\" width=\"104\">\u00a0<\/td>\n<\/tr>\n<tr>\n<td valign=\"top\" width=\"189\">Opptakstjeneste i auditorium og i undervisningsrom<\/td>\n<td valign=\"top\" width=\"76\">\n<p align=\"center\">X<\/p>\n<\/td>\n<td valign=\"top\" width=\"95\">\u00a0<\/td>\n<td valign=\"top\" width=\"76\">\u00a0<\/td>\n<td valign=\"top\" width=\"76\">\u00a0<\/td>\n<td valign=\"top\" width=\"66\">\u00a0<\/td>\n<td valign=\"top\" width=\"47\">\u00a0<\/td>\n<td valign=\"top\" width=\"104\">\u00a0<\/td>\n<\/tr>\n<tr>\n<td valign=\"top\" width=\"189\">Opptakstjeneste i studio (Result)<\/td>\n<td valign=\"top\" width=\"76\">\n<p align=\"center\">X<\/p>\n<p align=\"center\">\u00a0<\/p>\n<\/td>\n<td valign=\"top\" width=\"95\">\u00a0<\/td>\n<td valign=\"top\" width=\"76\">\u00a0<\/td>\n<td valign=\"top\" width=\"76\">\u00a0<\/td>\n<td valign=\"top\" width=\"66\">\u00a0<\/td>\n<td valign=\"top\" width=\"47\">\u00a0<\/td>\n<td valign=\"top\" width=\"104\">\n<p align=\"center\">X<\/p>\n<\/td>\n<\/tr>\n<\/tbody>\n<\/table>\n<p><span style=\"line-height: 1.5em;\"> Som tabellen viser er det flere muligheter, hva man velger er litt avhengig av tekniske niv\u00e5 og tiden man har tilgjengelig. P\u00e5 de neste sidene beskriver vi verkt\u00f8yene og hjelper deg \u00e5 gj\u00f8re riktig valg, her ligger det eksempler, lenker til mere info og hjelp til \u00e5 komme i gang. <\/span><\/p>\n<table class=\" alignleft\" style=\"width: 1397px; border: 0px; height: 5px;\" cellspacing=\"0\" cellpadding=\"0\">\n<tbody>\n<tr>\n<td style=\"border: 0;\" valign=\"top\" width=\"255\">\u00a0<\/td>\n<td style=\"border: 0;\" valign=\"top\" width=\"227\">\u00a0<\/td>\n<td style=\"border: 0;\" valign=\"top\" width=\"217\">\u00a0<\/td>\n<\/tr>\n<\/tbody>\n<\/table>\n<p style=\"text-align: left;\">\u00a0<\/p>\n<p>[\/et_pb_text][\/et_pb_column][et_pb_column type=&raquo;1_4&#8243; _builder_version=&raquo;3.25&#8243; custom_padding=&raquo;|||&raquo; custom_padding__hover=&raquo;|||&raquo;][et_pb_menu menu_id=&raquo;8&#8243; menu_style=&raquo;centered&raquo; submenu_direction=&raquo;downwards&raquo; admin_label=&raquo;Module 2 &#8211; menu&raquo; _builder_version=&raquo;4.1&#8243; menu_font_size=&raquo;1.1em&raquo; menu_line_height=&raquo;1.2em&raquo; custom_padding=&raquo;64px||||false|false&raquo;][\/et_pb_menu][\/et_pb_column][\/et_pb_row][\/et_pb_section]<\/p>\n","protected":false},"excerpt":{"rendered":"<p>Format, teknikker og publisering Det er i dag mange m\u00e5ter \u00e5 gj\u00f8re opptak til bruk i undervisning og nettkurs. Vi tar her for oss de mest relevante mulighetene vi har p\u00e5 UiT, og de verkt\u00f8yene som er lettest tilgjengelig for de ansatte. Hvis man ser p\u00e5 m\u00e5ten man gj\u00f8r selve opptaket er dette de vanligste:Filme [&hellip;]<\/p>\n","protected":false},"author":3,"featured_media":0,"parent":92,"menu_order":4,"comment_status":"open","ping_status":"closed","template":"","meta":{"_et_pb_use_builder":"on","_et_pb_old_content":"<p><span style=\"line-height: 1.5em;\">Det er i dag mange m\u00e5ter \u00e5 gj\u00f8re opptak til bruk i undervisning og nettkurs. Vi tar her for oss de mest relevante mulighetene vi har p\u00e5 UiT, og de verkt\u00f8yene som er lettest tilgjengelig for de ansatte.<\/span> Hvis man ser p\u00e5 m\u00e5ten man gj\u00f8r selve opptaket er dette de vanligste:<\/p><ul><li>Filme med foto- eller videokamera<\/li><li>Filme med smarttelefon eller nettbrett<\/li><li>Skjermopptak - tar opp video av det man gj\u00f8r p\u00e5 skjermen (PC\/Mac), med eller uten webkamera<\/li><li>Opptak i auditorium og andre undervisningsrom (UiT tjeneste)<\/li><li>Opptak i studio (UiT tjeneste)<\/li><\/ul><p>For \u00e5 tilordne opptakene og f\u00e5 de gjort tilgjengelig p\u00e5 nett har vi en del verkt\u00f8y til \u00e5 hjelpe oss med dette. Nedenfor er en oversikt som viser metode (vertikalt) og de verkt\u00f8y som er mest hensiktsmessig brukt (horisontalt).<\/p><table style=\"width: 100%; font-size: 11px;\" border=\"1\" cellspacing=\"0\" cellpadding=\"0\"><tbody><tr><td valign=\"top\" width=\"189\">Opptak i \/ p\u00e5 \/ med:<\/td><td valign=\"top\" width=\"76\">Mediasite<\/td><td valign=\"top\" width=\"95\">MyMediasite<\/td><td valign=\"top\" width=\"76\">TechSmith Relay \/ Fuse<\/td><td valign=\"top\" width=\"76\">TechSmith Studio<\/td><td valign=\"top\" width=\"66\">Adobe Connect<\/td><td valign=\"top\" width=\"47\">Skype for Business<\/td><td valign=\"top\" width=\"104\">YouTube, Vimeo mm.<\/td><\/tr><tr><td valign=\"top\" width=\"189\">Foto- eller videokamera<\/td><td valign=\"top\" width=\"76\">\u00a0<\/td><td valign=\"top\" width=\"95\"><p align=\"center\">X<\/p><\/td><td valign=\"top\" width=\"76\">\u00a0<\/td><td valign=\"top\" width=\"76\"><p align=\"center\">X<\/p><\/td><td valign=\"top\" width=\"66\">\u00a0<\/td><td valign=\"top\" width=\"47\">\u00a0<\/td><td valign=\"top\" width=\"104\"><p align=\"center\">X<\/p><\/td><\/tr><tr><td valign=\"top\" width=\"189\">Smarttelefon, nettbrett<\/td><td valign=\"top\" width=\"76\">\u00a0<\/td><td valign=\"top\" width=\"95\"><p align=\"center\">X<\/p><\/td><td style=\"text-align: center;\" valign=\"top\" width=\"76\">\u00a0X<\/td><td style=\"text-align: center;\" valign=\"top\" width=\"76\">\u00a0X<\/td><td valign=\"top\" width=\"66\">\u00a0<\/td><td valign=\"top\" width=\"47\">\u00a0<\/td><td valign=\"top\" width=\"104\"><p align=\"center\">X<\/p><\/td><\/tr><tr><td valign=\"top\" width=\"189\">Skjerm (PC, Mac), p\u00e5 kontor og i undervisningsrom<\/td><td valign=\"top\" width=\"76\">\u00a0<\/td><td valign=\"top\" width=\"95\"><p align=\"center\">X<\/p><\/td><td style=\"text-align: center;\" valign=\"top\" width=\"76\">\u00a0X<\/td><td style=\"text-align: center;\" valign=\"top\" width=\"76\">\u00a0X<\/td><td valign=\"top\" width=\"66\"><p align=\"center\">X<\/p><\/td><td valign=\"top\" width=\"47\"><p align=\"center\">X<\/p><\/td><td valign=\"top\" width=\"104\">\u00a0<\/td><\/tr><tr><td valign=\"top\" width=\"189\">Opptakstjeneste i auditorium og i undervisningsrom<\/td><td valign=\"top\" width=\"76\"><p align=\"center\">X<\/p><\/td><td valign=\"top\" width=\"95\">\u00a0<\/td><td valign=\"top\" width=\"76\">\u00a0<\/td><td valign=\"top\" width=\"76\">\u00a0<\/td><td valign=\"top\" width=\"66\">\u00a0<\/td><td valign=\"top\" width=\"47\">\u00a0<\/td><td valign=\"top\" width=\"104\">\u00a0<\/td><\/tr><tr><td valign=\"top\" width=\"189\">Opptakstjeneste i studio (Result)<\/td><td valign=\"top\" width=\"76\"><p align=\"center\">X<\/p><p align=\"center\">\u00a0<\/p><\/td><td valign=\"top\" width=\"95\">\u00a0<\/td><td valign=\"top\" width=\"76\">\u00a0<\/td><td valign=\"top\" width=\"76\">\u00a0<\/td><td valign=\"top\" width=\"66\">\u00a0<\/td><td valign=\"top\" width=\"47\">\u00a0<\/td><td valign=\"top\" width=\"104\"><p align=\"center\">X<\/p><\/td><\/tr><\/tbody><\/table><p><span style=\"line-height: 1.5em;\"> Som tabellen viser er det flere muligheter, hva man velger er litt avhengig av tekniske niv\u00e5 og tiden man har tilgjengelig. P\u00e5 de neste sidene beskriver vi verkt\u00f8yene og hjelper deg \u00e5 gj\u00f8re riktig valg, her ligger det eksempler, lenker til mere info og hjelp til \u00e5 komme i gang. <\/span><\/p><table class=\" alignleft\" style=\"width: 1397px; border: 0px; height: 5px;\" cellspacing=\"0\" cellpadding=\"0\"><tbody><tr><td style=\"border: 0;\" valign=\"top\" width=\"255\">\u00a0<\/td><td style=\"border: 0;\" valign=\"top\" width=\"227\">\u00a0<\/td><td style=\"border: 0;\" valign=\"top\" width=\"217\">\u00a0<\/td><\/tr><\/tbody><\/table><p style=\"text-align: left;\">\u00a0<\/p>","_et_gb_content_width":"","inline_featured_image":false,"iawp_total_views":24,"footnotes":""},"class_list":["post-301","page","type-page","status-publish","hentry"],"_links":{"self":[{"href":"https:\/\/result.uit.no\/udig\/wp-json\/wp\/v2\/pages\/301","targetHints":{"allow":["GET"]}}],"collection":[{"href":"https:\/\/result.uit.no\/udig\/wp-json\/wp\/v2\/pages"}],"about":[{"href":"https:\/\/result.uit.no\/udig\/wp-json\/wp\/v2\/types\/page"}],"author":[{"embeddable":true,"href":"https:\/\/result.uit.no\/udig\/wp-json\/wp\/v2\/users\/3"}],"replies":[{"embeddable":true,"href":"https:\/\/result.uit.no\/udig\/wp-json\/wp\/v2\/comments?post=301"}],"version-history":[{"count":0,"href":"https:\/\/result.uit.no\/udig\/wp-json\/wp\/v2\/pages\/301\/revisions"}],"up":[{"embeddable":true,"href":"https:\/\/result.uit.no\/udig\/wp-json\/wp\/v2\/pages\/92"}],"wp:attachment":[{"href":"https:\/\/result.uit.no\/udig\/wp-json\/wp\/v2\/media?parent=301"}],"curies":[{"name":"wp","href":"https:\/\/api.w.org\/{rel}","templated":true}]}}