{"id":2184,"date":"2016-03-03T14:25:03","date_gmt":"2016-03-03T14:25:03","guid":{"rendered":"https:\/\/result.uit.no\/udig\/?page_id=2184"},"modified":"2023-03-06T11:53:15","modified_gmt":"2023-03-06T11:53:15","slug":"adobe_connect-skype_for_business","status":"publish","type":"page","link":"https:\/\/result.uit.no\/udig\/kursmodulene\/modul-2\/format-og-teknikker\/adobe_connect-skype_for_business\/","title":{"rendered":"Adobe Connect, Skype for Business"},"content":{"rendered":"<p>[et_pb_section fb_built=&raquo;1&#8243; admin_label=&raquo;section&raquo; _builder_version=&raquo;3.22&#8243;][et_pb_row admin_label=&raquo;row&raquo; _builder_version=&raquo;3.25&#8243; background_size=&raquo;initial&raquo; background_position=&raquo;top_left&raquo; background_repeat=&raquo;repeat&raquo; column_structure=&raquo;3_4,1_4&#8243;][et_pb_column type=&raquo;3_4&#8243; _builder_version=&raquo;3.25&#8243; custom_padding=&raquo;|||&raquo; custom_padding__hover=&raquo;|||&raquo;][et_pb_text _builder_version=&raquo;4.1&#8243; hover_enabled=&raquo;0&#8243;]<\/p>\n<h1 class=\"main_title\">Adobe Connect, Skype for Business<\/h1>\n<p>[\/et_pb_text][et_pb_text admin_label=&raquo;Text&raquo; _builder_version=&raquo;4.1&#8243; background_size=&raquo;initial&raquo; background_position=&raquo;top_left&raquo; background_repeat=&raquo;repeat&raquo; hover_enabled=&raquo;0&#8243; text_font_size=&raquo;1em&raquo; text_line_height=&raquo;1.45em&raquo;]<\/p>\n<p style=\"text-align: left;\">Dette er m\u00f8teverkt\u00f8y p\u00e5 nett med lyd, video, deling av\u00a0skjermbilde og opptaks funksjon som er det vi ser p\u00e5 her.<\/p>\n<p>For Adobe Connect administreres organisering av m\u00f8ter og opptak sentralt. Lagring og distribusjon er innebygget i systemet, man henter bare ut lenke, videresender denne p\u00e5 epost eller legger den i Fronter eller p\u00e5 nett. * Adobe Connect driftes av Uninett eCampus og er fritt tilgjengelig for ansatte og studenter p\u00e5 UiT!<\/p>\n<p>Lenke til tjenesten p\u00e5 Unit:<\/p>\n<ul>\n<li data-tadv-p=\"keep\"><a title=\"eCampus adobe connect\" href=\"https:\/\/www.unit.no\/adobe-connect-webmoter\" target=\"_blank\" rel=\"noopener noreferrer\">Adobe Connect<\/a><\/li>\n<li data-tadv-p=\"keep\"><a href=\"https:\/\/uit.no\/om\/orakelet\/tema?p_document_id=322741\" target=\"_blank\" rel=\"noopener noreferrer\">Adobe Connect brukerveiledninger<\/a><\/li>\n<\/ul>\n<p>Skype for Business er integrert med Outlook\u00a0epost og kalender tjenester og fritt tilgjengelig for ansatte og studenter (<a href=\"https:\/\/uit.no\/om\/orakelet\/frag?p_document_id=389680\" target=\"_blank\" rel=\"noopener noreferrer\">Office 365<\/a>) p\u00e5 UiT. Det er ingen innebygge distribusjon for opptak som blir gjort, de lagres\u00a0lokalt og\u00a0m\u00e5 lastes opp i annen tjeneste som Mediasite\/MyMediasite, Techsmith Relay, Youtube etc.<\/p>\n<p style=\"text-align: left;\">IT avdelingen p\u00e5 UiT:<\/p>\n<ul>\n<li style=\"text-align: left;\"><a href=\"https:\/\/uit.no\/om\/orakelet\/frag?p_document_id=415050\" target=\"_blank\" rel=\"noopener noreferrer\">Infoside om Skype for Business<\/a><\/li>\n<li style=\"text-align: left;\"><a href=\"https:\/\/mediasite.uit.no\/Mediasite\/Play\/e50305746fb049e9ad898745b39ed2a21d\" target=\"_blank\" rel=\"noopener noreferrer\">Hvordan klargj\u00f8re og starte\u00a0opptak i Skype for Business<\/a>\u00a0(video)<\/li>\n<\/ul>\n<p style=\"text-align: left;\">Office support:<\/p>\n<ul>\n<li style=\"text-align: left;\"><a href=\"https:\/\/support.office.com\/nb-no\/article\/Ta-opp-og-spille-av-Skype-for-Business-m%C3%B8ter-6d1dd3c5-ded7-4935-8db0-d6d7173c482f\" target=\"_blank\" rel=\"noopener noreferrer\">Ta opp og spille av Skype for Business m\u00f8ter<\/a><\/li>\n<\/ul>\n<p style=\"text-align: left;\">\u00c5 bruke disse programmene anbefales n\u00e5r\u00a0du skal ha opptak av nettm\u00f8te eller nettundervisning. Fungerer ogs\u00e5 greit for innspilling av forelesninger for distribusjon p\u00e5 nett men det er andre verkt\u00f8y som\u00a0er bedre tilrettelagt for dette.<\/p>\n<p style=\"text-align: left;\">\n<p>[\/et_pb_text][\/et_pb_column][et_pb_column type=&raquo;1_4&#8243; _builder_version=&raquo;3.25&#8243; custom_padding=&raquo;|||&raquo; custom_padding__hover=&raquo;|||&raquo;][et_pb_menu menu_id=&raquo;8&#8243; menu_style=&raquo;centered&raquo; submenu_direction=&raquo;downwards&raquo; admin_label=&raquo;Module 2 &#8211; menu&raquo; _builder_version=&raquo;4.1&#8243; menu_font_size=&raquo;1.1em&raquo; menu_line_height=&raquo;1.2em&raquo; custom_padding=&raquo;64px||||false|false&raquo;][\/et_pb_menu][\/et_pb_column][\/et_pb_row][\/et_pb_section]<\/p>\n","protected":false},"excerpt":{"rendered":"<p>Adobe Connect, Skype for Business Dette er m\u00f8teverkt\u00f8y p\u00e5 nett med lyd, video, deling av\u00a0skjermbilde og opptaks funksjon som er det vi ser p\u00e5 her. For Adobe Connect administreres organisering av m\u00f8ter og opptak sentralt. Lagring og distribusjon er innebygget i systemet, man henter bare ut lenke, videresender denne p\u00e5 epost eller legger den i [&hellip;]<\/p>\n","protected":false},"author":173,"featured_media":0,"parent":301,"menu_order":3,"comment_status":"closed","ping_status":"closed","template":"","meta":{"_et_pb_use_builder":"on","_et_pb_old_content":"<p style=\"text-align: left;\">Dette er m\u00f8teverkt\u00f8y p\u00e5 nett med lyd, video, deling av\u00a0skjermbilde og opptaks funksjon som er det vi ser p\u00e5 her.<\/p>\n<p>For Adobe Connect administreres organisering av m\u00f8ter og opptak sentralt. Lagring og distribusjon er innebygget i systemet, man henter bare ut lenke, videresender denne p\u00e5 epost eller legger den i Fronter eller p\u00e5 nett. * Adobe Connect driftes av Uninett eCampus og er fritt tilgjengelig for ansatte og studenter p\u00e5 UiT!<\/p>\n<p>Lenke til tjenesten p\u00e5 Unit:<\/p>\n\n<ul>\n \t<li data-tadv-p=\"keep\"><a title=\"eCampus adobe connect\" href=\"https:\/\/www.unit.no\/adobe-connect-webmoter\" target=\"_blank\" rel=\"noopener noreferrer\">Adobe Connect<\/a><\/li>\n \t<li data-tadv-p=\"keep\"><a href=\"https:\/\/uit.no\/om\/orakelet\/tema?p_document_id=322741\" target=\"_blank\" rel=\"noopener noreferrer\">Adobe Connect brukerveiledninger<\/a><\/li>\n<\/ul>\n<p>Skype for Business er integrert med Outlook\u00a0epost og kalender tjenester og fritt tilgjengelig for ansatte og studenter (<a href=\"https:\/\/uit.no\/om\/orakelet\/frag?p_document_id=389680\" target=\"_blank\" rel=\"noopener noreferrer\">Office 365<\/a>) p\u00e5 UiT. Det er ingen innebygge distribusjon for opptak som blir gjort, de lagres\u00a0lokalt og\u00a0m\u00e5 lastes opp i annen tjeneste som Mediasite\/MyMediasite, Techsmith Relay, Youtube etc.<\/p>\n<p style=\"text-align: left;\">IT avdelingen p\u00e5 UiT:<\/p>\n\n<ul>\n \t<li style=\"text-align: left;\"><a href=\"https:\/\/uit.no\/om\/orakelet\/frag?p_document_id=415050\" target=\"_blank\" rel=\"noopener noreferrer\">Infoside om Skype for Business<\/a><\/li>\n \t<li style=\"text-align: left;\"><a href=\"https:\/\/mediasite.uit.no\/Mediasite\/Play\/e50305746fb049e9ad898745b39ed2a21d\" target=\"_blank\" rel=\"noopener noreferrer\">Hvordan klargj\u00f8re og starte\u00a0opptak i Skype for Business<\/a>\u00a0(video)<\/li>\n<\/ul>\n<p style=\"text-align: left;\">Office support:<\/p>\n\n<ul>\n \t<li style=\"text-align: left;\"><a href=\"https:\/\/support.office.com\/nb-no\/article\/Ta-opp-og-spille-av-Skype-for-Business-m%C3%B8ter-6d1dd3c5-ded7-4935-8db0-d6d7173c482f\" target=\"_blank\" rel=\"noopener noreferrer\">Ta opp og spille av Skype for Business m\u00f8ter<\/a><\/li>\n<\/ul>\n<p style=\"text-align: left;\">\u00c5 bruke disse programmene anbefales n\u00e5r\u00a0du skal ha opptak av nettm\u00f8te eller nettundervisning. Fungerer ogs\u00e5 greit for innspilling av forelesninger for distribusjon p\u00e5 nett men det er andre verkt\u00f8y som\u00a0er bedre tilrettelagt for dette.<\/p>\n<p style=\"text-align: left;\"><\/p>","_et_gb_content_width":"","inline_featured_image":false,"iawp_total_views":1,"footnotes":""},"class_list":["post-2184","page","type-page","status-publish","hentry"],"_links":{"self":[{"href":"https:\/\/result.uit.no\/udig\/wp-json\/wp\/v2\/pages\/2184","targetHints":{"allow":["GET"]}}],"collection":[{"href":"https:\/\/result.uit.no\/udig\/wp-json\/wp\/v2\/pages"}],"about":[{"href":"https:\/\/result.uit.no\/udig\/wp-json\/wp\/v2\/types\/page"}],"author":[{"embeddable":true,"href":"https:\/\/result.uit.no\/udig\/wp-json\/wp\/v2\/users\/173"}],"replies":[{"embeddable":true,"href":"https:\/\/result.uit.no\/udig\/wp-json\/wp\/v2\/comments?post=2184"}],"version-history":[{"count":0,"href":"https:\/\/result.uit.no\/udig\/wp-json\/wp\/v2\/pages\/2184\/revisions"}],"up":[{"embeddable":true,"href":"https:\/\/result.uit.no\/udig\/wp-json\/wp\/v2\/pages\/301"}],"wp:attachment":[{"href":"https:\/\/result.uit.no\/udig\/wp-json\/wp\/v2\/media?parent=2184"}],"curies":[{"name":"wp","href":"https:\/\/api.w.org\/{rel}","templated":true}]}}