{"id":2170,"date":"2016-03-03T14:04:01","date_gmt":"2016-03-03T14:04:01","guid":{"rendered":"https:\/\/result.uit.no\/udig\/?page_id=2170"},"modified":"2023-03-07T16:57:23","modified_gmt":"2023-03-07T16:57:23","slug":"2170-2","status":"publish","type":"page","link":"https:\/\/result.uit.no\/udig\/kursmodulene\/modul-2\/en-innforing-i-ulike-undervisningsmetoder-med-bruk-av-video\/2170-2\/","title":{"rendered":"Aktiviteter i video"},"content":{"rendered":"<p>[et_pb_section fb_built=&raquo;1&#8243; admin_label=&raquo;section&raquo; _builder_version=&raquo;3.22&#8243;][et_pb_row column_structure=&raquo;3_4,1_4&#8243; admin_label=&raquo;row&raquo; _builder_version=&raquo;3.25&#8243; background_size=&raquo;initial&raquo; background_position=&raquo;top_left&raquo; background_repeat=&raquo;repeat&raquo;][et_pb_column type=&raquo;3_4&#8243; _builder_version=&raquo;3.25&#8243; custom_padding=&raquo;|||&raquo; custom_padding__hover=&raquo;|||&raquo;][et_pb_text _builder_version=&raquo;4.1&#8243;]<\/p>\n<h1>Aktiviteter i video<\/h1>\n<p>[\/et_pb_text][et_pb_text admin_label=&raquo;Text&raquo; _builder_version=&raquo;4.1&#8243; background_size=&raquo;initial&raquo; background_position=&raquo;top_left&raquo; background_repeat=&raquo;repeat&raquo; custom_padding=&raquo;||0px|||&raquo;]<\/p>\n<p>Her vises noen perspektiver p\u00e5 bruk av video og ulike aktiviteter knyttet til video i undervisning:<\/p>\n<p>[\/et_pb_text][et_pb_video src=&raquo;https:\/\/vimeo.com\/805086553&#8243; _builder_version=&raquo;4.1&#8243;][\/et_pb_video][et_pb_text _builder_version=&raquo;4.1&#8243;]<\/p>\n<h3>Interaktiv video<\/h3>\n<p>Nedenfor vises noen eksempler p\u00e5 programvarer som gir mulighet til \u00e5 legge p\u00e5 ulike effekter eller integrere aktiviteter i en video. Bl. a. ser vi p\u00e5 hvordan du enkelt kan gj\u00f8re dette i Camtasia Studio og Techsmith Relay, og publisere det i ett LMS:<\/p>\n<p>[\/et_pb_text][et_pb_video src=&raquo;https:\/\/vimeo.com\/805086581&#8243; _builder_version=&raquo;4.1&#8243;][\/et_pb_video][et_pb_text _builder_version=&raquo;4.1&#8243;]<\/p>\n<p>H5P som det vises til i videoen under kan lage ulik interaktivitet med og uten video. Med H5P kan du integrere tekst, quiz, bilder m.m. som et lag &laquo;over&raquo; din video:<\/p>\n<p>[\/et_pb_text][et_pb_code _builder_version=&raquo;4.1&#8243;]<div class=\"h5p-iframe-wrapper\"><iframe id=\"h5p-iframe-3\" class=\"h5p-iframe\" data-content-id=\"3\" style=\"height:1px\" src=\"about:blank\" frameBorder=\"0\" scrolling=\"no\" title=\"Interactive Video\"><\/iframe><\/div>[\/et_pb_code][et_pb_text _builder_version=&raquo;4.1&#8243;]<\/p>\n<p>Alternativt til <a title=\"Interaktivt innhold med H5P\" href=\"http:\/\/h5p.org\/\" target=\"_blank\" rel=\"noopener\">H5P<\/a>\u00a0kan man benytte\u00a0<a title=\"interaktiv video med Hapyak\" href=\"http:\/\/corp.hapyak.com\/\" target=\"_blank\" rel=\"noopener\">Hapyak <\/a>til \u00e5 tilpasse video som allerede finnes p\u00e5 nett, og spisse den til sin egen kontekst.\u00a0<a title=\"Hvordan fungerer Hapyak\" href=\"http:\/\/www.skjemasider.no\/selvstudium\/ped\/interaktiv\/\" target=\"_blank\" rel=\"noopener\">Se enkel veiledning p\u00e5 hvordan Hapyak\u00a0fungerer.<\/a><\/p>\n<p>P\u00e5 neste side f\u00e5r du noen tips til hva du kan fokusere p\u00e5 n\u00e5r du skal lage din egen video.<\/p>\n<p>[\/et_pb_text][\/et_pb_column][et_pb_column type=&raquo;1_4&#8243; _builder_version=&raquo;3.25&#8243; custom_padding=&raquo;|||&raquo; custom_padding__hover=&raquo;|||&raquo;][et_pb_menu menu_id=&raquo;8&#8243; menu_style=&raquo;centered&raquo; submenu_direction=&raquo;downwards&raquo; admin_label=&raquo;Module 2 &#8211; menu&raquo; _builder_version=&raquo;4.1&#8243; menu_font_size=&raquo;1.1em&raquo; menu_line_height=&raquo;1.2em&raquo; custom_padding=&raquo;64px||||false|false&raquo;][\/et_pb_menu][\/et_pb_column][\/et_pb_row][\/et_pb_section]<\/p>\n","protected":false},"excerpt":{"rendered":"<p>Aktiviteter i videoHer vises noen perspektiver p\u00e5 bruk av video og ulike aktiviteter knyttet til video i undervisning:Interaktiv video Nedenfor vises noen eksempler p\u00e5 programvarer som gir mulighet til \u00e5 legge p\u00e5 ulike effekter eller integrere aktiviteter i en video. Bl. a. ser vi p\u00e5 hvordan du enkelt kan gj\u00f8re dette i Camtasia Studio og [&hellip;]<\/p>\n","protected":false},"author":173,"featured_media":0,"parent":299,"menu_order":0,"comment_status":"closed","ping_status":"closed","template":"","meta":{"_et_pb_use_builder":"on","_et_pb_old_content":"<p>Her vises noen perspektiver p\u00e5 bruk av video og ulike aktiviteter knyttet til video i undervisning:<\/p><p>[iframe src=\"https:\/\/mediasite.uit.no\/Mediasite\/Play\/f80d7f5e96154a39b4d3ab97008635861d\" height=503 width=794]<\/p><h3>Interaktiv video<\/h3><p>Nedenfor vises noen eksempler p\u00e5 programvarer som gir mulighet til \u00e5 legge p\u00e5 ulike effekter eller integrere aktiviteter i en video. Bl. a. ser vi p\u00e5 hvordan du enkelt kan gj\u00f8re dette i Camtasia Studio og Techsmith Relay, og publisere det i Fronter:<\/p><p>[iframe src=\"https:\/\/mediasite.uit.no\/Mediasite\/Play\/11ff5638a99b458d9bd0523acd2d804a1d\" height=596 width=794]<\/p><p>&nbsp;<\/p><p>H5P som det vises til i videoen under kan lage ulik interaktivitet med og uten video. Med H5P kan du integrere tekst, quiz, bilder m.m. som et lag \"over\" din video:<\/p><p>[h5p Id=\"1\"]<\/p><p>&nbsp;<\/p><p>Alternativt til <a title=\"Interaktivt innhold med H5P\" href=\"http:\/\/h5p.org\/\" target=\"_blank\">H5P<\/a>\u00a0kan man benytte\u00a0<a title=\"interaktiv video med Hapyak\" href=\"http:\/\/corp.hapyak.com\/\" target=\"_blank\">Hapyak <\/a>til \u00e5 tilpasse video som allerede finnes p\u00e5 nett, og spisse den til sin egen kontekst.\u00a0<a title=\"Hvordan fungerer Hapyak\" href=\"http:\/\/www.skjemasider.no\/selvstudium\/ped\/interaktiv\/\" target=\"_blank\">Se enkel veiledning p\u00e5 hvordan Hapyak\u00a0fungerer.<\/a><\/p><p>P\u00e5 neste side f\u00e5r du noen tips til hva du kan fokusere p\u00e5 n\u00e5r du skal lage din egen video.<\/p>","_et_gb_content_width":"","inline_featured_image":false,"iawp_total_views":8,"footnotes":""},"class_list":["post-2170","page","type-page","status-publish","hentry"],"_links":{"self":[{"href":"https:\/\/result.uit.no\/udig\/wp-json\/wp\/v2\/pages\/2170","targetHints":{"allow":["GET"]}}],"collection":[{"href":"https:\/\/result.uit.no\/udig\/wp-json\/wp\/v2\/pages"}],"about":[{"href":"https:\/\/result.uit.no\/udig\/wp-json\/wp\/v2\/types\/page"}],"author":[{"embeddable":true,"href":"https:\/\/result.uit.no\/udig\/wp-json\/wp\/v2\/users\/173"}],"replies":[{"embeddable":true,"href":"https:\/\/result.uit.no\/udig\/wp-json\/wp\/v2\/comments?post=2170"}],"version-history":[{"count":0,"href":"https:\/\/result.uit.no\/udig\/wp-json\/wp\/v2\/pages\/2170\/revisions"}],"up":[{"embeddable":true,"href":"https:\/\/result.uit.no\/udig\/wp-json\/wp\/v2\/pages\/299"}],"wp:attachment":[{"href":"https:\/\/result.uit.no\/udig\/wp-json\/wp\/v2\/media?parent=2170"}],"curies":[{"name":"wp","href":"https:\/\/api.w.org\/{rel}","templated":true}]}}