{"id":1472,"date":"2015-03-03T10:34:53","date_gmt":"2015-03-03T10:34:53","guid":{"rendered":"https:\/\/result.uit.no\/udig\/?page_id=1472"},"modified":"2023-03-08T12:27:17","modified_gmt":"2023-03-08T12:27:17","slug":"poll-everywhere","status":"publish","type":"page","link":"https:\/\/result.uit.no\/udig\/kursmodulene\/modul-4\/egenskaper-ved-ulike-studentresponssystemer\/poll-everywhere\/","title":{"rendered":"Poll Everywhere"},"content":{"rendered":"<p>[et_pb_section fb_built=&raquo;1&#8243; admin_label=&raquo;section&raquo; _builder_version=&raquo;3.22&#8243;][et_pb_row admin_label=&raquo;row&raquo; _builder_version=&raquo;3.25&#8243; background_size=&raquo;initial&raquo; background_position=&raquo;top_left&raquo; background_repeat=&raquo;repeat&raquo; column_structure=&raquo;3_4,1_4&#8243;][et_pb_column type=&raquo;3_4&#8243; _builder_version=&raquo;3.25&#8243; custom_padding=&raquo;|||&raquo; custom_padding__hover=&raquo;|||&raquo;][et_pb_text _builder_version=&raquo;4.1&#8243; hover_enabled=&raquo;0&#8243;]<\/p>\n<h1 class=\"main_title\">Poll Everywhere<\/h1>\n<p>[\/et_pb_text][et_pb_text admin_label=&raquo;Text&raquo; _builder_version=&raquo;3.27.4&#8243; background_size=&raquo;initial&raquo; background_position=&raquo;top_left&raquo; background_repeat=&raquo;repeat&raquo;]<\/p>\n<h2><a href=\"https:\/\/result.uit.no\/udig\/wp-content\/uploads\/sites\/7\/2015\/02\/poll-everywhere_posters.jpg\"><img decoding=\"async\" class=\"alignnone size-full wp-image-840 lazyload\" data-src=\"https:\/\/result.uit.no\/udig\/wp-content\/uploads\/sites\/7\/2015\/02\/poll-everywhere_posters.jpg\" alt=\"Poll Everywhere\" width=\"795\" height=\"278\" data-srcset=\"https:\/\/result.uit.no\/udig\/wp-content\/uploads\/sites\/7\/2015\/02\/poll-everywhere_posters.jpg 795w, https:\/\/result.uit.no\/udig\/wp-content\/uploads\/sites\/7\/2015\/02\/poll-everywhere_posters-300x104.jpg 300w\" data-sizes=\"(max-width: 795px) 100vw, 795px\" src=\"data:image\/svg+xml;base64,PHN2ZyB3aWR0aD0iMSIgaGVpZ2h0PSIxIiB4bWxucz0iaHR0cDovL3d3dy53My5vcmcvMjAwMC9zdmciPjwvc3ZnPg==\" style=\"--smush-placeholder-width: 795px; --smush-placeholder-aspect-ratio: 795\/278;\" \/><\/a><\/h2>\n<p><b>Poll Everywhere<\/b>\u00a0ligner ganske mye p\u00e5 Mentimeter (<i>forrige SRS<\/i>). L\u00f8sningen har en gratis del, med de begrensingene det medf\u00f8rer og en betal-\/lisensversjon hvor du betaler for utvidet funksjonalitet. I gratis versjonen har du tilgang til alle sp\u00f8rsm\u00e5lstypene, og kan lage s\u00e5 mange responstester du \u00f8nsker. Begrensningen g\u00e5r for det meste ut p\u00e5 muligheten til \u00e5 ta vare p\u00e5 svar og \u00e5 organisere studenter\/deltagere. For de aller fleste er dette behov som kanskje ikke vil v\u00e6re s\u00e5 aktuelle i en undervisningssituasjon. Den st\u00f8rste begrensingen er antall deltagere \u2013 40 stk er satt som \u00f8vre grense p\u00e5 hvor mange som kan v\u00e6re med, og det vil kanskje eliminere\u00a0<b>Poll Everywhere<\/b>\u00a0fra noen situasjoner. Selv om dette, i likhet med flere SRS\u2019er, er relativt enkelt \u00e5 ta i bruk skal det litt \u201dtrening\u201d til for \u00e5 mestre l\u00f8sningen.<\/p>\n<p><span style=\"line-height: 1.5em;\">I\u00a0<\/span><b style=\"line-height: 1.5em;\">Poll Everywhere<\/b><span style=\"line-height: 1.5em;\">\u00a0for du tre hovedvalg med hensyn til respons:\u00a0<\/span><i style=\"line-height: 1.5em;\">Open Ended<\/i><span style=\"line-height: 1.5em;\">,\u00a0<\/span><i style=\"line-height: 1.5em;\">Multiple Choice<\/i><span style=\"line-height: 1.5em;\">\u00a0og\u00a0<\/span><i style=\"line-height: 1.5em;\">Clickable Image<\/i><span style=\"line-height: 1.5em;\">.\u00a0<\/span><b style=\"line-height: 1.5em;\">Open Ended\u00a0<\/b><span style=\"line-height: 1.5em;\">er tekstbaserte svar; her kan du velge mellom\u00a0<\/span><i style=\"line-height: 1.5em;\">Text Wall<\/i><span style=\"line-height: 1.5em;\">,\u00a0<\/span><i style=\"line-height: 1.5em;\">Word Cloud<\/i><span style=\"line-height: 1.5em;\">,\u00a0<\/span><i style=\"line-height: 1.5em;\">Cluster<\/i><span style=\"line-height: 1.5em;\">\u00a0og\u00a0<\/span><i style=\"line-height: 1.5em;\">Ticker<\/i><span style=\"line-height: 1.5em;\">.\u00a0<\/span><b style=\"line-height: 1.5em;\">Mulitple Choice<\/b><span style=\"line-height: 1.5em;\">\u00a0er akkurat det \u2013 multiple choice, og her kan du legge inn svaralternativene som er aktuelle.\u00a0<\/span><b style=\"line-height: 1.5em;\">Clickable Image<\/b><span style=\"line-height: 1.5em;\">\u00a0er en liten sak som kanskje er litt unik for\u00a0<\/span><b style=\"line-height: 1.5em;\">Poll Everywhere<\/b><span style=\"line-height: 1.5em;\">\u00a0sammenlignet med de andre vi har nevnt. Her kan du laste opp et bilde som grunnlag for svar basert p\u00e5 plassering \u2013 alts\u00e5 studentene\/respondentene klikker p\u00e5 et bilde for \u00e5 enten plassere eller velge en del av bildet. I eksemplet som de viser til selv skal respondenten peke p\u00e5 stater i USA<\/span>.<\/p>\n<p>\u2022\u00a0<a title=\"http:\/\/polleverywhere.com\" href=\"http:\/\/polleverywhere.com\" target=\"_blank\" rel=\"noopener\">Test\u00a0Poll Everywhere selv<\/a><\/p>\n<p><strong>Type:<\/strong>\u00a0100% nettbasert, men med muliget for SMS- og Twittersvar<br \/>\n<strong>Vanskelighetsgrad:<\/strong>\u00a0\u00a0<span style=\"color: #339966;\">Ikke spesielt vanskelig<\/span><br \/>\n<strong>Modus:<\/strong>\u00a0Open Ended, Quiz (MC), Clickable Image.<br \/>\n<strong>Prismodell:<\/strong>\u00a0Grunnleggende funksjonalitet er gratis.<br \/>\n<strong>St\u00f8tte:<\/strong>\u00a0Safari, Chrome, Firefox, Opera, Vivaldi<br \/>\n<strong>OS:<\/strong>\u00a0Web App<\/p>\n<p><span style=\"font-size: x-small;\">MC: Multiple Choice<\/span>[\/et_pb_text][et_pb_button button_text=&raquo;Neste &#8211; Answer Garden&raquo; _builder_version=&raquo;4.1&#8243; button_url=&raquo;\/udig\/kursmodulene\/modul-4\/egenskaper-ved-ulike-studentresponssystemer\/answer-garden\/&raquo; custom_button=&raquo;on&raquo; hover_enabled=&raquo;0&#8243;][\/et_pb_button][\/et_pb_column][et_pb_column type=&raquo;1_4&#8243; _builder_version=&raquo;3.25&#8243; custom_padding=&raquo;|||&raquo; custom_padding__hover=&raquo;|||&raquo;][et_pb_menu menu_id=&raquo;10&#8243; menu_style=&raquo;centered&raquo; submenu_direction=&raquo;downwards&raquo; admin_label=&raquo;Module 4 &#8211; menu&raquo; _builder_version=&raquo;4.1&#8243; menu_font_size=&raquo;1.1em&raquo; menu_line_height=&raquo;1.2em&raquo; custom_padding=&raquo;81px||||false|false&raquo; hover_enabled=&raquo;0&#8243;][\/et_pb_menu][\/et_pb_column][\/et_pb_row][\/et_pb_section]<\/p>\n","protected":false},"excerpt":{"rendered":"<p>Poll Everywhere Poll Everywhere\u00a0ligner ganske mye p\u00e5 Mentimeter (forrige SRS). L\u00f8sningen har en gratis del, med de begrensingene det medf\u00f8rer og en betal-\/lisensversjon hvor du betaler for utvidet funksjonalitet. I gratis versjonen har du tilgang til alle sp\u00f8rsm\u00e5lstypene, og kan lage s\u00e5 mange responstester du \u00f8nsker. Begrensningen g\u00e5r for det meste ut p\u00e5 muligheten til [&hellip;]<\/p>\n","protected":false},"author":3,"featured_media":0,"parent":211,"menu_order":5,"comment_status":"open","ping_status":"closed","template":"","meta":{"_et_pb_use_builder":"on","_et_pb_old_content":"<h2><a href=\"https:\/\/result.uit.no\/udig\/wp-content\/uploads\/sites\/7\/2015\/02\/poll-everywhere_posters.jpg\"><img class=\"alignnone size-full wp-image-840\" src=\"https:\/\/result.uit.no\/udig\/wp-content\/uploads\/sites\/7\/2015\/02\/poll-everywhere_posters.jpg\" alt=\"Poll Everywhere\" width=\"795\" height=\"278\" \/><\/a><\/h2>\r\n<b>Poll Everywhere<\/b>\u00a0ligner ganske mye p\u00e5 Mentimeter (<i>forrige SRS<\/i>). L\u00f8sningen har en gratis del, med de begrensingene det medf\u00f8rer og en betal-\/lisensversjon hvor du betaler for utvidet funksjonalitet. I gratis versjonen har du tilgang til alle sp\u00f8rsm\u00e5lstypene, og kan lage s\u00e5 mange responstester du \u00f8nsker. Begrensningen g\u00e5r for det meste ut p\u00e5 muligheten til \u00e5 ta vare p\u00e5 svar og \u00e5 organisere studenter\/deltagere. For de aller fleste er dette behov som kanskje ikke vil v\u00e6re s\u00e5 aktuelle i en undervisningssituasjon. Den st\u00f8rste begrensingen er antall deltagere \u2013 40 stk er satt som \u00f8vre grense p\u00e5 hvor mange som kan v\u00e6re med, og det vil kanskje eliminere\u00a0<b>Poll Everywhere<\/b>\u00a0fra noen situasjoner. Selv om dette, i likhet med flere SRS\u2019er, er relativt enkelt \u00e5 ta i bruk skal det litt \u201dtrening\u201d til for \u00e5 mestre l\u00f8sningen.\r\n\r\n<span style=\"line-height: 1.5em;\">I\u00a0<\/span><b style=\"line-height: 1.5em;\">Poll Everywhere<\/b><span style=\"line-height: 1.5em;\">\u00a0for du tre hovedvalg med hensyn til respons:\u00a0<\/span><i style=\"line-height: 1.5em;\">Open Ended<\/i><span style=\"line-height: 1.5em;\">,\u00a0<\/span><i style=\"line-height: 1.5em;\">Multiple Choice<\/i><span style=\"line-height: 1.5em;\">\u00a0og\u00a0<\/span><i style=\"line-height: 1.5em;\">Clickable Image<\/i><span style=\"line-height: 1.5em;\">.\u00a0<\/span><b style=\"line-height: 1.5em;\">Open Ended\u00a0<\/b><span style=\"line-height: 1.5em;\">er tekstbaserte svar; her kan du velge mellom\u00a0<\/span><i style=\"line-height: 1.5em;\">Text Wall<\/i><span style=\"line-height: 1.5em;\">,\u00a0<\/span><i style=\"line-height: 1.5em;\">Word Cloud<\/i><span style=\"line-height: 1.5em;\">,\u00a0<\/span><i style=\"line-height: 1.5em;\">Cluster<\/i><span style=\"line-height: 1.5em;\">\u00a0og\u00a0<\/span><i style=\"line-height: 1.5em;\">Ticker<\/i><span style=\"line-height: 1.5em;\">.\u00a0<\/span><b style=\"line-height: 1.5em;\">Mulitple Choice<\/b><span style=\"line-height: 1.5em;\">\u00a0er akkurat det \u2013 multiple choice, og her kan du legge inn svaralternativene som er aktuelle.\u00a0<\/span><b style=\"line-height: 1.5em;\">Clickable Image<\/b><span style=\"line-height: 1.5em;\">\u00a0er en liten sak som kanskje er litt unik for\u00a0<\/span><b style=\"line-height: 1.5em;\">Poll Everywhere<\/b><span style=\"line-height: 1.5em;\">\u00a0sammenlignet med de andre vi har nevnt. Her kan du laste opp et bilde som grunnlag for svar basert p\u00e5 plassering \u2013 alts\u00e5 studentene\/respondentene klikker p\u00e5 et bilde for \u00e5 enten plassere eller velge en del av bildet. I eksemplet som de viser til selv skal respondenten peke p\u00e5 stater i USA<\/span>.\r\n\r\n\u2022\u00a0<a title=\"http:\/\/polleverywhere.com\" href=\"http:\/\/polleverywhere.com\" target=\"_blank\">Test\u00a0Poll Everywhere selv<\/a>\r\n\r\n<strong>Type:<\/strong>\u00a0100% nettbasert, men med muliget for SMS- og Twittersvar\r\n<strong>Vanskelighetsgrad:<\/strong>\u00a0\u00a0<span style=\"color: #339966;\">Ikke spesielt vanskelig<\/span>\r\n<strong>Modus:<\/strong>\u00a0Open Ended, Quiz (MC), Clickable Image.\r\n<strong>Prismodell:<\/strong>\u00a0Grunnleggende funksjonalitet er gratis.\r\n<strong>St\u00f8tte:<\/strong>\u00a0Safari, Chrome, Firefox, Opera, Vivaldi\r\n<strong>OS:<\/strong>\u00a0Web App\r\n\r\n<span style=\"font-size: x-small;\">MC: Multiple Choice<\/span>","_et_gb_content_width":"","inline_featured_image":false,"iawp_total_views":14,"footnotes":""},"class_list":["post-1472","page","type-page","status-publish","hentry"],"_links":{"self":[{"href":"https:\/\/result.uit.no\/udig\/wp-json\/wp\/v2\/pages\/1472","targetHints":{"allow":["GET"]}}],"collection":[{"href":"https:\/\/result.uit.no\/udig\/wp-json\/wp\/v2\/pages"}],"about":[{"href":"https:\/\/result.uit.no\/udig\/wp-json\/wp\/v2\/types\/page"}],"author":[{"embeddable":true,"href":"https:\/\/result.uit.no\/udig\/wp-json\/wp\/v2\/users\/3"}],"replies":[{"embeddable":true,"href":"https:\/\/result.uit.no\/udig\/wp-json\/wp\/v2\/comments?post=1472"}],"version-history":[{"count":0,"href":"https:\/\/result.uit.no\/udig\/wp-json\/wp\/v2\/pages\/1472\/revisions"}],"up":[{"embeddable":true,"href":"https:\/\/result.uit.no\/udig\/wp-json\/wp\/v2\/pages\/211"}],"wp:attachment":[{"href":"https:\/\/result.uit.no\/udig\/wp-json\/wp\/v2\/media?parent=1472"}],"curies":[{"name":"wp","href":"https:\/\/api.w.org\/{rel}","templated":true}]}}