{"id":1464,"date":"2015-03-03T10:32:26","date_gmt":"2015-03-03T10:32:26","guid":{"rendered":"https:\/\/result.uit.no\/udig\/?page_id=1464"},"modified":"2023-03-08T12:12:09","modified_gmt":"2023-03-08T12:12:09","slug":"infuse-learning","status":"publish","type":"page","link":"https:\/\/result.uit.no\/udig\/kursmodulene\/modul-4\/egenskaper-ved-ulike-studentresponssystemer\/infuse-learning\/","title":{"rendered":"Infuse Learning"},"content":{"rendered":"<p>[et_pb_section fb_built=&raquo;1&#8243; admin_label=&raquo;section&raquo; _builder_version=&raquo;3.22&#8243;][et_pb_row admin_label=&raquo;row&raquo; _builder_version=&raquo;3.25&#8243; background_size=&raquo;initial&raquo; background_position=&raquo;top_left&raquo; background_repeat=&raquo;repeat&raquo; column_structure=&raquo;3_4,1_4&#8243;][et_pb_column type=&raquo;3_4&#8243; _builder_version=&raquo;3.25&#8243; custom_padding=&raquo;|||&raquo; custom_padding__hover=&raquo;|||&raquo;][et_pb_text _builder_version=&raquo;4.1&#8243; hover_enabled=&raquo;0&#8243;]<\/p>\n<h1>Infuse Learning<\/h1>\n<p>[\/et_pb_text][et_pb_text admin_label=&raquo;Text&raquo; _builder_version=&raquo;3.27.4&#8243; background_size=&raquo;initial&raquo; background_position=&raquo;top_left&raquo; background_repeat=&raquo;repeat&raquo;]<\/p>\n<h2><img decoding=\"async\" class=\"alignnone size-full wp-image-667 lazyload\" data-src=\"https:\/\/result.uit.no\/udig\/wp-content\/uploads\/sites\/7\/2014\/12\/infuse-learning-poster.jpg\" alt=\"Infuse Learning\" width=\"899\" height=\"319\" data-srcset=\"https:\/\/result.uit.no\/udig\/wp-content\/uploads\/sites\/7\/2014\/12\/infuse-learning-poster.jpg 899w, https:\/\/result.uit.no\/udig\/wp-content\/uploads\/sites\/7\/2014\/12\/infuse-learning-poster-300x106.jpg 300w\" data-sizes=\"(max-width: 899px) 100vw, 899px\" src=\"data:image\/svg+xml;base64,PHN2ZyB3aWR0aD0iMSIgaGVpZ2h0PSIxIiB4bWxucz0iaHR0cDovL3d3dy53My5vcmcvMjAwMC9zdmciPjwvc3ZnPg==\" style=\"--smush-placeholder-width: 899px; --smush-placeholder-aspect-ratio: 899\/319;\" \/><\/h2>\n<p>Med\u00a0<strong>Infuse Learning<\/strong>\u00a0stiger l\u00e6ringskurven for deg som underviser noen f\u00e5 hakk. Det er mange muligheter i denne l\u00f8sningen hvor det splittes opp i tre hovedmoduler der underviser kan velge mellom\u00a0<em>Quick Assessment<\/em>,\u00a0<em>Interactive Tools<\/em>, og\u00a0<em>Quiz Management<\/em>. Disse tre niv\u00e5ene skiller seg aller mest ved at\u00a0<em>Quick Assessment<\/em>, som navnet tilsier, er en rask testmodul med flere verkt\u00f8y som du ikke n\u00f8dvendigvis skal forberede s\u00e5 alt for mye.\u00a0<em>Interactive Tools<\/em>\u00a0lar deg sende bilder og lenker til studenter og\u00a0<em>Quiz Management<\/em>\u00a0er der du setter opp mer forseggjorte responstester som kan best\u00e5 av en blanding av oppgavetypene som ligger i Quick Responsmodulen. I tillegg til de tre oppgavemodulene er det en fjerde modul \u2013\u00a0<em>Class Setup<\/em>, hvor du kan sette opp eller importere flere studenter og lage faste grupper av disse. Hvis vi skal peke p\u00e5 en liten detalj i\u00a0<em>Infuse Learning<\/em>\u00a0som kan v\u00e6re negativ, men samtidig ikke er s\u00e5 dum \u2013 s\u00e5 er det at man m\u00e5 laste ned svar som et Excel-dokument for \u00e5 f\u00e5 en detaljert oversikt over alle svarene. P\u00e5 en side er det un\u00f8dvendig; det kunne godt ha ligget en fullstendig og oversiktlig visning p\u00e5 nett, men det kan ogs\u00e5 v\u00e6re en nyttig funksjon for mange \u2013 s\u00e5 det trekker ikke mye ned p\u00e5 opplevelsen. P\u00e5 den positive siden kan vi nevne muligheten for \u00e5 bruke tegning b\u00e5de som sp\u00f8rsm\u00e5l, men ogs\u00e5 som svar fra studentene \u2013 absolutt en nyttig funksjon tenker vi.<\/p>\n<p><strong>Quick Assessment<\/strong>\u00a0er delt inn i syv oppgavemoduler: Draw Response, True\/false, Multiple Choice\u00a0<em>(MC)<\/em>, Sort in Order, Open Ended Text Answer, Numeric og Likert Scale (1-5). Alle disse kan forberedes\u00a0<em>&laquo;on the fly&raquo;<\/em>\u00a0mens du underviser, og hvis du investerer litt tid i forkant og blir kjent med disse kjappe responstestene \u2013 s\u00e5 vil du lett kunne aktivere studentene gjennom en hel forelesningen med sm\u00e5 og kjappe responsoppgaver.<\/p>\n<p><strong>Interactive Tools<\/strong>\u00a0har kun to verkt\u00f8y:\u00a0<em>InfuseDraw<\/em>\u00a0og\u00a0<em>InfuseLink<\/em>.\u00a0<em>InfuseDraw<\/em>\u00a0fungerte ikke da vi testet det, men der skal du kunne lage en tegning eller lignende og sende ut til studentene.\u00a0<em>InfuseLink<\/em>\u00a0brukes til \u00e5 sende lenker til nettsider eller andre ressurser til alle. Studentene f\u00e5r da en knapp de skal trykke p\u00e5.<\/p>\n<p><strong>Quiz Management<\/strong>\u00a0er den &laquo;store&raquo; quiz-byggeren. Her setter du sammen flere oppgaver til \u00e9n stor oppgave. Her bruker alle sp\u00f8rsm\u00e5lsalternativene fra\u00a0<em>Quick Assessment<\/em>\u00a0for \u00e5 bygge en st\u00f8rre pr\u00f8ve. Dette har et veldig enkelt grensesnitt for \u00e5 lage sp\u00f8rsm\u00e5l i tillegg til en drag-and-drop mulighet for \u00e5 endre rekkef\u00f8lgen p\u00e5 oppgavene. Type: 100% nettbasert (Detaljert svaroversikt m\u00e5 du laste ned som Excel) Vanskelighetsgrad: Litt avansert Modus: Quiz (MC), Unders\u00f8kelser (MC) og diskusjoner Prismodell: Gratis St\u00f8tte: Safari, Chrome, Firefox, Opera OS: Wep App (Responsivt design) Andriod, iOS MC: Multiple Choice.<\/p>\n<p>\u2022\u00a0<a title=\"infuselearning.com\" href=\"http:\/\/www.infuselearning.com\" target=\"_blank\" rel=\"noopener\">Test\u00a0Infuse Learning selv<\/a><\/p>\n<p><strong>Type:<\/strong>\u00a0100% nettbasert\u00a0(Detaljert\u00a0svaroversikt m\u00e5 du laste ned som Excel)<br \/> <strong>Vanskelighetsgrad:<\/strong>\u00a0\u00a0<span style=\"color: #ff9900;\">Litt avansert<\/span><br \/> <strong>Modus:<\/strong>\u00a0Quiz\u00a0(MC), Unders\u00f8kelser\u00a0(MC)\u00a0og diskusjoner<br \/> <strong>Prismodell:<\/strong>\u00a0Gratis<br \/> <strong>St\u00f8tte:<\/strong>\u00a0Safari, Chrome, Firefox, Opera, Vivaldi<br \/> <strong>OS:<\/strong>\u00a0Web App\u00a0<em>(Responsivt design)<\/em>\u00a0for\u00a0Andriod\u00a0og\u00a0iOS<\/p>\n<p><span style=\"font-size: x-small;\">MC: Multiple Choice<\/span><\/p>\n<p>[\/et_pb_text][et_pb_button button_text=&raquo;Neste &#8211; Verso Learning&raquo; _builder_version=&raquo;4.1&#8243; button_url=&raquo;\/udig\/kursmodulene\/modul-4\/egenskaper-ved-ulike-studentresponssystemer\/verso-learning\/&raquo; hover_enabled=&raquo;0&#8243;][\/et_pb_button][\/et_pb_column][et_pb_column type=&raquo;1_4&#8243; _builder_version=&raquo;3.25&#8243; custom_padding=&raquo;|||&raquo; custom_padding__hover=&raquo;|||&raquo;][et_pb_menu menu_id=&raquo;10&#8243; menu_style=&raquo;centered&raquo; submenu_direction=&raquo;downwards&raquo; admin_label=&raquo;Module 4 &#8211; menu&raquo; _builder_version=&raquo;4.1&#8243; menu_font_size=&raquo;1.1em&raquo; menu_line_height=&raquo;1.2em&raquo; custom_padding=&raquo;80px||||false|false&raquo; hover_enabled=&raquo;0&#8243;][\/et_pb_menu][\/et_pb_column][\/et_pb_row][\/et_pb_section]<\/p>\n","protected":false},"excerpt":{"rendered":"<p>Infuse Learning Med\u00a0Infuse Learning\u00a0stiger l\u00e6ringskurven for deg som underviser noen f\u00e5 hakk. Det er mange muligheter i denne l\u00f8sningen hvor det splittes opp i tre hovedmoduler der underviser kan velge mellom\u00a0Quick Assessment,\u00a0Interactive Tools, og\u00a0Quiz Management. Disse tre niv\u00e5ene skiller seg aller mest ved at\u00a0Quick Assessment, som navnet tilsier, er en rask testmodul med flere verkt\u00f8y [&hellip;]<\/p>\n","protected":false},"author":3,"featured_media":0,"parent":211,"menu_order":1,"comment_status":"open","ping_status":"closed","template":"","meta":{"_et_pb_use_builder":"on","_et_pb_old_content":"<h2><img class=\"alignnone size-full wp-image-667\" src=\"https:\/\/result.uit.no\/udig\/wp-content\/uploads\/sites\/7\/2014\/12\/infuse-learning-poster.jpg\" alt=\"Infuse Learning\" width=\"899\" height=\"319\" \/><\/h2>\r\nMed\u00a0<strong>Infuse Learning<\/strong>\u00a0stiger l\u00e6ringskurven for deg som underviser noen f\u00e5 hakk. Det er mange muligheter i denne l\u00f8sningen hvor det splittes opp i tre hovedmoduler der underviser kan velge mellom\u00a0<em>Quick Assessment<\/em>,\u00a0<em>Interactive Tools<\/em>, og\u00a0<em>Quiz Management<\/em>. Disse tre niv\u00e5ene skiller seg aller mest ved at\u00a0<em>Quick Assessment<\/em>, som navnet tilsier, er en rask testmodul med flere verkt\u00f8y som du ikke n\u00f8dvendigvis skal forberede s\u00e5 alt for mye.\u00a0<em>Interactive Tools<\/em>\u00a0lar deg sende bilder og lenker til studenter og\u00a0<em>Quiz Management<\/em>\u00a0er der du setter opp mer forseggjorte responstester som kan best\u00e5 av en blanding av oppgavetypene som ligger i Quick Responsmodulen. I tillegg til de tre oppgavemodulene er det en fjerde modul \u2013\u00a0<em>Class Setup<\/em>, hvor du kan sette opp eller importere flere studenter og lage faste grupper av disse. Hvis vi skal peke p\u00e5 en liten detalj i\u00a0<em>Infuse Learning<\/em>\u00a0som kan v\u00e6re negativ, men samtidig ikke er s\u00e5 dum \u2013 s\u00e5 er det at man m\u00e5 laste ned svar som et Excel-dokument for \u00e5 f\u00e5 en detaljert oversikt over alle svarene. P\u00e5 en side er det un\u00f8dvendig; det kunne godt ha ligget en fullstendig og oversiktlig visning p\u00e5 nett, men det kan ogs\u00e5 v\u00e6re en nyttig funksjon for mange \u2013 s\u00e5 det trekker ikke mye ned p\u00e5 opplevelsen. P\u00e5 den positive siden kan vi nevne muligheten for \u00e5 bruke tegning b\u00e5de som sp\u00f8rsm\u00e5l, men ogs\u00e5 som svar fra studentene \u2013 absolutt en nyttig funksjon tenker vi.\r\n\r\n<strong>Quick Assessment<\/strong>\u00a0er delt inn i syv oppgavemoduler: Draw Response, True\/false, Multiple Choice\u00a0<em>(MC)<\/em>, Sort in Order, Open Ended Text Answer, Numeric og Likert Scale (1-5). Alle disse kan forberedes\u00a0<em>\"on the fly\"<\/em>\u00a0mens du underviser, og hvis du investerer litt tid i forkant og blir kjent med disse kjappe responstestene \u2013 s\u00e5 vil du lett kunne aktivere studentene gjennom en hel forelesningen med sm\u00e5 og kjappe responsoppgaver.\r\n\r\n<strong>Interactive Tools<\/strong>\u00a0har kun to verkt\u00f8y:\u00a0<em>InfuseDraw<\/em>\u00a0og\u00a0<em>InfuseLink<\/em>.\u00a0<em>InfuseDraw<\/em>\u00a0fungerte ikke da vi testet det, men der skal du kunne lage en tegning eller lignende og sende ut til studentene.\u00a0<em>InfuseLink<\/em>\u00a0brukes til \u00e5 sende lenker til nettsider eller andre ressurser til alle. Studentene f\u00e5r da en knapp de skal trykke p\u00e5.\r\n\r\n<strong>Quiz Management<\/strong>\u00a0er den \"store\" quiz-byggeren. Her setter du sammen flere oppgaver til \u00e9n stor oppgave. Her bruker alle sp\u00f8rsm\u00e5lsalternativene fra\u00a0<em>Quick Assessment<\/em>\u00a0for \u00e5 bygge en st\u00f8rre pr\u00f8ve. Dette har et veldig enkelt grensesnitt for \u00e5 lage sp\u00f8rsm\u00e5l i tillegg til en drag-and-drop mulighet for \u00e5 endre rekkef\u00f8lgen p\u00e5 oppgavene. Type: 100% nettbasert (Detaljert svaroversikt m\u00e5 du laste ned som Excel) Vanskelighetsgrad: Litt avansert Modus: Quiz (MC), Unders\u00f8kelser (MC) og diskusjoner Prismodell: Gratis St\u00f8tte: Safari, Chrome, Firefox, Opera OS: Wep App (Responsivt design) Andriod, iOS MC: Multiple Choice.\r\n\r\n\u2022\u00a0<a title=\"infuselearning.com\" href=\"http:\/\/www.infuselearning.com\" target=\"_blank\">Test\u00a0Infuse Learning selv<\/a>\r\n\r\n<strong>Type:<\/strong>\u00a0100% nettbasert\u00a0(Detaljert\u00a0svaroversikt m\u00e5 du laste ned som Excel)\r\n<strong>Vanskelighetsgrad:<\/strong>\u00a0\u00a0<span style=\"color: #ff9900;\">Litt avansert<\/span>\r\n<strong>Modus:<\/strong>\u00a0Quiz\u00a0(MC), Unders\u00f8kelser\u00a0(MC)\u00a0og diskusjoner\r\n<strong>Prismodell:<\/strong>\u00a0Gratis\r\n<strong>St\u00f8tte:<\/strong>\u00a0Safari, Chrome, Firefox, Opera, Vivaldi\r\n<strong>OS:<\/strong>\u00a0Web App\u00a0<em>(Responsivt design)<\/em>\u00a0for\u00a0Andriod\u00a0og\u00a0iOS\r\n\r\n<span style=\"font-size: x-small;\">MC: Multiple Choice<\/span>","_et_gb_content_width":"","inline_featured_image":false,"iawp_total_views":11,"footnotes":""},"class_list":["post-1464","page","type-page","status-publish","hentry"],"_links":{"self":[{"href":"https:\/\/result.uit.no\/udig\/wp-json\/wp\/v2\/pages\/1464","targetHints":{"allow":["GET"]}}],"collection":[{"href":"https:\/\/result.uit.no\/udig\/wp-json\/wp\/v2\/pages"}],"about":[{"href":"https:\/\/result.uit.no\/udig\/wp-json\/wp\/v2\/types\/page"}],"author":[{"embeddable":true,"href":"https:\/\/result.uit.no\/udig\/wp-json\/wp\/v2\/users\/3"}],"replies":[{"embeddable":true,"href":"https:\/\/result.uit.no\/udig\/wp-json\/wp\/v2\/comments?post=1464"}],"version-history":[{"count":0,"href":"https:\/\/result.uit.no\/udig\/wp-json\/wp\/v2\/pages\/1464\/revisions"}],"up":[{"embeddable":true,"href":"https:\/\/result.uit.no\/udig\/wp-json\/wp\/v2\/pages\/211"}],"wp:attachment":[{"href":"https:\/\/result.uit.no\/udig\/wp-json\/wp\/v2\/media?parent=1464"}],"curies":[{"name":"wp","href":"https:\/\/api.w.org\/{rel}","templated":true}]}}