{"id":1461,"date":"2015-03-03T10:29:51","date_gmt":"2015-03-03T10:29:51","guid":{"rendered":"https:\/\/result.uit.no\/udig\/?page_id=1461"},"modified":"2023-03-08T12:09:07","modified_gmt":"2023-03-08T12:09:07","slug":"kahoot-srs","status":"publish","type":"page","link":"https:\/\/result.uit.no\/udig\/kursmodulene\/modul-4\/egenskaper-ved-ulike-studentresponssystemer\/kahoot-srs\/","title":{"rendered":"Kahoot"},"content":{"rendered":"<p>[et_pb_section fb_built=&raquo;1&#8243; admin_label=&raquo;section&raquo; _builder_version=&raquo;3.22&#8243;][et_pb_row admin_label=&raquo;row&raquo; _builder_version=&raquo;3.25&#8243; background_size=&raquo;initial&raquo; background_position=&raquo;top_left&raquo; background_repeat=&raquo;repeat&raquo; hover_enabled=&raquo;0&#8243; column_structure=&raquo;3_4,1_4&#8243;][et_pb_column type=&raquo;3_4&#8243; _builder_version=&raquo;3.25&#8243; custom_padding=&raquo;|||&raquo; custom_padding__hover=&raquo;|||&raquo;][et_pb_text _builder_version=&raquo;4.1&#8243; hover_enabled=&raquo;0&#8243;]<\/p>\n<h1 class=\"main_title\">Kahoot<\/h1>\n<p>[\/et_pb_text][et_pb_text admin_label=&raquo;Text&raquo; _builder_version=&raquo;3.27.4&#8243; background_size=&raquo;initial&raquo; background_position=&raquo;top_left&raquo; background_repeat=&raquo;repeat&raquo;]<\/p>\n<h2><a href=\"https:\/\/result.uit.no\/udig\/wp-content\/uploads\/sites\/7\/2014\/12\/kahoot_poster.jpg\"><img decoding=\"async\" class=\"alignnone size-full wp-image-629 lazyload\" data-src=\"https:\/\/result.uit.no\/udig\/wp-content\/uploads\/sites\/7\/2014\/12\/kahoot_poster.jpg\" alt=\"kahoot_poster\" width=\"795\" height=\"278\" data-srcset=\"https:\/\/result.uit.no\/udig\/wp-content\/uploads\/sites\/7\/2014\/12\/kahoot_poster.jpg 795w, https:\/\/result.uit.no\/udig\/wp-content\/uploads\/sites\/7\/2014\/12\/kahoot_poster-300x104.jpg 300w\" data-sizes=\"(max-width: 795px) 100vw, 795px\" src=\"data:image\/svg+xml;base64,PHN2ZyB3aWR0aD0iMSIgaGVpZ2h0PSIxIiB4bWxucz0iaHR0cDovL3d3dy53My5vcmcvMjAwMC9zdmciPjwvc3ZnPg==\" style=\"--smush-placeholder-width: 795px; --smush-placeholder-aspect-ratio: 795\/278;\" \/><\/a><\/h2>\n<p><strong>Kahoot<\/strong>\u00a0er et\u00a0spillbasert\u00a0responssystem\u00a0utviklet ved NTNU i Norge med tre forskjellige\u00a0<em>spill<\/em>modus:\u00a0Quiz, unders\u00f8kelse og diskusjoner.<\/p>\n<p><strong>Quiz<\/strong>\u00a0er det mest popul\u00e6re\u00a0moduset, og det er i quizene at\u00a0spillmetodikk\u00a0tas i bruk. Et enkelt multiple\u00a0choice\u00a0modus\u00a0hvor det\u00a0brukes\u00a0stoppeklokke,\u00a0enkle fargekoder og en dramatisk\u00a0<em>count\u00a0down<\/em>\u00a0musikk\u00a0for \u00e5 gj\u00f8re det hele litt mer spennende. Det vi kan si, uten \u00e5 fokusere s\u00e5 mye p\u00e5 l\u00e6ringspotensialet, er at studenter setter pris p\u00e5 spillet i den forstand at det skaper mye aktivitet og\u00a0buzz\u00a0i klasserommet noe som er med p\u00e5 \u00e5 bryte opp lange forelesinger.<\/p>\n<p><strong>Unders\u00f8kelse\/surveys<\/strong>\u00a0fungerer stort sett p\u00e5 samme m\u00e5te som en quiz, men spillopplevelsen med visuelle knep og musikk er utelatt \u2013 en litt mer seri\u00f8s versjon av en multiple\u00a0choice\u00a0\u00f8velse. En kombinasjon av disse to f\u00f8rste modusene hvor man starter\u00a0en forelesing\u00a0med en unders\u00f8kelse, og s\u00e5\u00a0vekker\u00a0studentene med en oppfriskende og morsom\u00a0Quiz mot slutten kan v\u00e6re en god m\u00e5te \u00e5 bruke dette p\u00e5.<\/p>\n<p><strong>Diskusjoner\/discussions<\/strong>\u00a0skiller seg en del fra de to nevnte modusene b\u00e5de\u00a0i form og bruk. Her stilles kun et sp\u00f8rsm\u00e5l, og\u00a0svarene\u00a0vil kunne danne grunnlag for diskusjon videre i forelesingen. Denne formen vil\u00a0aktivere\u00a0studentene p\u00e5 en mer faglig\u00a0m\u00e5te, og i tillegg engasjere p\u00e5 en helt annen m\u00e5te enn hva dramatikken i en quiz vil gj\u00f8re.<\/p>\n<p>\u2022\u00a0<a title=\"Get Kahoot\" href=\"https:\/\/getkahoot.com\" target=\"_blank\" rel=\"noopener\">Test\u00a0kahoot\u00a0selv<\/a><\/p>\n<p><strong>Type:<\/strong>\u00a0100% nettbasert<br \/>\n<strong>Vanskelighetsgrad:<\/strong>\u00a0<span style=\"color: #339966;\">Enkel<\/span><br \/>\n<strong style=\"line-height: 1.5em;\">Modus:<\/strong><span style=\"line-height: 1.5em;\">\u00a0Quiz\u00a0(MC), Unders\u00f8kelser\u00a0(MC)\u00a0og diskusjoner<br \/>\n<\/span><strong style=\"line-height: 1.5em;\">Prismodell:<\/strong><span style=\"line-height: 1.5em;\">\u00a0Gratis<br \/>\n<\/span><strong style=\"line-height: 1.5em;\">St\u00f8tte:<\/strong><span style=\"line-height: 1.5em;\">\u00a0Safari, Chrome, Firefox, Opera, Vivaldi<br \/>\n<\/span><strong>OS:<\/strong>\u00a0Egen\u00a0App\u00a0for\u00a0Andriod\u00a0og\u00a0iOS<\/p>\n<p><span style=\"font-size: x-small;\">MC: Multiple Choice<\/span>[\/et_pb_text][et_pb_button button_text=&raquo;Neste &#8211; Infuse Learning&raquo; _builder_version=&raquo;4.1&#8243; button_url=&raquo;\/udig\/kursmodulene\/modul-4\/egenskaper-ved-ulike-studentresponssystemer\/infuse-learning\/&raquo; custom_button=&raquo;on&raquo; hover_enabled=&raquo;0&#8243;][\/et_pb_button][\/et_pb_column][et_pb_column type=&raquo;1_4&#8243; _builder_version=&raquo;3.25&#8243; custom_padding=&raquo;|||&raquo; custom_padding__hover=&raquo;|||&raquo;][et_pb_menu menu_id=&raquo;10&#8243; menu_style=&raquo;centered&raquo; submenu_direction=&raquo;downwards&raquo; admin_label=&raquo;Module 4 &#8211; menu&raquo; _builder_version=&raquo;4.1&#8243; menu_font_size=&raquo;1.1em&raquo; menu_line_height=&raquo;1.2em&raquo; custom_padding=&raquo;80px||||false|false&raquo; hover_enabled=&raquo;0&#8243;][\/et_pb_menu][\/et_pb_column][\/et_pb_row][\/et_pb_section]<\/p>\n","protected":false},"excerpt":{"rendered":"<p>Kahoot Kahoot\u00a0er et\u00a0spillbasert\u00a0responssystem\u00a0utviklet ved NTNU i Norge med tre forskjellige\u00a0spillmodus:\u00a0Quiz, unders\u00f8kelse og diskusjoner. Quiz\u00a0er det mest popul\u00e6re\u00a0moduset, og det er i quizene at\u00a0spillmetodikk\u00a0tas i bruk. Et enkelt multiple\u00a0choice\u00a0modus\u00a0hvor det\u00a0brukes\u00a0stoppeklokke,\u00a0enkle fargekoder og en dramatisk\u00a0count\u00a0down\u00a0musikk\u00a0for \u00e5 gj\u00f8re det hele litt mer spennende. Det vi kan si, uten \u00e5 fokusere s\u00e5 mye p\u00e5 l\u00e6ringspotensialet, er at studenter setter [&hellip;]<\/p>\n","protected":false},"author":3,"featured_media":0,"parent":211,"menu_order":0,"comment_status":"closed","ping_status":"closed","template":"","meta":{"_et_pb_use_builder":"on","_et_pb_old_content":"<h2><a href=\"https:\/\/result.uit.no\/udig\/wp-content\/uploads\/sites\/7\/2014\/12\/kahoot_poster.jpg\"><img class=\"alignnone size-full wp-image-629\" src=\"https:\/\/result.uit.no\/udig\/wp-content\/uploads\/sites\/7\/2014\/12\/kahoot_poster.jpg\" alt=\"kahoot_poster\" width=\"795\" height=\"278\" \/><\/a><\/h2>\r\n<strong>Kahoot<\/strong>\u00a0er et\u00a0spillbasert\u00a0responssystem\u00a0utviklet ved NTNU i Norge med tre forskjellige\u00a0<em>spill<\/em>modus:\u00a0Quiz, unders\u00f8kelse og diskusjoner.\r\n\r\n<strong>Quiz<\/strong>\u00a0er det mest popul\u00e6re\u00a0moduset, og det er i quizene at\u00a0spillmetodikk\u00a0tas i bruk. Et enkelt multiple\u00a0choice\u00a0modus\u00a0hvor det\u00a0brukes\u00a0stoppeklokke,\u00a0enkle fargekoder og en dramatisk\u00a0<em>count\u00a0down<\/em>\u00a0musikk\u00a0for \u00e5 gj\u00f8re det hele litt mer spennende. Det vi kan si, uten \u00e5 fokusere s\u00e5 mye p\u00e5 l\u00e6ringspotensialet, er at studenter setter pris p\u00e5 spillet i den forstand at det skaper mye aktivitet og\u00a0buzz\u00a0i klasserommet noe som er med p\u00e5 \u00e5 bryte opp lange forelesinger.\r\n\r\n<strong>Unders\u00f8kelse\/surveys<\/strong>\u00a0fungerer stort sett p\u00e5 samme m\u00e5te som en quiz, men spillopplevelsen med visuelle knep og musikk er utelatt \u2013 en litt mer seri\u00f8s versjon av en multiple\u00a0choice\u00a0\u00f8velse. En kombinasjon av disse to f\u00f8rste modusene hvor man starter\u00a0en forelesing\u00a0med en unders\u00f8kelse, og s\u00e5\u00a0vekker\u00a0studentene med en oppfriskende og morsom\u00a0Quiz mot slutten kan v\u00e6re en god m\u00e5te \u00e5 bruke dette p\u00e5.\r\n\r\n<strong>Diskusjoner\/discussions<\/strong>\u00a0skiller seg en del fra de to nevnte modusene b\u00e5de\u00a0i form og bruk. Her stilles kun et sp\u00f8rsm\u00e5l, og\u00a0svarene\u00a0vil kunne danne grunnlag for diskusjon videre i forelesingen. Denne formen vil\u00a0aktivere\u00a0studentene p\u00e5 en mer faglig\u00a0m\u00e5te, og i tillegg engasjere p\u00e5 en helt annen m\u00e5te enn hva dramatikken i en quiz vil gj\u00f8re.\r\n\r\n\u2022\u00a0<a title=\"Get Kahoot\" href=\"https:\/\/getkahoot.com\" target=\"_blank\">Test\u00a0kahoot\u00a0selv<\/a>\r\n\r\n<strong>Type:<\/strong>\u00a0100% nettbasert\r\n<strong>Vanskelighetsgrad:<\/strong>\u00a0<span style=\"color: #339966;\">Enkel<\/span>\r\n<strong style=\"line-height: 1.5em;\">Modus:<\/strong><span style=\"line-height: 1.5em;\">\u00a0Quiz\u00a0(MC), Unders\u00f8kelser\u00a0(MC)\u00a0og diskusjoner\r\n<\/span><strong style=\"line-height: 1.5em;\">Prismodell:<\/strong><span style=\"line-height: 1.5em;\">\u00a0Gratis\r\n<\/span><strong style=\"line-height: 1.5em;\">St\u00f8tte:<\/strong><span style=\"line-height: 1.5em;\">\u00a0Safari, Chrome, Firefox, Opera, Vivaldi\r\n<\/span><strong>OS:<\/strong>\u00a0Egen\u00a0App\u00a0for\u00a0Andriod\u00a0og\u00a0iOS\r\n\r\n<span style=\"font-size: x-small;\">MC: Multiple Choice<\/span>","_et_gb_content_width":"","inline_featured_image":false,"iawp_total_views":31,"footnotes":""},"class_list":["post-1461","page","type-page","status-publish","hentry"],"_links":{"self":[{"href":"https:\/\/result.uit.no\/udig\/wp-json\/wp\/v2\/pages\/1461","targetHints":{"allow":["GET"]}}],"collection":[{"href":"https:\/\/result.uit.no\/udig\/wp-json\/wp\/v2\/pages"}],"about":[{"href":"https:\/\/result.uit.no\/udig\/wp-json\/wp\/v2\/types\/page"}],"author":[{"embeddable":true,"href":"https:\/\/result.uit.no\/udig\/wp-json\/wp\/v2\/users\/3"}],"replies":[{"embeddable":true,"href":"https:\/\/result.uit.no\/udig\/wp-json\/wp\/v2\/comments?post=1461"}],"version-history":[{"count":0,"href":"https:\/\/result.uit.no\/udig\/wp-json\/wp\/v2\/pages\/1461\/revisions"}],"up":[{"embeddable":true,"href":"https:\/\/result.uit.no\/udig\/wp-json\/wp\/v2\/pages\/211"}],"wp:attachment":[{"href":"https:\/\/result.uit.no\/udig\/wp-json\/wp\/v2\/media?parent=1461"}],"curies":[{"name":"wp","href":"https:\/\/api.w.org\/{rel}","templated":true}]}}