{"id":464,"date":"2023-03-09T13:54:48","date_gmt":"2023-03-09T12:54:48","guid":{"rendered":"https:\/\/result.uit.no\/stimulab\/?page_id=464"},"modified":"2023-03-16T10:51:54","modified_gmt":"2023-03-16T09:51:54","slug":"brukertester-pa-ntnu","status":"publish","type":"page","link":"https:\/\/result.uit.no\/stimulab\/brukertester-pa-ntnu\/","title":{"rendered":"Brukertester p\u00e5 NTNU"},"content":{"rendered":"<p>[et_pb_section fb_built=&raquo;1&#8243; inner_shadow=&raquo;on&raquo; admin_label=&raquo;Header&raquo; _builder_version=&raquo;4.19.5&#8243; _module_preset=&raquo;default&raquo; background_color=&raquo;#f6f5ee&raquo; min_height=&raquo;538.4px&raquo; custom_padding=&raquo;||24px||false|false&raquo; collapsed=&raquo;on&raquo; global_colors_info=&raquo;{}&raquo;][et_pb_row column_structure=&raquo;3_5,2_5&#8243; _builder_version=&raquo;4.17.3&#8243; _module_preset=&raquo;default&raquo; custom_margin=&raquo;||||false|false&raquo; custom_padding=&raquo;0px||37px||false|false&raquo; border_width_top=&raquo;2px&raquo; border_color_top=&raquo;#dfd7d7&#8243; global_colors_info=&raquo;{}&raquo;][et_pb_column type=&raquo;3_5&#8243; _builder_version=&raquo;4.17.3&#8243; _module_preset=&raquo;default&raquo; custom_padding=&raquo;50px||50px||false|false&raquo; custom_padding_tablet=&raquo;||0px||false|false&raquo; custom_padding_phone=&raquo;||0px||false|false&raquo; custom_padding_last_edited=&raquo;on|tablet&raquo; global_colors_info=&raquo;{}&raquo;][et_pb_text _builder_version=&raquo;4.20.2&#8243; _module_preset=&raquo;e6504a1b-67eb-4b3d-b023-bcab277610b6&#8243; header_4_font=&raquo;Inter|700||on|||||&raquo; header_4_text_color=&raquo;#FF5A17&#8243; header_4_font_size=&raquo;14px&raquo; header_4_letter_spacing=&raquo;1px&raquo; header_4_line_height=&raquo;1.4em&raquo; custom_margin=&raquo;||0px||false|false&raquo; global_colors_info=&raquo;{}&raquo;]<\/p>\n<div class=\"et_pb_module et_pb_text et_pb_text_0  et_pb_text_align_left et_pb_bg_layout_light\">\n<div class=\"et_pb_text_inner\">\n<h4><span>Innsikt<\/span><\/h4>\n<\/div>\n<\/div>\n<div class=\"et_pb_module et_pb_text et_pb_text_1  et_pb_text_align_left et_pb_bg_layout_light\">\n<div class=\"et_pb_text_inner\"><\/div>\n<\/div>\n<p>[\/et_pb_text][et_pb_text _builder_version=&raquo;4.19.5&#8243; _module_preset=&raquo;c16985e1-e0d6-4022-964d-e2bfc04fa633&#8243; header_font=&raquo;Inter|700|||||||&raquo; header_text_color=&raquo;#000000&#8243; header_font_size=&raquo;75px&raquo; header_line_height=&raquo;1.2em&raquo; width=&raquo;84.1%&raquo; max_width=&raquo;100%&raquo; custom_padding=&raquo;|0px||||&raquo; header_font_size_tablet=&raquo;40px&raquo; header_font_size_phone=&raquo;24px&raquo; header_font_size_last_edited=&raquo;on|desktop&raquo; inline_fonts=&raquo;Roboto&raquo; global_colors_info=&raquo;{}&raquo;]<\/p>\n<h1>Felttur til NTNU i Trondheim<\/h1>\n<blockquote><\/blockquote>\n<p>[\/et_pb_text][et_pb_text _builder_version=&raquo;4.19.5&#8243; _module_preset=&raquo;default&raquo; width=&raquo;78.3%&raquo; custom_padding=&raquo;|45px|0px|||&raquo; link_option_url_new_window=&raquo;on&raquo; global_colors_info=&raquo;{}&raquo;]<\/p>\n<p>Torsdag 2. mars dro vi til campusene Dragvoll og Gl\u00f8shaugen i Trondheim for \u00e5 teste ut hypotesen &laquo;Er Blackboard en kanal som kan brukes til \u00e5 gj\u00f8re Universitetsbibliotekene bedre kjent blant studentene?&raquo;. I tillegg ville vi finne ut litt mer om n\u00e5r studentene \u00f8nsker informasjon om hjelp til oppgaveskriving, og hvem som helst b\u00f8r gi informasjonen &#8211; biblioteket selv, forelesere eller andre studenten er i kontakt med?<\/p>\n<p>[\/et_pb_text][\/et_pb_column][et_pb_column type=&raquo;2_5&#8243; _builder_version=&raquo;4.17.3&#8243; _module_preset=&raquo;default&raquo; global_colors_info=&raquo;{}&raquo;][et_pb_image src=&raquo;https:\/\/result.uit.no\/stimulab\/wp-content\/uploads\/sites\/60\/2023\/03\/Dragvoll-2.-mars-9-scaled.jpg&raquo; alt=&raquo;Foto av prosjektdeltakerne &#8211; kjernegruppa og styringsgruppa for prosjektet&raquo; title_text=&raquo;Dragvoll 2. mars (9)&raquo; disabled_on=&raquo;on|off|off&raquo; _builder_version=&raquo;4.20.2&#8243; _module_preset=&raquo;default&raquo; width=&raquo;132.6%&raquo; custom_margin=&raquo;|100px|59px|-64px||&raquo; custom_padding=&raquo;|||0px||&raquo; global_colors_info=&raquo;{}&raquo;][\/et_pb_image][\/et_pb_column][\/et_pb_row][\/et_pb_section][et_pb_section fb_built=&raquo;1&#8243; _builder_version=&raquo;4.19.5&#8243; _module_preset=&raquo;default&raquo; custom_margin=&raquo;40px|||||&raquo; custom_padding=&raquo;||70px||false|false&raquo; global_colors_info=&raquo;{}&raquo;][et_pb_row column_structure=&raquo;1_2,1_2&#8243; _builder_version=&raquo;4.19.5&#8243; _module_preset=&raquo;default&raquo; min_height=&raquo;360.9px&raquo; custom_padding=&raquo;0px|||||&raquo; global_colors_info=&raquo;{}&raquo;][et_pb_column type=&raquo;1_2&#8243; _builder_version=&raquo;4.19.5&#8243; _module_preset=&raquo;default&raquo; global_colors_info=&raquo;{}&raquo;][et_pb_text _builder_version=&raquo;4.19.5&#8243; _module_preset=&raquo;default&raquo; global_colors_info=&raquo;{}&raquo;][\/et_pb_text][et_pb_text _builder_version=&raquo;4.19.5&#8243; _module_preset=&raquo;b327cbe4-b1d5-4b66-ad37-40c8f2f061ba&raquo; header_line_height=&raquo;1.6em&raquo; header_2_font=&raquo;Inter|700|||||||&raquo; header_2_text_color=&raquo;#000000&#8243; header_2_font_size=&raquo;48px&raquo; header_2_line_height=&raquo;1.2em&raquo; custom_margin=&raquo;-29px||0px||false|false&raquo; custom_padding=&raquo;|||0px||&raquo; header_2_font_size_tablet=&raquo;32px&raquo; header_2_font_size_phone=&raquo;20px&raquo; header_2_font_size_last_edited=&raquo;on|desktop&raquo; locked=&raquo;off&raquo; global_colors_info=&raquo;{}&raquo;]<\/p>\n<h1><strong><span style=\"font-size: xx-large;color: #000000;font-family: Roboto\">En l\u00e6rerik dag!<\/span><\/strong><\/h1>\n<p>[\/et_pb_text][et_pb_text _builder_version=&raquo;4.19.5&#8243; _module_preset=&raquo;default&raquo; custom_padding=&raquo;||0px|||&raquo; global_colors_info=&raquo;{}&raquo;]<\/p>\n<div>\n<p><span>Daniel begynte dagen alene med \u00e5 snakke med ansatte p\u00e5 Dragvoll, f\u00f8r han m\u00f8tte oss andre kl. 11. Kl. 11:30 delte vi oss opp i tre grupper. Astrid og Ida, Gro (fra styringsgruppa) og Daniel, og Liv Inger og meg. For \u00e5 sikre mangfoldet i studentmassen holdt Liv Inger og jeg oss p\u00e5 Dragvoll, mens de andre dro til Gl\u00f8shaugen for \u00e5 snakke med realfagsstudentene.<\/span><span><\/span><\/p>\n<p><span>De ansatte i skranken p\u00e5 biblioteket p\u00e5 Dragvoll kunne fortelle at de \u00f8nsker seg utvidede skranketider og at de g\u00e5r tilbake til at det er to personer, ikke en, i skranken (en fagreferent som kan svare p\u00e5 mer faglige sp\u00f8rsm\u00e5l + bibliotekar). De er veldig opptatt av det fysiske m\u00f8tet med studentene, \u00e5 kunne m\u00f8te dem med godt hum\u00f8r og hjelpe dem uansett hva de lurer p\u00e5. De var bekymret for at det skal digitaliseres vekk. Og s\u00e5 var de positive til digitale selvhjelps\/kartskjermer. Alts\u00e5 enkle grep som hjelper studentene \u00e5 finne frem i biblioteket.<\/span><\/p>\n<p><span><\/span><\/p>\n<p><span>I l\u00f8pet av dagen rakk vi \u00e5 snakke med til sammen 13 studenter og fant ut at alle bruker Blackboard s\u00e5 og si daglig, men sjeldent er inne p\u00e5 noe annet enn emneoversikten. Det virket ogs\u00e5 som at NTNU-studentene er ganske selvstendige og flinke til \u00e5 finne info om oppgaveskriving p\u00e5 nett. Flere brukte for eksempel NTNU oppgaveskriving, men de hadde ikke s\u00e5 god kjennskap til biblioteket. Vi fant ogs\u00e5 ut at at de i tillegg til Blackboard f\u00e5r info gjennom Instagram, Facebook, sit.no, Instabart (en studentdrevet infoside), NTNU 1024 (for kalender), Innsida, plakater, lapper og oppslag p\u00e5 campus (se bilder), noe de ansatte ogs\u00e5 bekreftet. Mange trakk frem emneansvarlige og forelesere som viktige kilder til informasjon, for n\u00e5r foreleserne sier at det er et kurs studentene b\u00f8r g\u00e5 p\u00e5, s\u00e5 gj\u00f8r de det. I tillegg fant vi ut at det virker som at realfagsstudentene har behov for litteratur og bibliotekenes tilbud senere i studiel\u00f8pet enn studentene innenfor humaniora og samfunnsvitenskap. <\/span><\/p>\n<p><span>Vi vil ogs\u00e5 fortelle at Astrid, Liv Inger og Gro var kjempeflinke moderatorer som fikk studentene til \u00e5 \u00e5pne seg og v\u00e6re komfortable! Takk for i g\u00e5r <span class=\"animated-emoticon-20\" title=\"Glisende ansikt med smilende \u00f8yne\"><img decoding=\"async\" src=\"https:\/\/statics.teams.cdn.office.net\/evergreen-assets\/personal-expressions\/v2\/assets\/emoticons\/grinningfacewithsmilingeyes\/default\/20_f.png?v=v8?v=4\" alt=\"\ud83d\ude04\" \/><span class=\"zoetrope\"><\/span><\/span> <\/span><\/p>\n<\/div>\n<p>[\/et_pb_text][\/et_pb_column][et_pb_column type=&raquo;1_2&#8243; _builder_version=&raquo;4.19.5&#8243; _module_preset=&raquo;default&raquo; global_colors_info=&raquo;{}&raquo;][et_pb_image src=&raquo;https:\/\/result.uit.no\/stimulab\/wp-content\/uploads\/sites\/60\/2023\/03\/Dragvoll-2.-mars-4-scaled.jpg&raquo; title_text=&raquo;Dragvoll 2. mars (4)&raquo; _builder_version=&raquo;4.20.2&#8243; _module_preset=&raquo;default&raquo; global_colors_info=&raquo;{}&raquo;][\/et_pb_image][\/et_pb_column][\/et_pb_row][\/et_pb_section][et_pb_section fb_built=&raquo;1&#8243; admin_label=&raquo;Footer&raquo; _builder_version=&raquo;4.19.5&#8243; _module_preset=&raquo;default&raquo; background_color=&raquo;#ff5a17&#8243; saved_tabs=&raquo;all&raquo; collapsed=&raquo;on&raquo; global_colors_info=&raquo;{}&raquo;][et_pb_row _builder_version=&raquo;4.17.3&#8243; _module_preset=&raquo;default&raquo; custom_padding=&raquo;||3px|||&raquo; global_colors_info=&raquo;{}&raquo;][et_pb_column type=&raquo;4_4&#8243; _builder_version=&raquo;4.17.3&#8243; _module_preset=&raquo;default&raquo; global_colors_info=&raquo;{}&raquo;][et_pb_text _builder_version=&raquo;4.17.3&#8243; _module_preset=&raquo;199512ed-03b9-449f-8aef-73724d134eb7&#8243; header_2_font=&raquo;Inter|700|||||||&raquo; header_2_text_color=&raquo;#000000&#8243; header_2_font_size=&raquo;75px&raquo; header_2_line_height=&raquo;1.2em&raquo; header_2_font_size_tablet=&raquo;40px&raquo; header_2_font_size_phone=&raquo;24px&raquo; header_2_font_size_last_edited=&raquo;on|desktop&raquo; global_colors_info=&raquo;{}&raquo;]<\/p>\n<h2>Kontakt<\/h2>\n<p>[\/et_pb_text][\/et_pb_column][\/et_pb_row][et_pb_row column_structure=&raquo;1_5,1_5,1_5,1_5,1_5&#8243; _builder_version=&raquo;4.19.5&#8243; _module_preset=&raquo;default&raquo; min_height=&raquo;385.8px&raquo; custom_padding=&raquo;||84px|||&raquo; global_colors_info=&raquo;{}&raquo;][et_pb_column type=&raquo;1_5&#8243; _builder_version=&raquo;4.17.3&#8243; _module_preset=&raquo;default&raquo; global_colors_info=&raquo;{}&raquo;][et_pb_social_media_follow icon_color=&raquo;#FFFB44&#8243; _builder_version=&raquo;4.19.5&#8243; _module_preset=&raquo;default&raquo; border_radii=&raquo;on|100px|100px|100px|100px&raquo; global_colors_info=&raquo;{}&raquo;][et_pb_social_media_follow_network social_network=&raquo;facebook&raquo; icon_color=&raquo;#ff5a17&#8243; _builder_version=&raquo;4.19.5&#8243; _module_preset=&raquo;default&raquo; background_color=&raquo;#000000&#8243; background_enable_color=&raquo;on&raquo; global_colors_info=&raquo;{}&raquo; follow_button=&raquo;off&raquo; url_new_window=&raquo;on&raquo;]facebook[\/et_pb_social_media_follow_network][et_pb_social_media_follow_network social_network=&raquo;linkedin&raquo; icon_color=&raquo;#ff5a17&#8243; _builder_version=&raquo;4.19.5&#8243; _module_preset=&raquo;default&raquo; background_color=&raquo;#000000&#8243; background_enable_color=&raquo;on&raquo; global_colors_info=&raquo;{}&raquo; follow_button=&raquo;off&raquo; url_new_window=&raquo;on&raquo;]linkedin[\/et_pb_social_media_follow_network][\/et_pb_social_media_follow][\/et_pb_column][et_pb_column type=&raquo;1_5&#8243; _builder_version=&raquo;4.19.5&#8243; _module_preset=&raquo;default&raquo; global_colors_info=&raquo;{}&raquo;][et_pb_text _builder_version=&raquo;4.19.5&#8243; _module_preset=&raquo;e6504a1b-67eb-4b3d-b023-bcab277610b6&#8243; header_4_font=&raquo;Inter|700||on|||||&raquo; header_4_text_color=&raquo;#000000&#8243; header_4_font_size=&raquo;14px&raquo; header_4_letter_spacing=&raquo;1px&raquo; header_4_line_height=&raquo;1.4em&raquo; custom_margin=&raquo;||0px||false|false&raquo; locked=&raquo;off&raquo; global_colors_info=&raquo;{}&raquo;]<\/p>\n<h4>Bibliotekene<\/h4>\n<p>[\/et_pb_text][et_pb_text _builder_version=&raquo;4.19.5&#8243; _module_preset=&raquo;4c43b4b6-66bf-432d-959a-705bda24a650&#8243; text_font=&raquo;Open Sans||||||||&raquo; text_text_color=&raquo;#000000&#8243; text_line_height=&raquo;1.6em&raquo; link_text_color=&raquo;#000000&#8243; header_font_size_tablet=&raquo;55px&raquo; header_font_size_last_edited=&raquo;off|desktop&raquo; locked=&raquo;off&raquo; global_colors_info=&raquo;{}&raquo;]<\/p>\n<p><strong>Universitetet i Troms\u00f8<\/strong><br \/><span>Hansine Hansens veg 18, 9019 Troms\u00f8<\/span><\/p>\n<p><strong>Universitetet i Oslo<\/strong><br \/><span>Problemveien 7, 0315 Oslo<\/span><\/p>\n<p><strong>NTNU<\/strong><br \/><span>H\u00f8gskoleringen 1, 7034 Trondheim<\/span><\/p>\n<p>[\/et_pb_text][\/et_pb_column][et_pb_column type=&raquo;1_5&#8243; _builder_version=&raquo;4.17.3&#8243; _module_preset=&raquo;default&raquo; global_colors_info=&raquo;{}&raquo;][et_pb_text _builder_version=&raquo;4.19.5&#8243; _module_preset=&raquo;e6504a1b-67eb-4b3d-b023-bcab277610b6&#8243; header_4_font=&raquo;Inter|700||on|||||&raquo; header_4_text_color=&raquo;#000000&#8243; header_4_font_size=&raquo;14px&raquo; header_4_letter_spacing=&raquo;1px&raquo; header_4_line_height=&raquo;1.4em&raquo; custom_margin=&raquo;||0px||false|false&raquo; locked=&raquo;off&raquo; global_colors_info=&raquo;{}&raquo;]<\/p>\n<h4>Kontakt<\/h4>\n<p>[\/et_pb_text][et_pb_text _builder_version=&raquo;4.19.5&#8243; _module_preset=&raquo;4c43b4b6-66bf-432d-959a-705bda24a650&#8243; text_font=&raquo;Open Sans||||||||&raquo; text_text_color=&raquo;#000000&#8243; text_line_height=&raquo;1.6em&raquo; link_text_color=&raquo;#000000&#8243; link_option_url=&raquo;mailto:marit.bull.enger@uit.no&raquo; header_font_size_tablet=&raquo;55px&raquo; header_font_size_last_edited=&raquo;off|desktop&raquo; locked=&raquo;off&raquo; global_colors_info=&raquo;{}&raquo;]<\/p>\n<p><span style=\"text-decoration: underline\"><a href=\"mailto:marit.bull.enger@uit.no\">marit.bull.enger@uit.no<\/a><\/span><\/p>\n<p>[\/et_pb_text][\/et_pb_column][et_pb_column type=&raquo;1_5&#8243; _builder_version=&raquo;4.17.3&#8243; _module_preset=&raquo;default&raquo; global_colors_info=&raquo;{}&raquo;][\/et_pb_column][et_pb_column type=&raquo;1_5&#8243; _builder_version=&raquo;4.17.3&#8243; _module_preset=&raquo;default&raquo; global_colors_info=&raquo;{}&raquo;][\/et_pb_column][\/et_pb_row][\/et_pb_section]<\/p>\n","protected":false},"excerpt":{"rendered":"<p>Innsikt Felttur til NTNU i Trondheim Torsdag 2. mars dro vi til campusene Dragvoll og Gl\u00f8shaugen i Trondheim for \u00e5 teste ut hypotesen &laquo;Er Blackboard en kanal som kan brukes til \u00e5 gj\u00f8re Universitetsbibliotekene bedre kjent blant studentene?&raquo;. I tillegg ville vi finne ut litt mer om n\u00e5r studentene \u00f8nsker informasjon om hjelp til oppgaveskriving, [&hellip;]<\/p>\n","protected":false},"author":1970,"featured_media":0,"parent":0,"menu_order":0,"comment_status":"closed","ping_status":"closed","template":"","meta":{"_et_pb_use_builder":"on","_et_pb_old_content":"","_et_gb_content_width":"","iawp_total_views":14,"footnotes":""},"class_list":["post-464","page","type-page","status-publish","hentry"],"_links":{"self":[{"href":"https:\/\/result.uit.no\/stimulab\/wp-json\/wp\/v2\/pages\/464","targetHints":{"allow":["GET"]}}],"collection":[{"href":"https:\/\/result.uit.no\/stimulab\/wp-json\/wp\/v2\/pages"}],"about":[{"href":"https:\/\/result.uit.no\/stimulab\/wp-json\/wp\/v2\/types\/page"}],"author":[{"embeddable":true,"href":"https:\/\/result.uit.no\/stimulab\/wp-json\/wp\/v2\/users\/1970"}],"replies":[{"embeddable":true,"href":"https:\/\/result.uit.no\/stimulab\/wp-json\/wp\/v2\/comments?post=464"}],"version-history":[{"count":0,"href":"https:\/\/result.uit.no\/stimulab\/wp-json\/wp\/v2\/pages\/464\/revisions"}],"wp:attachment":[{"href":"https:\/\/result.uit.no\/stimulab\/wp-json\/wp\/v2\/media?parent=464"}],"curies":[{"name":"wp","href":"https:\/\/api.w.org\/{rel}","templated":true}]}}