{"id":279,"date":"2023-02-02T10:25:40","date_gmt":"2023-02-02T09:25:40","guid":{"rendered":"https:\/\/result.uit.no\/stimulab\/?page_id=279"},"modified":"2023-03-09T13:53:54","modified_gmt":"2023-03-09T12:53:54","slug":"opportunity-solution-tree","status":"publish","type":"page","link":"https:\/\/result.uit.no\/stimulab\/opportunity-solution-tree\/","title":{"rendered":"Opportunity Solution Tree"},"content":{"rendered":"<p>[et_pb_section fb_built=&raquo;1&#8243; inner_shadow=&raquo;on&raquo; admin_label=&raquo;Header&raquo; _builder_version=&raquo;4.19.5&#8243; _module_preset=&raquo;default&raquo; background_color=&raquo;#f6f5ee&raquo; min_height=&raquo;880.4px&raquo; custom_padding=&raquo;||70px||false|false&raquo; collapsed=&raquo;on&raquo; global_colors_info=&raquo;{}&raquo;][et_pb_row column_structure=&raquo;3_5,2_5&#8243; _builder_version=&raquo;4.17.3&#8243; _module_preset=&raquo;default&raquo; custom_margin=&raquo;|auto|-28px|auto|false|false&raquo; custom_padding=&raquo;0px||37px||false|false&raquo; border_width_top=&raquo;2px&raquo; border_color_top=&raquo;#dfd7d7&#8243; global_colors_info=&raquo;{}&raquo;][et_pb_column type=&raquo;3_5&#8243; _builder_version=&raquo;4.17.3&#8243; _module_preset=&raquo;default&raquo; custom_padding=&raquo;50px||50px||false|false&raquo; custom_padding_tablet=&raquo;||0px||false|false&raquo; custom_padding_phone=&raquo;||0px||false|false&raquo; custom_padding_last_edited=&raquo;on|tablet&raquo; global_colors_info=&raquo;{}&raquo;][et_pb_text _builder_version=&raquo;4.19.5&#8243; _module_preset=&raquo;e6504a1b-67eb-4b3d-b023-bcab277610b6&#8243; header_4_font=&raquo;Inter|700||on|||||&raquo; header_4_text_color=&raquo;#FF5A17&#8243; header_4_font_size=&raquo;14px&raquo; header_4_letter_spacing=&raquo;1px&raquo; header_4_line_height=&raquo;1.4em&raquo; custom_margin=&raquo;||0px||false|false&raquo; global_colors_info=&raquo;{}&raquo;]<\/p>\n<div class=\"et_pb_module et_pb_text et_pb_text_0  et_pb_text_align_left et_pb_bg_layout_light\">\n<div class=\"et_pb_text_inner\">\n<h4><span>Metodikk<\/span><\/h4>\n<\/div>\n<\/div>\n<div class=\"et_pb_module et_pb_text et_pb_text_1  et_pb_text_align_left et_pb_bg_layout_light\">\n<div class=\"et_pb_text_inner\"><\/div>\n<\/div>\n<p>[\/et_pb_text][et_pb_text _builder_version=&raquo;4.19.5&#8243; _module_preset=&raquo;c16985e1-e0d6-4022-964d-e2bfc04fa633&#8243; header_font=&raquo;Inter|700|||||||&raquo; header_text_color=&raquo;#000000&#8243; header_font_size=&raquo;75px&raquo; header_line_height=&raquo;1.2em&raquo; width=&raquo;84.1%&raquo; max_width=&raquo;100%&raquo; custom_padding=&raquo;|0px||||&raquo; header_font_size_tablet=&raquo;40px&raquo; header_font_size_phone=&raquo;24px&raquo; header_font_size_last_edited=&raquo;on|desktop&raquo; inline_fonts=&raquo;Roboto&raquo; global_colors_info=&raquo;{}&raquo;]<\/p>\n<h1><strong><span style=\"font-family: Roboto\">Opportunity Solution Tree\u00a0<\/span><\/strong><\/h1>\n<blockquote><\/blockquote>\n<p>[\/et_pb_text][et_pb_text _builder_version=&raquo;4.19.5&#8243; _module_preset=&raquo;default&raquo; width=&raquo;78.3%&raquo; custom_padding=&raquo;|45px|0px|||&raquo; link_option_url_new_window=&raquo;on&raquo; global_colors_info=&raquo;{}&raquo;]<\/p>\n<p>Metoden Opportunity Solution Tree eller Mulighetstreet er skapt for \u00e5 lage l\u00f8sninger med \u00f8kt sannsynlighet for \u00e5 n\u00e5 forh\u00e5ndsbestemte m\u00e5l. I prosjektet S\u00f8ml\u00f8se Tjenester bruker vi Mulighetstreet sammen med <a href=\"https:\/\/result.uit.no\/stimulab\/nudging\/\" target=\"_blank\" rel=\"noopener\"><u>nudging<\/u><\/a>.<\/p>\n<p>[\/et_pb_text][\/et_pb_column][et_pb_column type=&raquo;2_5&#8243; _builder_version=&raquo;4.17.3&#8243; _module_preset=&raquo;default&raquo; global_colors_info=&raquo;{}&raquo;][et_pb_image src=&raquo;https:\/\/result.uit.no\/stimulab\/wp-content\/uploads\/sites\/60\/2023\/02\/Solution-tree.png&raquo; alt=&raquo;Foto av prosjektdeltakerne &#8211; kjernegruppa og styringsgruppa for prosjektet&raquo; title_text=&raquo;Solution tree&raquo; disabled_on=&raquo;on|off|off&raquo; _builder_version=&raquo;4.19.5&#8243; _module_preset=&raquo;default&raquo; width=&raquo;132.6%&raquo; custom_margin=&raquo;|100px|59px|-64px||&raquo; custom_padding=&raquo;|||0px||&raquo; global_colors_info=&raquo;{}&raquo;][\/et_pb_image][\/et_pb_column][\/et_pb_row][et_pb_row _builder_version=&raquo;4.20.2&#8243; _module_preset=&raquo;default&raquo; width=&raquo;89.6%&raquo;][et_pb_column _builder_version=&raquo;4.20.2&#8243; _module_preset=&raquo;default&raquo; type=&raquo;4_4&#8243;][et_pb_image src=&raquo;https:\/\/result.uit.no\/stimulab\/wp-content\/uploads\/sites\/60\/2023\/03\/Mulighetstre-oppdatert-1.png&raquo; _builder_version=&raquo;4.20.2&#8243; _module_preset=&raquo;default&raquo; title_text=&raquo;Mulighetstre oppdatert&raquo; hover_enabled=&raquo;0&#8243; sticky_enabled=&raquo;0&#8243; min_height=&raquo;1006.1px&raquo; width=&raquo;100%&raquo;][\/et_pb_image][\/et_pb_column][\/et_pb_row][et_pb_row _builder_version=&raquo;4.20.2&#8243; _module_preset=&raquo;default&raquo; custom_padding=&raquo;6px||2px|||&raquo; hover_enabled=&raquo;0&#8243; global_colors_info=&raquo;{}&raquo; sticky_enabled=&raquo;0&#8243;][et_pb_column type=&raquo;4_4&#8243; _builder_version=&raquo;4.19.5&#8243; _module_preset=&raquo;default&raquo; global_colors_info=&raquo;{}&raquo;][et_pb_text _builder_version=&raquo;4.19.5&#8243; _module_preset=&raquo;default&raquo; global_colors_info=&raquo;{}&raquo;]<\/p>\n<p>Mulighetstreet skal hjelpe oss til \u00e5 velge den beste veien til m\u00e5let:\u00a0<\/p>\n<p>[\/et_pb_text][et_pb_text _builder_version=&raquo;4.19.5&#8243; _module_preset=&raquo;default&raquo; text_line_height=&raquo;2.5em&raquo; header_4_text_color=&raquo;#E09900&#8243; header_4_line_height=&raquo;1.7em&raquo; width=&raquo;74.2%&raquo; min_height=&raquo;100.8px&raquo; custom_margin=&raquo;-14px||6px|21px|false|false&raquo; custom_padding=&raquo;0px||0px||false|false&raquo; global_colors_info=&raquo;{}&raquo;]<\/p>\n<h4 style=\"text-align: left\"><span style=\"color: #ff5a17\"><em><span style=\"font-weight: 400\">\u00c5 skape et universitetsbibliotek studentene elsker, som de ansatte er stolte av og som gj\u00f8r at vi jobber smartere med tjenestene v\u00e5re.<\/span><\/em><\/span><\/h4>\n<p><span style=\"color: #ff5a17\"><em><span style=\"font-weight: 400\"><\/span><\/em><\/span><\/p>\n<p><span style=\"color: #ff5a17\"><em><span style=\"font-weight: 400\"><\/span><\/em><\/span><\/p>\n<p>[\/et_pb_text][et_pb_text _builder_version=&raquo;4.19.5&#8243; _module_preset=&raquo;default&raquo; min_height=&raquo;56.6px&raquo; global_colors_info=&raquo;{}&raquo;]<\/p>\n<p>Dette er et stort og overordnet m\u00e5l og vi vil derfor trenge Mulighetstreet for \u00e5 dele utfordringene inn i h\u00e5ndterlige delm\u00e5l eller muligheter.<\/p>\n<p>[\/et_pb_text][\/et_pb_column][\/et_pb_row][\/et_pb_section][et_pb_section fb_built=&raquo;1&#8243; _builder_version=&raquo;4.19.5&#8243; _module_preset=&raquo;default&raquo; custom_margin=&raquo;40px|||||&raquo; custom_padding=&raquo;||70px||false|false&raquo; global_colors_info=&raquo;{}&raquo;][et_pb_row column_structure=&raquo;1_2,1_2&#8243; _builder_version=&raquo;4.19.5&#8243; _module_preset=&raquo;default&raquo; min_height=&raquo;360.9px&raquo; custom_padding=&raquo;0px|||||&raquo; global_colors_info=&raquo;{}&raquo;][et_pb_column type=&raquo;1_2&#8243; _builder_version=&raquo;4.19.5&#8243; _module_preset=&raquo;default&raquo; global_colors_info=&raquo;{}&raquo;][et_pb_text _builder_version=&raquo;4.19.5&#8243; _module_preset=&raquo;default&raquo; global_colors_info=&raquo;{}&raquo;][\/et_pb_text][et_pb_text _builder_version=&raquo;4.19.5&#8243; _module_preset=&raquo;b327cbe4-b1d5-4b66-ad37-40c8f2f061ba&raquo; header_line_height=&raquo;1.6em&raquo; header_2_font=&raquo;Inter|700|||||||&raquo; header_2_text_color=&raquo;#000000&#8243; header_2_font_size=&raquo;48px&raquo; header_2_line_height=&raquo;1.2em&raquo; custom_margin=&raquo;-29px||0px||false|false&raquo; custom_padding=&raquo;|||0px||&raquo; header_2_font_size_tablet=&raquo;32px&raquo; header_2_font_size_phone=&raquo;20px&raquo; header_2_font_size_last_edited=&raquo;on|desktop&raquo; locked=&raquo;off&raquo; global_colors_info=&raquo;{}&raquo;]<\/p>\n<h1><strong><span style=\"font-size: xx-large;color: #000000;font-family: Roboto\">Hvordan vi brukte Mulighetstreet<\/span><\/strong><\/h1>\n<p>[\/et_pb_text][et_pb_text _builder_version=&raquo;4.19.5&#8243; _module_preset=&raquo;default&raquo; custom_padding=&raquo;||0px|||&raquo; global_colors_info=&raquo;{}&raquo;]<\/p>\n<p><span style=\"color: #000000\"><strong>1. \u00d8nskede utfall<\/strong><\/span><\/p>\n<p><span style=\"color: #000000\">F\u00f8rst har vi jobbet med \u00e5 samle innsikt og skape oversikt over bibliotekenes tjenester og bruken av disse hos studentene. Med innsikten som rettesnor gikk vi videre til \u00e5 definere delm\u00e5l, som vi har valgt \u00e5 kalle \u00ab\u00f8nskede utfall\u00bb. \u00d8nskede utfall handler om hvilke endringer hos studentene vi m\u00e5 f\u00e5 til for \u00e5 n\u00e5 det overordnede m\u00e5let.<\/span><\/p>\n<p><span style=\"color: #000000\">For eksempel kan det at studentene bruker kurs\/tjenester som bibliotekene tilbyr v\u00e6re et slikt \u00f8nsket utfall.<\/span><\/p>\n<p><span style=\"color: #000000\">Gjennom en workshop i kjernegruppa kom vi frem til at det viktigste \u00f8nskede utfallet var:<\/span><\/p>\n<p><span style=\"color: #000000\"><em>At studentene kjenner til bibliotekene. <\/em><\/span><\/p>\n<p>[\/et_pb_text][\/et_pb_column][et_pb_column type=&raquo;1_2&#8243; _builder_version=&raquo;4.19.5&#8243; _module_preset=&raquo;default&raquo; global_colors_info=&raquo;{}&raquo;][\/et_pb_column][\/et_pb_row][et_pb_row column_structure=&raquo;1_2,1_2&#8243; _builder_version=&raquo;4.19.5&#8243; _module_preset=&raquo;default&raquo; min_height=&raquo;404.2px&raquo; custom_margin=&raquo;-56px|auto||auto||&raquo; custom_padding=&raquo;||37px|||&raquo; global_colors_info=&raquo;{}&raquo;][et_pb_column type=&raquo;1_2&#8243; _builder_version=&raquo;4.19.5&#8243; _module_preset=&raquo;default&raquo; global_colors_info=&raquo;{}&raquo;][et_pb_text _builder_version=&raquo;4.19.5&#8243; _module_preset=&raquo;default&raquo; global_colors_info=&raquo;{}&raquo;]<\/p>\n<p><span style=\"color: #000000\"><strong>2. Muligheter<\/strong><\/span><\/p>\n<p><span style=\"color: #000000\">For \u00e5 gj\u00f8re det \u00f8nskede utfallet til virkelighet, m\u00e5 vi l\u00f8se ekte behov for studentene. Det er dette vi kaller muligheter: hvilke udekte behov eller \u00f8nsker finnes det blant studentene?<\/span><\/p>\n<p><span style=\"color: #000000\">Vi gikk derfor videre med \u00e5 bygge p\u00e5 det vi allerede hadde av innsikt med brukerintervjuer for \u00e5 kartlegge mulighetsrommet. M\u00e5let var \u00e5 finne ut hvilke behov eller smertepunkter som er viktigst for studentene.<\/span><\/p>\n<p><span style=\"color: #000000\">Deretter samlet vi alle mulighetene vi kunne finne i brukerintervjuene og valgte ut dem vi mente var viktigst for at vi skal n\u00e5 det overordnede m\u00e5let. Disse var:<\/span><\/p>\n<ul>\n<li><span style=\"color: #000000\">Hvordan kan vi synliggj\u00f8re at biblioteket er mye mer enn bare b\u00f8ker?<\/span><\/li>\n<li><span style=\"color: #000000\">Studentene trenger et sted \u00e5 lese\/studere\/jobbe selv eller med gruppearbeid<\/span><\/li>\n<li><span style=\"color: #000000\">Jeg skal skrive en oppgave, men aner ikke hvordan<\/span><\/li>\n<\/ul>\n<p>[\/et_pb_text][et_pb_text _builder_version=&raquo;4.19.5&#8243; _module_preset=&raquo;default&raquo; global_colors_info=&raquo;{}&raquo;]<\/p>\n<p><span style=\"color: #000000\"><strong>3. Finne l\u00f8sninger<\/strong><\/span><\/p>\n<p><span style=\"color: #000000\">N\u00e5 vet vi hvilke brukerbehov vi skal svare p\u00e5, men hvordan gj\u00f8r vi det best?<\/span><\/p>\n<p><span style=\"color: #000000\">Det vi var veldig tydelige p\u00e5 i denne fasen var at n\u00e5r vi skal foresl\u00e5 l\u00f8sninger m\u00e5 vi g\u00e5 for kvantitet &#8211; de f\u00f8rste forslagene er sjelden de beste. Derfor gikk vi sammen for \u00e5 formulere flest mulig l\u00f8sninger.<\/span><\/p>\n<p>[\/et_pb_text][et_pb_text _builder_version=&raquo;4.19.5&#8243; _module_preset=&raquo;default&raquo; global_colors_info=&raquo;{}&raquo;]<\/p>\n<p><span style=\"color: #000000\"><strong>4. Teste antakelser<\/strong><\/span><\/p>\n<p><span style=\"color: #000000\">Neste steg handler om \u00e5 teste. Her m\u00e5 vi finne de enkleste, raskeste og billigste m\u00e5tene \u00e5 teste de antatte l\u00f8sningene p\u00e5 og hvordan resultatene skal m\u00e5les. \u00a0<\/span><\/p>\n<p><span style=\"color: #000000\">Utfallet av testene viser hvilken av l\u00f8sningene vi b\u00f8r g\u00e5 videre med.<\/span><\/p>\n<p>[\/et_pb_text][\/et_pb_column][et_pb_column type=&raquo;1_2&#8243; _builder_version=&raquo;4.19.5&#8243; _module_preset=&raquo;default&raquo; global_colors_info=&raquo;{}&raquo;][et_pb_image src=&raquo;https:\/\/result.uit.no\/stimulab\/wp-content\/uploads\/sites\/60\/2023\/03\/Muligheter-1.png&raquo; title_text=&raquo;Muligheter&raquo; disabled_on=&raquo;on|off|off&raquo; _builder_version=&raquo;4.20.2&#8243; _module_preset=&raquo;default&raquo; width=&raquo;99.9%&raquo; custom_margin=&raquo;||57px|||&raquo; custom_padding=&raquo;0px|||||&raquo; global_colors_info=&raquo;{}&raquo;][\/et_pb_image][\/et_pb_column][\/et_pb_row][\/et_pb_section][et_pb_section fb_built=&raquo;1&#8243; admin_label=&raquo;Footer&raquo; _builder_version=&raquo;4.19.5&#8243; _module_preset=&raquo;default&raquo; background_color=&raquo;#ff5a17&#8243; saved_tabs=&raquo;all&raquo; collapsed=&raquo;on&raquo; global_colors_info=&raquo;{}&raquo;][et_pb_row _builder_version=&raquo;4.17.3&#8243; _module_preset=&raquo;default&raquo; custom_padding=&raquo;||3px|||&raquo; global_colors_info=&raquo;{}&raquo;][et_pb_column type=&raquo;4_4&#8243; _builder_version=&raquo;4.17.3&#8243; _module_preset=&raquo;default&raquo; global_colors_info=&raquo;{}&raquo;][et_pb_text _builder_version=&raquo;4.17.3&#8243; _module_preset=&raquo;199512ed-03b9-449f-8aef-73724d134eb7&#8243; header_2_font=&raquo;Inter|700|||||||&raquo; header_2_text_color=&raquo;#000000&#8243; header_2_font_size=&raquo;75px&raquo; header_2_line_height=&raquo;1.2em&raquo; header_2_font_size_tablet=&raquo;40px&raquo; header_2_font_size_phone=&raquo;24px&raquo; header_2_font_size_last_edited=&raquo;on|desktop&raquo; global_colors_info=&raquo;{}&raquo;]<\/p>\n<h2>Kontakt<\/h2>\n<p>[\/et_pb_text][\/et_pb_column][\/et_pb_row][et_pb_row column_structure=&raquo;1_5,1_5,1_5,1_5,1_5&#8243; _builder_version=&raquo;4.19.5&#8243; _module_preset=&raquo;default&raquo; min_height=&raquo;385.8px&raquo; custom_padding=&raquo;||84px|||&raquo; global_colors_info=&raquo;{}&raquo;][et_pb_column type=&raquo;1_5&#8243; _builder_version=&raquo;4.17.3&#8243; _module_preset=&raquo;default&raquo; global_colors_info=&raquo;{}&raquo;][et_pb_social_media_follow icon_color=&raquo;#FFFB44&#8243; _builder_version=&raquo;4.19.5&#8243; _module_preset=&raquo;default&raquo; border_radii=&raquo;on|100px|100px|100px|100px&raquo; global_colors_info=&raquo;{}&raquo;][et_pb_social_media_follow_network social_network=&raquo;facebook&raquo; icon_color=&raquo;#ff5a17&#8243; _builder_version=&raquo;4.19.5&#8243; _module_preset=&raquo;default&raquo; background_color=&raquo;#000000&#8243; background_enable_color=&raquo;on&raquo; global_colors_info=&raquo;{}&raquo; follow_button=&raquo;off&raquo; url_new_window=&raquo;on&raquo;]facebook[\/et_pb_social_media_follow_network][et_pb_social_media_follow_network social_network=&raquo;linkedin&raquo; icon_color=&raquo;#ff5a17&#8243; _builder_version=&raquo;4.19.5&#8243; _module_preset=&raquo;default&raquo; background_color=&raquo;#000000&#8243; background_enable_color=&raquo;on&raquo; global_colors_info=&raquo;{}&raquo; follow_button=&raquo;off&raquo; url_new_window=&raquo;on&raquo;]linkedin[\/et_pb_social_media_follow_network][\/et_pb_social_media_follow][\/et_pb_column][et_pb_column type=&raquo;1_5&#8243; _builder_version=&raquo;4.19.5&#8243; _module_preset=&raquo;default&raquo; global_colors_info=&raquo;{}&raquo;][et_pb_text _builder_version=&raquo;4.19.5&#8243; _module_preset=&raquo;e6504a1b-67eb-4b3d-b023-bcab277610b6&#8243; header_4_font=&raquo;Inter|700||on|||||&raquo; header_4_text_color=&raquo;#000000&#8243; header_4_font_size=&raquo;14px&raquo; header_4_letter_spacing=&raquo;1px&raquo; header_4_line_height=&raquo;1.4em&raquo; custom_margin=&raquo;||0px||false|false&raquo; locked=&raquo;off&raquo; global_colors_info=&raquo;{}&raquo;]<\/p>\n<h4>Bibliotekene<\/h4>\n<p>[\/et_pb_text][et_pb_text _builder_version=&raquo;4.19.5&#8243; _module_preset=&raquo;4c43b4b6-66bf-432d-959a-705bda24a650&#8243; text_font=&raquo;Open Sans||||||||&raquo; text_text_color=&raquo;#000000&#8243; text_line_height=&raquo;1.6em&raquo; link_text_color=&raquo;#000000&#8243; header_font_size_tablet=&raquo;55px&raquo; header_font_size_last_edited=&raquo;off|desktop&raquo; locked=&raquo;off&raquo; global_colors_info=&raquo;{}&raquo;]<\/p>\n<p><strong>Universitetet i Troms\u00f8<\/strong><br \/><span>Hansine Hansens veg 18, 9019 Troms\u00f8<\/span><\/p>\n<p><strong>Universitetet i Oslo<\/strong><br \/><span>Problemveien 7, 0315 Oslo<\/span><\/p>\n<p><strong>NTNU<\/strong><br \/><span>H\u00f8gskoleringen 1, 7034 Trondheim<\/span><\/p>\n<p>[\/et_pb_text][\/et_pb_column][et_pb_column type=&raquo;1_5&#8243; _builder_version=&raquo;4.17.3&#8243; _module_preset=&raquo;default&raquo; global_colors_info=&raquo;{}&raquo;][et_pb_text _builder_version=&raquo;4.19.5&#8243; _module_preset=&raquo;e6504a1b-67eb-4b3d-b023-bcab277610b6&#8243; header_4_font=&raquo;Inter|700||on|||||&raquo; header_4_text_color=&raquo;#000000&#8243; header_4_font_size=&raquo;14px&raquo; header_4_letter_spacing=&raquo;1px&raquo; header_4_line_height=&raquo;1.4em&raquo; custom_margin=&raquo;||0px||false|false&raquo; locked=&raquo;off&raquo; global_colors_info=&raquo;{}&raquo;]<\/p>\n<h4>Kontakt<\/h4>\n<p>[\/et_pb_text][et_pb_text _builder_version=&raquo;4.19.5&#8243; _module_preset=&raquo;4c43b4b6-66bf-432d-959a-705bda24a650&#8243; text_font=&raquo;Open Sans||||||||&raquo; text_text_color=&raquo;#000000&#8243; text_line_height=&raquo;1.6em&raquo; link_text_color=&raquo;#000000&#8243; link_option_url=&raquo;mailto:marit.bull.enger@uit.no&raquo; header_font_size_tablet=&raquo;55px&raquo; header_font_size_last_edited=&raquo;off|desktop&raquo; locked=&raquo;off&raquo; global_colors_info=&raquo;{}&raquo;]<\/p>\n<p><span style=\"text-decoration: underline\"><a href=\"mailto:marit.bull.enger@uit.no\">marit.bull.enger@uit.no<\/a><\/span><\/p>\n<p>[\/et_pb_text][\/et_pb_column][et_pb_column type=&raquo;1_5&#8243; _builder_version=&raquo;4.17.3&#8243; _module_preset=&raquo;default&raquo; global_colors_info=&raquo;{}&raquo;][\/et_pb_column][et_pb_column type=&raquo;1_5&#8243; _builder_version=&raquo;4.17.3&#8243; _module_preset=&raquo;default&raquo; global_colors_info=&raquo;{}&raquo;][\/et_pb_column][\/et_pb_row][\/et_pb_section]<\/p>\n","protected":false},"excerpt":{"rendered":"<p>Metodikk Opportunity Solution Tree\u00a0 Metoden Opportunity Solution Tree eller Mulighetstreet er skapt for \u00e5 lage l\u00f8sninger med \u00f8kt sannsynlighet for \u00e5 n\u00e5 forh\u00e5ndsbestemte m\u00e5l. I prosjektet S\u00f8ml\u00f8se Tjenester bruker vi Mulighetstreet sammen med nudging.Mulighetstreet skal hjelpe oss til \u00e5 velge den beste veien til m\u00e5let:\u00a0\u00c5 skape et universitetsbibliotek studentene elsker, som de ansatte er stolte [&hellip;]<\/p>\n","protected":false},"author":1971,"featured_media":0,"parent":0,"menu_order":0,"comment_status":"closed","ping_status":"closed","template":"","meta":{"_et_pb_use_builder":"on","_et_pb_old_content":"","_et_gb_content_width":"","iawp_total_views":233,"footnotes":""},"class_list":["post-279","page","type-page","status-publish","hentry"],"_links":{"self":[{"href":"https:\/\/result.uit.no\/stimulab\/wp-json\/wp\/v2\/pages\/279","targetHints":{"allow":["GET"]}}],"collection":[{"href":"https:\/\/result.uit.no\/stimulab\/wp-json\/wp\/v2\/pages"}],"about":[{"href":"https:\/\/result.uit.no\/stimulab\/wp-json\/wp\/v2\/types\/page"}],"author":[{"embeddable":true,"href":"https:\/\/result.uit.no\/stimulab\/wp-json\/wp\/v2\/users\/1971"}],"replies":[{"embeddable":true,"href":"https:\/\/result.uit.no\/stimulab\/wp-json\/wp\/v2\/comments?post=279"}],"version-history":[{"count":0,"href":"https:\/\/result.uit.no\/stimulab\/wp-json\/wp\/v2\/pages\/279\/revisions"}],"wp:attachment":[{"href":"https:\/\/result.uit.no\/stimulab\/wp-json\/wp\/v2\/media?parent=279"}],"curies":[{"name":"wp","href":"https:\/\/api.w.org\/{rel}","templated":true}]}}