{"id":222,"date":"2023-02-02T10:41:23","date_gmt":"2023-02-02T09:41:23","guid":{"rendered":"https:\/\/result.uit.no\/stimulab\/?page_id=222"},"modified":"2023-02-02T16:37:52","modified_gmt":"2023-02-02T15:37:52","slug":"historien","status":"publish","type":"page","link":"https:\/\/result.uit.no\/stimulab\/historien\/","title":{"rendered":"Historien"},"content":{"rendered":"<p>[et_pb_section fb_built=&raquo;1&#8243; inner_shadow=&raquo;on&raquo; admin_label=&raquo;Header&raquo; _builder_version=&raquo;4.19.5&#8243; _module_preset=&raquo;default&raquo; background_color=&raquo;#f6f5ee&raquo; custom_padding=&raquo;||0px|||&raquo; collapsed=&raquo;on&raquo; global_colors_info=&raquo;{}&raquo;][et_pb_row column_structure=&raquo;3_5,2_5&#8243; _builder_version=&raquo;4.17.3&#8243; _module_preset=&raquo;default&raquo; custom_margin=&raquo;||||false|false&raquo; custom_padding=&raquo;0px||||false|false&raquo; border_width_top=&raquo;2px&raquo; border_color_top=&raquo;#dfd7d7&#8243; global_colors_info=&raquo;{}&raquo;][et_pb_column type=&raquo;3_5&#8243; _builder_version=&raquo;4.17.3&#8243; _module_preset=&raquo;default&raquo; custom_padding=&raquo;50px||50px||false|false&raquo; custom_padding_tablet=&raquo;||0px||false|false&raquo; custom_padding_phone=&raquo;||0px||false|false&raquo; custom_padding_last_edited=&raquo;on|tablet&raquo; global_colors_info=&raquo;{}&raquo;][et_pb_text _builder_version=&raquo;4.19.5&#8243; _module_preset=&raquo;e6504a1b-67eb-4b3d-b023-bcab277610b6&#8243; header_4_font=&raquo;Inter|700||on|||||&raquo; header_4_text_color=&raquo;#FF5A17&#8243; header_4_font_size=&raquo;14px&raquo; header_4_letter_spacing=&raquo;1px&raquo; header_4_line_height=&raquo;1.4em&raquo; custom_margin=&raquo;||0px||false|false&raquo; global_colors_info=&raquo;{}&raquo;]<\/p>\n<div class=\"et_pb_module et_pb_text et_pb_text_0  et_pb_text_align_left et_pb_bg_layout_light\">\n<div class=\"et_pb_text_inner\">\n<h4><span>S\u00f8ml\u00f8se tjenester<\/span><\/h4>\n<\/div>\n<\/div>\n<div class=\"et_pb_module et_pb_text et_pb_text_1  et_pb_text_align_left et_pb_bg_layout_light\">\n<div class=\"et_pb_text_inner\"><\/div>\n<\/div>\n<p>[\/et_pb_text][et_pb_text _builder_version=&raquo;4.19.5&#8243; _module_preset=&raquo;c16985e1-e0d6-4022-964d-e2bfc04fa633&#8243; header_font=&raquo;Inter|700|||||||&raquo; header_text_color=&raquo;#000000&#8243; header_font_size=&raquo;75px&raquo; header_line_height=&raquo;1.2em&raquo; width=&raquo;84.1%&raquo; max_width=&raquo;100%&raquo; custom_padding=&raquo;|0px||||&raquo; header_font_size_tablet=&raquo;40px&raquo; header_font_size_phone=&raquo;24px&raquo; header_font_size_last_edited=&raquo;on|desktop&raquo; inline_fonts=&raquo;Roboto&raquo; global_colors_info=&raquo;{}&raquo;]<\/p>\n<h1><strong><span style=\"font-family: Roboto\">Historien\u00a0<\/span><\/strong><\/h1>\n<blockquote><\/blockquote>\n<p>[\/et_pb_text][et_pb_text _builder_version=&raquo;4.19.5&#8243; _module_preset=&raquo;default&raquo; custom_margin=&raquo;-23px||||false|false&raquo; global_colors_info=&raquo;{}&raquo;]<\/p>\n<div class=\"et_pb_text_inner\">\n<div data-shortcode-id=\"0.0.0.1-1675073625068\" data-quickaccess-editable=\"yes\" class=\"et-fb-popover-tinymce\">\n<div class=\"mce-content-body\">\n<h1><strong><span style=\"font-size: xx-large;color: #000000;font-family: Roboto\">bak prosjektet<\/span><\/strong><\/h1>\n<blockquote><\/blockquote>\n<\/div>\n<\/div>\n<\/div>\n<div class=\"et-fb-mousetrap et-fb-mousetrap--module et-fb-mousetrap-move\" style=\"background: 0px center\"><\/div>\n<p>[\/et_pb_text][et_pb_text _builder_version=&raquo;4.19.5&#8243; _module_preset=&raquo;default&raquo; width=&raquo;78.3%&raquo; custom_padding=&raquo;|45px||||&raquo; link_option_url_new_window=&raquo;on&raquo; global_colors_info=&raquo;{}&raquo;]<\/p>\n<p><span>For \u00e5 skape bedre og effektive l\u00f8sninger for studenter har universitetsbibliotekene ved UiO, NTNU og UiT startet et samarbeidsprosjekt med <a href=\"https:\/\/www.netlife.com\/\">Netlife<\/a> og <a href=\"https:\/\/www.thenudgelab.no\/\">Nudgelab<\/a>. Prosjektet er finansert av <a href=\"https:\/\/www.digdir.no\/stimulab\/dette-er-stimulab\/786\">Stimulab<\/a>.<\/span><\/p>\n<p>[\/et_pb_text][\/et_pb_column][et_pb_column type=&raquo;2_5&#8243; _builder_version=&raquo;4.17.3&#8243; _module_preset=&raquo;default&raquo; global_colors_info=&raquo;{}&raquo;][et_pb_image src=&raquo;https:\/\/result.uit.no\/stimulab\/wp-content\/uploads\/sites\/60\/2023\/02\/patrick-tomasso-Oaqk7qqNh_c-unsplash-scaled.jpg&raquo; alt=&raquo;Foto av prosjektdeltakerne &#8211; kjernegruppa og styringsgruppa for prosjektet&raquo; title_text=&raquo;patrick-tomasso-Oaqk7qqNh_c-unsplash&raquo; disabled_on=&raquo;on|on|off&raquo; _builder_version=&raquo;4.19.5&#8243; _module_preset=&raquo;default&raquo; width=&raquo;132.6%&raquo; custom_margin=&raquo;|100px|59px|-64px||&raquo; custom_padding=&raquo;|||0px||&raquo; global_colors_info=&raquo;{}&raquo;][\/et_pb_image][\/et_pb_column][\/et_pb_row][et_pb_row column_structure=&raquo;3_5,2_5&#8243; _builder_version=&raquo;4.19.5&#8243; _module_preset=&raquo;default&raquo; custom_margin=&raquo;-43px||0px||false|false&raquo; custom_padding=&raquo;||88px||false|false&raquo; global_colors_info=&raquo;{}&raquo;][et_pb_column type=&raquo;3_5&#8243; _builder_version=&raquo;4.17.3&#8243; _module_preset=&raquo;default&raquo; custom_padding_tablet=&raquo;80px||||false|false&raquo; custom_padding_phone=&raquo;0px||||false|false&raquo; custom_padding_last_edited=&raquo;off|desktop&raquo; border_color_all=&raquo;#d3d3d3&#8243; border_width_right=&raquo;1px&raquo; global_colors_info=&raquo;{}&raquo;][et_pb_image src=&raquo;https:\/\/result.uit.no\/stimulab\/wp-content\/uploads\/sites\/60\/2023\/02\/Crop3-e1675259142235.png&raquo; title_text=&raquo;Crop3&#8243; _builder_version=&raquo;4.19.5&#8243; _module_preset=&raquo;default&raquo; width=&raquo;88.3%&raquo; custom_margin=&raquo;|39px||||&raquo; custom_padding=&raquo;|0px||||&raquo; global_colors_info=&raquo;{}&raquo;][\/et_pb_image][et_pb_text _builder_version=&raquo;4.19.5&#8243; _module_preset=&raquo;default&raquo; text_line_height=&raquo;2.5em&raquo; header_4_text_color=&raquo;#E09900&#8243; header_4_line_height=&raquo;1.7em&raquo; width=&raquo;74.2%&raquo; custom_margin=&raquo;0px||||false|false&raquo; custom_padding=&raquo;40px||||false|false&raquo; global_colors_info=&raquo;{}&raquo;]<\/p>\n<h4 style=\"text-align: left\"><span style=\"color: #ff5a17\"><em><span style=\"font-weight: 400\">Hvordan kan universitetsbibliotekene utvikle et tjenestetilbud som m\u00f8ter fremtidens endrede brukerbehov p\u00e5 universitetsbiblioteket?<\/span><\/em><\/span><\/h4>\n<p>[\/et_pb_text][\/et_pb_column][et_pb_column type=&raquo;2_5&#8243; _builder_version=&raquo;4.17.3&#8243; _module_preset=&raquo;default&raquo; global_colors_info=&raquo;{}&raquo;][et_pb_text _builder_version=&raquo;4.19.5&#8243; _module_preset=&raquo;b327cbe4-b1d5-4b66-ad37-40c8f2f061ba&raquo; text_line_height=&raquo;2em&raquo; header_line_height=&raquo;1.5em&raquo; header_2_font=&raquo;Inter|700|||||||&raquo; header_2_text_color=&raquo;#000000&#8243; header_2_font_size=&raquo;48px&raquo; header_2_line_height=&raquo;1.2em&raquo; custom_margin=&raquo;||0px||false|false&raquo; custom_padding=&raquo;|||0px||&raquo; header_2_font_size_tablet=&raquo;32px&raquo; header_2_font_size_phone=&raquo;20px&raquo; header_2_font_size_last_edited=&raquo;on|desktop&raquo; global_colors_info=&raquo;{}&raquo;]<\/p>\n<h1><strong><span style=\"font-size: xx-large;color: #000000;font-family: Roboto\">Fremtidens biblioteker<\/span><\/strong><\/h1>\n<p>[\/et_pb_text][et_pb_text _builder_version=&raquo;4.17.3&#8243; _module_preset=&raquo;1f09816e-184e-4ce5-a4cf-b39c52c423ca&raquo; text_font=&raquo;Open Sans||||||||&raquo; text_text_color=&raquo;#000000&#8243; text_font_size=&raquo;16px&raquo; text_line_height=&raquo;1.8em&raquo; text_font_size_tablet=&raquo;15px&raquo; text_font_size_phone=&raquo;14px&raquo; text_font_size_last_edited=&raquo;on|phone&raquo; header_font_size_tablet=&raquo;55px&raquo; header_font_size_last_edited=&raquo;off|desktop&raquo; global_colors_info=&raquo;{}&raquo;]<\/p>\n<p><span style=\"font-weight: 400\">Bibliotekbrukerne \u2013 her iblant en \u00f8kende andel unge, digital natives, distansestudenter og en ny post-pandemi student \u2013 stiller nye krav og forventninger til universitetsbibliotekets digitale tjenester. I dag oppleves universitetsbibliotekenes tilbud som fragmentert, av \u00e5rsaker som faglig spredning, store organisasjoner og utilstrekkelig samarbeid, internt eller p\u00e5 tvers av institusjoner og hierarkier. Flere tjenester kan ofte f\u00e5 et kunstig skille i form av organisatorisk, faglig, geografisk, fysisk\/digital eller tidsmessig avgrensning, eller de kan ha un\u00f8dvendige overlapp.\u00a0<\/p>\n<p><\/span><span style=\"font-weight: 400\"><\/span><span style=\"font-weight: 400\"><\/span><span style=\"font-weight: 400\">Universitetsbibliotekene ved UiT, NTNU og UiO, i samarbeid med Netlife og Nudgelab, \u00f8nsker med dette Stimulab-prosjektet \u00e5 unders\u00f8ke hvordan biblioteksektoren kan samles rundt en helhetlig, fremtidsrettet og brukersentrert utvikling av tjenester, og \u00e5 videreutvikle servicen fra f\u00f8rste- og andrelinjetjenesten for \u00e5 im\u00f8tekomme en \u00f8kende hybrid hverdag. En ambisjon med prosjektet er \u00e5 styrke ansatt- og brukerinvolvering, gjennom en mer helhetlig praksis for tjenesteutvikling.\u00a0<\/span><\/p>\n<p>[\/et_pb_text][\/et_pb_column][\/et_pb_row][\/et_pb_section][et_pb_section fb_built=&raquo;1&#8243; admin_label=&raquo;Footer&raquo; _builder_version=&raquo;4.19.5&#8243; _module_preset=&raquo;default&raquo; background_color=&raquo;#ff5a17&#8243; saved_tabs=&raquo;all&raquo; collapsed=&raquo;on&raquo; global_colors_info=&raquo;{}&raquo;][et_pb_row _builder_version=&raquo;4.17.3&#8243; _module_preset=&raquo;default&raquo; custom_padding=&raquo;||3px|||&raquo; global_colors_info=&raquo;{}&raquo;][et_pb_column type=&raquo;4_4&#8243; _builder_version=&raquo;4.17.3&#8243; _module_preset=&raquo;default&raquo; global_colors_info=&raquo;{}&raquo;][et_pb_text _builder_version=&raquo;4.17.3&#8243; _module_preset=&raquo;199512ed-03b9-449f-8aef-73724d134eb7&#8243; header_2_font=&raquo;Inter|700|||||||&raquo; header_2_text_color=&raquo;#000000&#8243; header_2_font_size=&raquo;75px&raquo; header_2_line_height=&raquo;1.2em&raquo; header_2_font_size_tablet=&raquo;40px&raquo; header_2_font_size_phone=&raquo;24px&raquo; header_2_font_size_last_edited=&raquo;on|desktop&raquo; global_colors_info=&raquo;{}&raquo;]<\/p>\n<h2>Kontakt<\/h2>\n<p>[\/et_pb_text][\/et_pb_column][\/et_pb_row][et_pb_row column_structure=&raquo;1_5,1_5,1_5,1_5,1_5&#8243; _builder_version=&raquo;4.19.5&#8243; _module_preset=&raquo;default&raquo; min_height=&raquo;385.8px&raquo; custom_padding=&raquo;||84px|||&raquo; global_colors_info=&raquo;{}&raquo;][et_pb_column type=&raquo;1_5&#8243; _builder_version=&raquo;4.17.3&#8243; _module_preset=&raquo;default&raquo; global_colors_info=&raquo;{}&raquo;][et_pb_social_media_follow icon_color=&raquo;#FFFB44&#8243; _builder_version=&raquo;4.19.5&#8243; _module_preset=&raquo;default&raquo; border_radii=&raquo;on|100px|100px|100px|100px&raquo; global_colors_info=&raquo;{}&raquo;][et_pb_social_media_follow_network social_network=&raquo;facebook&raquo; icon_color=&raquo;#ff5a17&#8243; _builder_version=&raquo;4.19.5&#8243; _module_preset=&raquo;default&raquo; background_color=&raquo;#000000&#8243; background_enable_color=&raquo;on&raquo; global_colors_info=&raquo;{}&raquo; follow_button=&raquo;off&raquo; url_new_window=&raquo;on&raquo;]facebook[\/et_pb_social_media_follow_network][et_pb_social_media_follow_network social_network=&raquo;linkedin&raquo; icon_color=&raquo;#ff5a17&#8243; _builder_version=&raquo;4.19.5&#8243; _module_preset=&raquo;default&raquo; background_color=&raquo;#000000&#8243; background_enable_color=&raquo;on&raquo; global_colors_info=&raquo;{}&raquo; follow_button=&raquo;off&raquo; url_new_window=&raquo;on&raquo;]linkedin[\/et_pb_social_media_follow_network][\/et_pb_social_media_follow][\/et_pb_column][et_pb_column type=&raquo;1_5&#8243; _builder_version=&raquo;4.19.5&#8243; _module_preset=&raquo;default&raquo; global_colors_info=&raquo;{}&raquo;][et_pb_text _builder_version=&raquo;4.19.5&#8243; _module_preset=&raquo;e6504a1b-67eb-4b3d-b023-bcab277610b6&#8243; header_4_font=&raquo;Inter|700||on|||||&raquo; header_4_text_color=&raquo;#000000&#8243; header_4_font_size=&raquo;14px&raquo; header_4_letter_spacing=&raquo;1px&raquo; header_4_line_height=&raquo;1.4em&raquo; custom_margin=&raquo;||0px||false|false&raquo; locked=&raquo;off&raquo; global_colors_info=&raquo;{}&raquo;]<\/p>\n<h4>Bibliotekene<\/h4>\n<p>[\/et_pb_text][et_pb_text _builder_version=&raquo;4.19.5&#8243; _module_preset=&raquo;4c43b4b6-66bf-432d-959a-705bda24a650&#8243; text_font=&raquo;Open Sans||||||||&raquo; text_text_color=&raquo;#000000&#8243; text_line_height=&raquo;1.6em&raquo; link_text_color=&raquo;#000000&#8243; header_font_size_tablet=&raquo;55px&raquo; header_font_size_last_edited=&raquo;off|desktop&raquo; locked=&raquo;off&raquo; global_colors_info=&raquo;{}&raquo;]<\/p>\n<p><strong>Universitetet i Troms\u00f8<\/strong><br \/><span>Hansine Hansens veg 18, 9019 Troms\u00f8<\/span><\/p>\n<p><strong>Universitetet i Oslo<\/strong><br \/><span>Problemveien 7, 0315 Oslo<\/span><\/p>\n<p><strong>NTNU<\/strong><br \/><span>H\u00f8gskoleringen 1, 7034 Trondheim<\/span><\/p>\n<p>[\/et_pb_text][\/et_pb_column][et_pb_column type=&raquo;1_5&#8243; _builder_version=&raquo;4.17.3&#8243; _module_preset=&raquo;default&raquo; global_colors_info=&raquo;{}&raquo;][et_pb_text _builder_version=&raquo;4.19.5&#8243; _module_preset=&raquo;e6504a1b-67eb-4b3d-b023-bcab277610b6&#8243; header_4_font=&raquo;Inter|700||on|||||&raquo; header_4_text_color=&raquo;#000000&#8243; header_4_font_size=&raquo;14px&raquo; header_4_letter_spacing=&raquo;1px&raquo; header_4_line_height=&raquo;1.4em&raquo; custom_margin=&raquo;||0px||false|false&raquo; locked=&raquo;off&raquo; global_colors_info=&raquo;{}&raquo;]<\/p>\n<h4>Kontakt<\/h4>\n<p>[\/et_pb_text][et_pb_text _builder_version=&raquo;4.19.5&#8243; _module_preset=&raquo;4c43b4b6-66bf-432d-959a-705bda24a650&#8243; text_font=&raquo;Open Sans||||||||&raquo; text_text_color=&raquo;#000000&#8243; text_line_height=&raquo;1.6em&raquo; link_text_color=&raquo;#000000&#8243; link_option_url=&raquo;mailto:marit.bull.enger@uit.no&raquo; header_font_size_tablet=&raquo;55px&raquo; header_font_size_last_edited=&raquo;off|desktop&raquo; locked=&raquo;off&raquo; global_colors_info=&raquo;{}&raquo;]<\/p>\n<p><span style=\"text-decoration: underline\"><a href=\"mailto:marit.bull.enger@uit.no\">marit.bull.enger@uit.no<\/a><\/span><\/p>\n<p>[\/et_pb_text][\/et_pb_column][et_pb_column type=&raquo;1_5&#8243; _builder_version=&raquo;4.17.3&#8243; _module_preset=&raquo;default&raquo; global_colors_info=&raquo;{}&raquo;][\/et_pb_column][et_pb_column type=&raquo;1_5&#8243; _builder_version=&raquo;4.17.3&#8243; _module_preset=&raquo;default&raquo; global_colors_info=&raquo;{}&raquo;][\/et_pb_column][\/et_pb_row][\/et_pb_section]<\/p>\n","protected":false},"excerpt":{"rendered":"<p>S\u00f8ml\u00f8se tjenester Historien\u00a0 bak prosjektet For \u00e5 skape bedre og effektive l\u00f8sninger for studenter har universitetsbibliotekene ved UiO, NTNU og UiT startet et samarbeidsprosjekt med Netlife og Nudgelab. Prosjektet er finansert av Stimulab.Hvordan kan universitetsbibliotekene utvikle et tjenestetilbud som m\u00f8ter fremtidens endrede brukerbehov p\u00e5 universitetsbiblioteket?Fremtidens bibliotekerBibliotekbrukerne \u2013 her iblant en \u00f8kende andel unge, digital natives, [&hellip;]<\/p>\n","protected":false},"author":1970,"featured_media":0,"parent":0,"menu_order":0,"comment_status":"closed","ping_status":"closed","template":"","meta":{"_et_pb_use_builder":"on","_et_pb_old_content":"","_et_gb_content_width":"","iawp_total_views":48,"footnotes":""},"class_list":["post-222","page","type-page","status-publish","hentry"],"_links":{"self":[{"href":"https:\/\/result.uit.no\/stimulab\/wp-json\/wp\/v2\/pages\/222","targetHints":{"allow":["GET"]}}],"collection":[{"href":"https:\/\/result.uit.no\/stimulab\/wp-json\/wp\/v2\/pages"}],"about":[{"href":"https:\/\/result.uit.no\/stimulab\/wp-json\/wp\/v2\/types\/page"}],"author":[{"embeddable":true,"href":"https:\/\/result.uit.no\/stimulab\/wp-json\/wp\/v2\/users\/1970"}],"replies":[{"embeddable":true,"href":"https:\/\/result.uit.no\/stimulab\/wp-json\/wp\/v2\/comments?post=222"}],"version-history":[{"count":0,"href":"https:\/\/result.uit.no\/stimulab\/wp-json\/wp\/v2\/pages\/222\/revisions"}],"wp:attachment":[{"href":"https:\/\/result.uit.no\/stimulab\/wp-json\/wp\/v2\/media?parent=222"}],"curies":[{"name":"wp","href":"https:\/\/api.w.org\/{rel}","templated":true}]}}