{"id":39349,"date":"2021-06-28T09:19:30","date_gmt":"2021-06-28T07:19:30","guid":{"rendered":"https:\/\/result.uit.no\/reaidu\/?page_id=39349"},"modified":"2024-11-06T11:37:38","modified_gmt":"2024-11-06T10:37:38","slug":"hjem","status":"publish","type":"page","link":"https:\/\/result.uit.no\/reaidu\/","title":{"rendered":"Hjem"},"content":{"rendered":"<p>[et_pb_section fb_built=&raquo;1&#8243; admin_label=&raquo;Header Section&raquo; _builder_version=&raquo;4.16&#8243; background_color=&raquo;rgba(255,255,255,0)&raquo; background_image=&raquo;https:\/\/result.uit.no\/reaidu\/wp-content\/uploads\/sites\/27\/2018\/09\/Mette_Henriette_foto_\u00d8rjan_Bertelsen032.jpg&raquo; custom_padding=&raquo;||0px|&raquo; custom_padding_tablet=&raquo;||0px|&raquo; custom_css_main_element=&raquo;height: 87vh;||margin-left: 2%;||margin-right: 2%;||&raquo; transparent_background=&raquo;off&raquo; collapsed=&raquo;off&raquo; global_colors_info=&raquo;{}&raquo;][et_pb_row _builder_version=&raquo;4.16&#8243; background_size=&raquo;initial&raquo; background_position=&raquo;top_left&raquo; background_repeat=&raquo;repeat&raquo; global_colors_info=&raquo;{}&raquo;][et_pb_column type=&raquo;4_4&#8243; _builder_version=&raquo;4.16&#8243; custom_padding=&raquo;|||&raquo; global_colors_info=&raquo;{}&raquo; custom_padding__hover=&raquo;|||&raquo;][et_pb_image src=&raquo;https:\/\/result.uit.no\/reaidu\/wp-content\/uploads\/sites\/27\/2019\/02\/Reaidu_hvit_m-transp.gr\u00e5.png&raquo; align=&raquo;center&raquo; align_tablet=&raquo;center&raquo; align_phone=&raquo;&raquo; align_last_edited=&raquo;on|desktop&raquo; _builder_version=&raquo;4.16&#8243; max_width=&raquo;60%&raquo; module_alignment=&raquo;center&raquo; global_colors_info=&raquo;{}&raquo;][\/et_pb_image][et_pb_blurb url=&raquo;#reaidu-intro&raquo; use_icon=&raquo;on&raquo; font_icon=&raquo;&#x37;||divi||400&#8243; icon_color=&raquo;#FFFFFF&raquo; image_icon_background_color=&raquo;RGBA(0,0,0,0)&raquo; disabled_on=&raquo;off|off|&raquo; admin_label=&raquo;Blurb&raquo; _builder_version=&raquo;4.16&#8243; body_link_font=&raquo;|800|||||||&raquo; body_link_text_color=&raquo;#ffffff&raquo; body_link_font_size=&raquo;65px&raquo; text_orientation=&raquo;center&raquo; custom_margin=&raquo;0px||0px|&raquo; custom_padding=&raquo;0px||0px|&raquo; use_border_color=&raquo;off&raquo; border_color=&raquo;#ffffff&raquo; border_style=&raquo;solid&raquo; icon_font_size=&raquo;50px&raquo; saved_tabs=&raquo;all&raquo; global_colors_info=&raquo;{}&raquo;]<\/p>\n<p><a href=\"#reaidu-intro\"><\/a><\/p>\n<p>[\/et_pb_blurb][\/et_pb_column][\/et_pb_row][\/et_pb_section][et_pb_section fb_built=&raquo;1&#8243; inner_shadow=&raquo;on&raquo; custom_padding_last_edited=&raquo;on|desktop&raquo; admin_label=&raquo;Section %22The Boss%22&#8243; _builder_version=&raquo;4.16&#8243; custom_padding=&raquo;146px||65px|&raquo; custom_padding_tablet=&raquo;100px||60px|&raquo; custom_padding_phone=&raquo;80px||40px|&raquo; custom_css_main_element=&raquo;margin-left: 2%;||margin-right: 2%;||&raquo; transparent_background=&raquo;off&raquo; collapsed=&raquo;off&raquo; global_colors_info=&raquo;{}&raquo;][et_pb_row column_structure=&raquo;1_2,1_2&#8243; use_custom_gutter=&raquo;on&raquo; gutter_width=&raquo;1&#8243; make_equal=&raquo;on&raquo; column_padding_mobile=&raquo;on&raquo; admin_label=&raquo;Row&raquo; module_id=&raquo;reaidu-intro&raquo; module_class=&raquo; et_pb_row_fullwidth&raquo; _builder_version=&raquo;4.16&#8243; background_size=&raquo;initial&raquo; background_position=&raquo;top_left&raquo; background_repeat=&raquo;repeat&raquo; width=&raquo;100%&raquo; width_tablet=&raquo;100%&raquo; width_phone=&raquo;&raquo; width_last_edited=&raquo;on|desktop&raquo; max_width=&raquo;100%&raquo; max_width_tablet=&raquo;100%&raquo; max_width_phone=&raquo;&raquo; max_width_last_edited=&raquo;on|desktop&raquo; custom_padding=&raquo;0|0px|0px|0px|false|false&raquo; custom_css_main_element=&raquo; display:inline-block; &raquo; make_fullwidth=&raquo;on&raquo; global_colors_info=&raquo;{}&raquo;][et_pb_column type=&raquo;1_2&#8243; _builder_version=&raquo;4.16&#8243; background_color=&raquo;#f6f4f2&#8243; custom_padding=&raquo;|||19%&raquo; custom_padding_tablet=&raquo;|||16%&raquo; custom_padding_phone=&raquo;|||10%&raquo; custom_padding_last_edited=&raquo;on|desktop&raquo; global_colors_info=&raquo;{}&raquo; custom_padding__hover=&raquo;|||&raquo;][et_pb_image src=&raquo;https:\/\/result.uit.no\/reaidu\/wp-content\/uploads\/sites\/27\/2019\/02\/Reaidu_oransje-1.png&raquo; align_tablet=&raquo;center&raquo; align_phone=&raquo;&raquo; align_last_edited=&raquo;on|desktop&raquo; _builder_version=&raquo;4.16&#8243; max_width=&raquo;30%&raquo; module_alignment=&raquo;right&raquo; custom_margin=&raquo;-32px||&raquo; global_colors_info=&raquo;{}&raquo;][\/et_pb_image][et_pb_text admin_label=&raquo;Ingress &raquo; _builder_version=&raquo;4.16&#8243; text_font=&raquo;||||||||&raquo; text_text_color=&raquo;#000000&#8243; text_font_size=&raquo;15px&raquo; text_line_height=&raquo;1.8em&raquo; background_size=&raquo;initial&raquo; background_position=&raquo;top_left&raquo; background_repeat=&raquo;repeat&raquo; text_orientation=&raquo;justified&raquo; custom_margin=&raquo;10px|||-26px|false|false&raquo; custom_padding=&raquo;10px|7%|60px|25px||&raquo; use_border_color=&raquo;off&raquo; border_color=&raquo;#ffffff&raquo; border_style=&raquo;solid&raquo; global_colors_info=&raquo;{}&raquo;]<\/p>\n<p><span>Form\u00e5let med Reaidu er \u00e5 bidra til \u00f8kt kunnskap om samisk historie, samfunn og kultur. Reaidu er et nordsamisk ord som betyr <em>verkt\u00f8y<\/em> og utales som \/re\u00e6jdo\/, et passende ord siden vi med dette nettstedet h\u00e5per \u00e5 gi studenter, forelesere og andre interesserte et godt verkt\u00f8y i undervisningen av samiske temaer.\u00a0<\/span><\/p>\n<p><span>Nettsiden er organisert i sentrale temaomr\u00e5der, og er satt opp slik at du enkelt kan navigere deg frem til omr\u00e5der du er interessert i. Reaidu dekker bredt, men er ikke en fullstendig innf\u00f8ring i alt som har med samisk kultur, samfunn og historie \u00e5 gj\u00f8re. Vi oppdaterer og utvider nettsiden kontinuerlig, og du kan derfor oppleve at noen temasider ikke er ferdig utviklet.<\/span><\/p>\n<p><span>Reaidu er utviklet av UiT Norges arktiske universitet ved Fakultet for humaniora, samfunnsvitenskap og l\u00e6rerutdanning. Senter for samiske studier er vertskap og har ledelsen i utviklinga av Reaidu.<\/span><\/p>\n<p>[\/et_pb_text][\/et_pb_column][et_pb_column type=&raquo;1_2&#8243; _builder_version=&raquo;4.16&#8243; global_colors_info=&raquo;{}&raquo;][et_pb_image src=&raquo;https:\/\/result.uit.no\/reaidu\/wp-content\/uploads\/sites\/27\/2019\/04\/AdobeStock_103753421.jpeg&raquo; alt=&raquo;Samiske s\u00f8ljer og sjal&raquo; title_text=&raquo;Foto: \u00d8rjan Marakatt Bertelsen&raquo; show_bottom_space_tablet=&raquo;&raquo; show_bottom_space_phone=&raquo;&raquo; show_bottom_space_last_edited=&raquo;on|phone&raquo; disabled_on=&raquo;on|on|off&raquo; _builder_version=&raquo;4.16&#8243; transform_scale_tablet=&raquo;124%|124%&raquo; transform_scale_phone=&raquo;131%|131%&raquo; transform_scale_last_edited=&raquo;on|desktop&raquo; transform_translate_tablet=&raquo;&raquo; transform_translate_phone=&raquo;&raquo; transform_translate_last_edited=&raquo;on|desktop&raquo; transform_rotate_tablet=&raquo;&raquo; transform_rotate_phone=&raquo;&raquo; transform_rotate_last_edited=&raquo;on|desktop&raquo; transform_skew_tablet=&raquo;&raquo; transform_skew_phone=&raquo;&raquo; transform_skew_last_edited=&raquo;on|desktop&raquo; transform_origin_tablet=&raquo;&raquo; transform_origin_phone=&raquo;&raquo; transform_origin_last_edited=&raquo;on|desktop&raquo; transform_styles_last_edited=&raquo;on|desktop&raquo; width=&raquo;72%&raquo; module_alignment=&raquo;left&raquo; custom_margin=&raquo;30px||30px||false|false&raquo; custom_padding=&raquo;|40px||40px|false|false&raquo; transform_styles_tablet=&raquo;&raquo; transform_styles_phone=&raquo;&raquo; module_alignment_tablet=&raquo;center&raquo; module_alignment_phone=&raquo;center&raquo; module_alignment_last_edited=&raquo;on|tablet&raquo; global_colors_info=&raquo;{}&raquo;][\/et_pb_image][\/et_pb_column][\/et_pb_row][et_pb_row column_structure=&raquo;1_4,1_4,1_4,1_4&#8243; disabled_on=&raquo;off|off|on&raquo; _builder_version=&raquo;4.19.5&#8243; custom_margin=&raquo;30px||||false|false&raquo; global_colors_info=&raquo;{}&raquo;][et_pb_column type=&raquo;1_4&#8243; _builder_version=&raquo;4.16&#8243; global_colors_info=&raquo;{}&raquo;][et_pb_blurb title=&raquo;V\u00e5re tema&raquo; url=&raquo;@ET-DC@eyJkeW5hbWljIjp0cnVlLCJjb250ZW50IjoicG9zdF9saW5rX3VybF9wYWdlIiwic2V0dGluZ3MiOnsicG9zdF9pZCI6IjM4MDA4IiwiZW5hYmxlX2h0bWwiOiJvZmYifX0=@&raquo; use_icon=&raquo;on&raquo; font_icon=&raquo;&#x62;||divi||400&#8243; icon_color=&raquo;#e09900&#8243; image_icon_width=&raquo;60px&raquo; module_class=&raquo;hover-zoom&raquo; _builder_version=&raquo;4.16&#8243; _dynamic_attributes=&raquo;url,link_option_url&raquo; header_font=&raquo;Poiret One|700||on|||||&raquo; header_text_color=&raquo;#353740&#8243; header_font_size=&raquo;20px&raquo; header_line_height=&raquo;1.4em&raquo; body_font=&raquo;Montserrat||||&raquo; body_text_color=&raquo;#747d88&#8243; body_line_height=&raquo;1.8em&raquo; background_color=&raquo;#f6f4f2&#8243; transform_translate_linked=&raquo;off&raquo; text_orientation=&raquo;center&raquo; width=&raquo;256px&raquo; max_width=&raquo;100%&raquo; module_alignment=&raquo;center&raquo; max_height=&raquo;196px&raquo; custom_margin=&raquo;|0px||0px|true|true&raquo; custom_padding=&raquo;30px|0px|30px|0px|false|true&raquo; animation_style=&raquo;zoom&raquo; link_option_url=&raquo;@ET-DC@eyJkeW5hbWljIjp0cnVlLCJjb250ZW50IjoicG9zdF9saW5rX3VybF9wYWdlIiwic2V0dGluZ3MiOnsicG9zdF9pZCI6IjM4MDA4IiwiZW5hYmxlX2h0bWwiOiJvZmYifX0=@&raquo; border_width_all=&raquo;0px&raquo; border_color_all=&raquo;#dddddd&raquo; border_style_all=&raquo;solid&raquo; use_border_color=&raquo;on&raquo; border_color=&raquo;#dddddd&raquo; icon_font_size=&raquo;60px&raquo; locked=&raquo;off&raquo; global_colors_info=&raquo;{}&raquo;][\/et_pb_blurb][\/et_pb_column][et_pb_column type=&raquo;1_4&#8243; _builder_version=&raquo;4.16&#8243; global_colors_info=&raquo;{}&raquo;][et_pb_blurb title=&raquo;Ressurser&raquo; url=&raquo;@ET-DC@eyJkeW5hbWljIjp0cnVlLCJjb250ZW50IjoicG9zdF9saW5rX3VybF9wYWdlIiwic2V0dGluZ3MiOnsicG9zdF9pZCI6IjM4MjgwIiwiZW5hYmxlX2h0bWwiOiJvZmYifX0=@&raquo; use_icon=&raquo;on&raquo; font_icon=&raquo;&#xe033;||divi||400&#8243; icon_color=&raquo;#e09900&#8243; image_icon_width=&raquo;60px&raquo; module_class=&raquo;hover-zoom&raquo; _builder_version=&raquo;4.16&#8243; _dynamic_attributes=&raquo;url,link_option_url&raquo; header_font=&raquo;Poiret One|700||on|||||&raquo; header_text_color=&raquo;#353740&#8243; header_font_size=&raquo;20px&raquo; header_line_height=&raquo;1.4em&raquo; body_font=&raquo;Montserrat||||&raquo; body_text_color=&raquo;#747d88&#8243; body_line_height=&raquo;1.8em&raquo; background_color=&raquo;#f6f4f2&#8243; transform_translate_linked=&raquo;off&raquo; text_orientation=&raquo;center&raquo; width=&raquo;256px&raquo; max_width=&raquo;100%&raquo; module_alignment=&raquo;center&raquo; max_height=&raquo;196px&raquo; custom_margin=&raquo;|0px||0px|true|true&raquo; custom_padding=&raquo;30px|0px|30px|0px|false|true&raquo; animation_style=&raquo;zoom&raquo; link_option_url=&raquo;@ET-DC@eyJkeW5hbWljIjp0cnVlLCJjb250ZW50IjoicG9zdF9saW5rX3VybF9wYWdlIiwic2V0dGluZ3MiOnsicG9zdF9pZCI6IjM4MjgwIiwiZW5hYmxlX2h0bWwiOiJvZmYifX0=@&raquo; border_width_all=&raquo;0px&raquo; border_color_all=&raquo;#dddddd&raquo; border_style_all=&raquo;solid&raquo; use_border_color=&raquo;on&raquo; border_color=&raquo;#dddddd&raquo; icon_font_size=&raquo;60px&raquo; locked=&raquo;off&raquo; global_colors_info=&raquo;{}&raquo;][\/et_pb_blurb][\/et_pb_column][et_pb_column type=&raquo;1_4&#8243; _builder_version=&raquo;4.16&#8243; global_colors_info=&raquo;{}&raquo;][et_pb_blurb title=&raquo;Blogg&raquo; url=&raquo;@ET-DC@eyJkeW5hbWljIjp0cnVlLCJjb250ZW50IjoicG9zdF9saW5rX3VybF9wYWdlIiwic2V0dGluZ3MiOnsicG9zdF9pZCI6IjM4MjI4IiwiZW5hYmxlX2h0bWwiOiJvZmYifX0=@&raquo; use_icon=&raquo;on&raquo; font_icon=&raquo;&#xe104;||divi||400&#8243; icon_color=&raquo;#e09900&#8243; image_icon_width=&raquo;60px&raquo; module_class=&raquo;hover-zoom&raquo; _builder_version=&raquo;4.16&#8243; _dynamic_attributes=&raquo;url,link_option_url&raquo; header_font=&raquo;Poiret One|700||on|||||&raquo; header_text_color=&raquo;#353740&#8243; header_font_size=&raquo;20px&raquo; header_line_height=&raquo;1.4em&raquo; body_font=&raquo;Montserrat||||&raquo; body_text_color=&raquo;#747d88&#8243; body_line_height=&raquo;1.8em&raquo; background_color=&raquo;#f6f4f2&#8243; transform_translate_linked=&raquo;off&raquo; text_orientation=&raquo;center&raquo; width=&raquo;256px&raquo; max_width=&raquo;100%&raquo; module_alignment=&raquo;center&raquo; max_height=&raquo;196px&raquo; custom_margin=&raquo;|0px||0px|true|true&raquo; custom_padding=&raquo;30px|0px|30px|0px|false|true&raquo; animation_style=&raquo;zoom&raquo; link_option_url=&raquo;@ET-DC@eyJkeW5hbWljIjp0cnVlLCJjb250ZW50IjoicG9zdF9saW5rX3VybF9wYWdlIiwic2V0dGluZ3MiOnsicG9zdF9pZCI6IjM4MjI4IiwiZW5hYmxlX2h0bWwiOiJvZmYifX0=@&raquo; border_width_all=&raquo;0px&raquo; border_color_all=&raquo;#dddddd&raquo; border_style_all=&raquo;solid&raquo; use_border_color=&raquo;on&raquo; border_color=&raquo;#dddddd&raquo; icon_font_size=&raquo;60px&raquo; locked=&raquo;off&raquo; global_colors_info=&raquo;{}&raquo;][\/et_pb_blurb][\/et_pb_column][et_pb_column type=&raquo;1_4&#8243; _builder_version=&raquo;4.16&#8243; global_colors_info=&raquo;{}&raquo;][et_pb_blurb title=&raquo;Om reaidu&raquo; url=&raquo;@ET-DC@eyJkeW5hbWljIjp0cnVlLCJjb250ZW50IjoicG9zdF9saW5rX3VybF9wYWdlIiwic2V0dGluZ3MiOnsicG9zdF9pZCI6IjM5MzQ2IiwiZW5hYmxlX2h0bWwiOiJvZmYifX0=@&raquo; use_icon=&raquo;on&raquo; font_icon=&raquo;&#x70;||divi||400&#8243; icon_color=&raquo;#e09900&#8243; image_icon_width=&raquo;60px&raquo; module_class=&raquo;hover-zoom&raquo; _builder_version=&raquo;4.16&#8243; _dynamic_attributes=&raquo;url,link_option_url&raquo; header_font=&raquo;Poiret One|700||on|||||&raquo; header_text_color=&raquo;#353740&#8243; header_font_size=&raquo;20px&raquo; header_line_height=&raquo;1.4em&raquo; body_font=&raquo;Montserrat||||&raquo; body_text_color=&raquo;#747d88&#8243; body_line_height=&raquo;1.8em&raquo; background_color=&raquo;#f6f4f2&#8243; transform_translate_linked=&raquo;off&raquo; text_orientation=&raquo;center&raquo; width=&raquo;256px&raquo; max_width=&raquo;100%&raquo; module_alignment=&raquo;center&raquo; max_height=&raquo;196px&raquo; custom_margin=&raquo;|0px||0px|true|true&raquo; custom_padding=&raquo;30px|0px|30px|0px|false|true&raquo; animation_style=&raquo;zoom&raquo; link_option_url=&raquo;@ET-DC@eyJkeW5hbWljIjp0cnVlLCJjb250ZW50IjoicG9zdF9saW5rX3VybF9wYWdlIiwic2V0dGluZ3MiOnsicG9zdF9pZCI6IjM5MzQ2IiwiZW5hYmxlX2h0bWwiOiJvZmYifX0=@&raquo; border_width_all=&raquo;0px&raquo; border_color_all=&raquo;#dddddd&raquo; border_style_all=&raquo;solid&raquo; use_border_color=&raquo;on&raquo; border_color=&raquo;#dddddd&raquo; icon_font_size=&raquo;60px&raquo; locked=&raquo;off&raquo; global_colors_info=&raquo;{}&raquo;][\/et_pb_blurb][\/et_pb_column][\/et_pb_row][et_pb_row column_structure=&raquo;1_4,1_4,1_4,1_4&#8243; disabled_on=&raquo;on|on|off&raquo; _builder_version=&raquo;4.19.5&#8243; _module_preset=&raquo;default&raquo; locked=&raquo;off&raquo; global_colors_info=&raquo;{}&raquo;][et_pb_column type=&raquo;1_4&#8243; _builder_version=&raquo;4.19.5&#8243; _module_preset=&raquo;default&raquo; global_colors_info=&raquo;{}&raquo;][et_pb_blurb title=&raquo;V\u00e5re tema&raquo; url=&raquo;@ET-DC@eyJkeW5hbWljIjp0cnVlLCJjb250ZW50IjoicG9zdF9saW5rX3VybF9wYWdlIiwic2V0dGluZ3MiOnsicG9zdF9pZCI6IjM4MDA4IiwiZW5hYmxlX2h0bWwiOiJvZmYifX0=@&raquo; use_icon=&raquo;on&raquo; font_icon=&raquo;&#x62;||divi||400&#8243; icon_color=&raquo;#E09900&#8243; image_icon_width=&raquo;60px&raquo; module_class=&raquo;hover-zoom&raquo; _builder_version=&raquo;4.19.5&#8243; _dynamic_attributes=&raquo;url,link_option_url&raquo; _module_preset=&raquo;default&raquo; header_font=&raquo;Poiret One|700||on|||||&raquo; body_font=&raquo;Montserrat||||||||&raquo; body_font_size=&raquo;13px&raquo; body_line_height=&raquo;1.5em&raquo; background_color=&raquo;#F6F4F2&#8243; text_orientation=&raquo;center&raquo; max_height=&raquo;188px&raquo; overflow-x=&raquo;hidden&raquo; overflow-y=&raquo;hidden&raquo; custom_padding=&raquo;67px|5px|30px|5px|false|true&raquo; animation_style=&raquo;zoom&raquo; link_option_url=&raquo;@ET-DC@eyJkeW5hbWljIjp0cnVlLCJjb250ZW50IjoicG9zdF9saW5rX3VybF9wYWdlIiwic2V0dGluZ3MiOnsicG9zdF9pZCI6IjM4MDA4IiwiZW5hYmxlX2h0bWwiOiJvZmYifX0=@&raquo; global_colors_info=&raquo;{}&raquo; custom_padding__hover_enabled=&raquo;on|hover&raquo; custom_padding__hover=&raquo;10px||||false|true&raquo; image_icon_custom_padding__hover_enabled=&raquo;off|hover&raquo; image_icon_custom_padding__hover=&raquo;0px||0px||false|false&raquo; image_icon_custom_margin__hover_enabled=&raquo;on|hover&raquo; image_icon_custom_margin__hover=&raquo;4px||-10px||false|false&raquo;]<\/p>\n<p>Her finner du v\u00e5re tema, som spr\u00e5k, utdanning og duodji.<\/p>\n<p>[\/et_pb_blurb][\/et_pb_column][et_pb_column type=&raquo;1_4&#8243; _builder_version=&raquo;4.19.5&#8243; _module_preset=&raquo;default&raquo; global_colors_info=&raquo;{}&raquo;][et_pb_blurb title=&raquo;Ressurser&raquo; url=&raquo;@ET-DC@eyJkeW5hbWljIjp0cnVlLCJjb250ZW50IjoicG9zdF9saW5rX3VybF9wYWdlIiwic2V0dGluZ3MiOnsicG9zdF9pZCI6IjM4MjgwIiwiZW5hYmxlX2h0bWwiOiJvZmYifX0=@&raquo; use_icon=&raquo;on&raquo; font_icon=&raquo;&#xe033;||divi||400&#8243; icon_color=&raquo;#E09900&#8243; image_icon_width=&raquo;60px&raquo; module_class=&raquo;hover-zoom&raquo; _builder_version=&raquo;4.19.5&#8243; _dynamic_attributes=&raquo;url,link_option_url&raquo; _module_preset=&raquo;default&raquo; header_font=&raquo;Poiret One|700||on|||||&raquo; header_line_height=&raquo;1.3em&raquo; body_font=&raquo;Montserrat||||||||&raquo; body_font_size=&raquo;13px&raquo; body_line_height=&raquo;1.5em&raquo; background_color=&raquo;#F6F4F2&#8243; image_icon_custom_margin=&raquo;-4px||-10px||false|false&raquo; text_orientation=&raquo;center&raquo; max_height=&raquo;188px&raquo; overflow-x=&raquo;hidden&raquo; overflow-y=&raquo;hidden&raquo; custom_margin=&raquo;0px||||false|false&raquo; custom_padding=&raquo;73px|5px|30px|5px|false|true&raquo; animation_style=&raquo;zoom&raquo; link_option_url=&raquo;@ET-DC@eyJkeW5hbWljIjp0cnVlLCJjb250ZW50IjoicG9zdF9saW5rX3VybF9wYWdlIiwic2V0dGluZ3MiOnsicG9zdF9pZCI6IjM4MjgwIiwiZW5hYmxlX2h0bWwiOiJvZmYifX0=@&raquo; locked=&raquo;off&raquo; global_colors_info=&raquo;{}&raquo; custom_padding__hover_enabled=&raquo;on|desktop&raquo; custom_padding__hover=&raquo;6px||30px||false|true&raquo; image_icon_custom_margin__hover_enabled=&raquo;on|desktop&raquo; image_icon_custom_margin__hover=&raquo;-4px||-10px||false|false&raquo; custom_margin__hover_enabled=&raquo;on|hover&raquo; custom_margin__hover=&raquo;||0px||false|false&raquo; header_line_height__hover_enabled=&raquo;on|desktop&raquo; header_line_height__hover=&raquo;0.8em&raquo; body_line_height__hover_enabled=&raquo;on|hover&raquo; body_line_height__hover=&raquo;1.4em&raquo;]<\/p>\n<p>Her finner du ressurser til samenes nasjonaldag, spill og aktiviteter, og andre ressurser.<\/p>\n<p>[\/et_pb_blurb][\/et_pb_column][et_pb_column type=&raquo;1_4&#8243; _builder_version=&raquo;4.19.5&#8243; _module_preset=&raquo;default&raquo; global_colors_info=&raquo;{}&raquo;][et_pb_blurb title=&raquo;Blogg&raquo; url=&raquo;@ET-DC@eyJkeW5hbWljIjp0cnVlLCJjb250ZW50IjoicG9zdF9saW5rX3VybF9wYWdlIiwic2V0dGluZ3MiOnsicG9zdF9pZCI6IjM4MjI4IiwiZW5hYmxlX2h0bWwiOiJvZmYifX0=@&raquo; use_icon=&raquo;on&raquo; font_icon=&raquo;&#xe104;||divi||400&#8243; icon_color=&raquo;#E09900&#8243; image_icon_width=&raquo;60px&raquo; module_class=&raquo;hover-zoom&raquo; _builder_version=&raquo;4.19.5&#8243; _dynamic_attributes=&raquo;url,link_option_url&raquo; _module_preset=&raquo;default&raquo; header_font=&raquo;Poiret One|700||on|||||&raquo; body_font=&raquo;Montserrat||||||||&raquo; body_font_size=&raquo;13px&raquo; body_line_height=&raquo;1.5em&raquo; background_color=&raquo;#F6F4F2&#8243; text_orientation=&raquo;center&raquo; max_height=&raquo;188px&raquo; overflow-x=&raquo;hidden&raquo; overflow-y=&raquo;hidden&raquo; custom_padding=&raquo;67px|5px|30px|5px|false|true&raquo; animation_style=&raquo;zoom&raquo; link_option_url=&raquo;@ET-DC@eyJkeW5hbWljIjp0cnVlLCJjb250ZW50IjoicG9zdF9saW5rX3VybF9wYWdlIiwic2V0dGluZ3MiOnsicG9zdF9pZCI6IjM4MjI4IiwiZW5hYmxlX2h0bWwiOiJvZmYifX0=@&raquo; locked=&raquo;off&raquo; global_colors_info=&raquo;{}&raquo; custom_padding__hover_enabled=&raquo;on|hover&raquo; custom_padding__hover=&raquo;10px||||false|true&raquo;]<\/p>\n<p>P\u00e5 Reaidu-bloggen finner du diverse tekster om forskjellige temaer.<\/p>\n<p>[\/et_pb_blurb][\/et_pb_column][et_pb_column type=&raquo;1_4&#8243; _builder_version=&raquo;4.19.5&#8243; _module_preset=&raquo;default&raquo; global_colors_info=&raquo;{}&raquo;][et_pb_blurb title=&raquo;Om Reaidu&raquo; url=&raquo;@ET-DC@eyJkeW5hbWljIjp0cnVlLCJjb250ZW50IjoicG9zdF9saW5rX3VybF9wYWdlIiwic2V0dGluZ3MiOnsicG9zdF9pZCI6IjM5MzQ2IiwiZW5hYmxlX2h0bWwiOiJvZmYifX0=@&raquo; use_icon=&raquo;on&raquo; font_icon=&raquo;&#x70;||divi||400&#8243; icon_color=&raquo;#E09900&#8243; image_icon_width=&raquo;60px&raquo; module_class=&raquo;hover-zoom&raquo; _builder_version=&raquo;4.19.5&#8243; _dynamic_attributes=&raquo;url,link_option_url&raquo; _module_preset=&raquo;default&raquo; header_font=&raquo;Poiret One|700||on|||||&raquo; body_font=&raquo;Montserrat||||||||&raquo; body_font_size=&raquo;13px&raquo; body_line_height=&raquo;1.5em&raquo; background_color=&raquo;#F6F4F2&#8243; text_orientation=&raquo;center&raquo; max_height=&raquo;188px&raquo; overflow-x=&raquo;hidden&raquo; overflow-y=&raquo;hidden&raquo; custom_padding=&raquo;67px|5px|30px|5px|false|true&raquo; animation_style=&raquo;zoom&raquo; link_option_url=&raquo;@ET-DC@eyJkeW5hbWljIjp0cnVlLCJjb250ZW50IjoicG9zdF9saW5rX3VybF9wYWdlIiwic2V0dGluZ3MiOnsicG9zdF9pZCI6IjM5MzQ2IiwiZW5hYmxlX2h0bWwiOiJvZmYifX0=@&raquo; locked=&raquo;off&raquo; global_colors_info=&raquo;{}&raquo; custom_padding__hover_enabled=&raquo;on|hover&raquo; custom_padding__hover=&raquo;10px||||false|true&raquo;]<\/p>\n<p>Hvem vi er, hva vi gj\u00f8r og hvorfor Reaidu ble startet.<\/p>\n<p>[\/et_pb_blurb][\/et_pb_column][\/et_pb_row][\/et_pb_section][et_pb_section fb_built=&raquo;1&#8243; _builder_version=&raquo;4.16&#8243; custom_padding=&raquo;0|0px|0|0px|false|false&raquo; global_colors_info=&raquo;{}&raquo;][et_pb_row _builder_version=&raquo;4.16&#8243; global_colors_info=&raquo;{}&raquo;][et_pb_column type=&raquo;4_4&#8243; _builder_version=&raquo;4.16&#8243; global_colors_info=&raquo;{}&raquo;][et_pb_text _builder_version=&raquo;4.16&#8243; text_font=&raquo;Poiret One||||||||&raquo; text_font_size=&raquo;12px&raquo; text_line_height=&raquo;0em&raquo; text_orientation=&raquo;right&raquo; locked=&raquo;off&raquo; global_colors_info=&raquo;{}&raquo;]<\/p>\n<p>Foto: \u00d8rjan Marakatt Bertelsen<\/p>\n<p>[\/et_pb_text][\/et_pb_column][\/et_pb_row][et_pb_row _builder_version=&raquo;4.24.0&#8243; _module_preset=&raquo;default&raquo; custom_padding=&raquo;|||0px||&raquo; global_colors_info=&raquo;{}&raquo;][et_pb_column type=&raquo;4_4&#8243; _builder_version=&raquo;4.24.0&#8243; _module_preset=&raquo;default&raquo; global_colors_info=&raquo;{}&raquo;][et_pb_blurb title=&raquo;Siste oppdateringer:&raquo; content_max_width=&raquo;780px&raquo; image_icon_width_tablet=&raquo;60px&raquo; image_icon_width_phone=&raquo;60px&raquo; image_icon_width_last_edited=&raquo;on|tablet&raquo; admin_label=&raquo;Teaser&raquo; module_class=&raquo;pa-bullet-list-1 orange-link&raquo; _builder_version=&raquo;4.27.2&#8243; header_font=&raquo;Poiret One|700||on|||||&raquo; header_text_align=&raquo;left&raquo; header_font_size=&raquo;22px&raquo; header_line_height=&raquo;1.8em&raquo; body_font=&raquo;|600|||||||&raquo; body_text_align=&raquo;left&raquo; body_text_color=&raquo;#000000&#8243; body_font_size=&raquo;14px&raquo; body_line_height=&raquo;2em&raquo; body_link_text_color=&raquo;#000000&#8243; body_ul_text_color=&raquo;#000000&#8243; body_ol_text_color=&raquo;#000000&#8243; background_color=&raquo;#ffffff&raquo; width=&raquo;91.3%&raquo; max_width=&raquo;80%&raquo; module_alignment=&raquo;left&raquo; min_height=&raquo;240.6px&raquo; custom_margin=&raquo;-28px|0px|-28px|0px|true|true&raquo; custom_padding=&raquo;20px|0px|20px|0px|true|true&raquo; animation_style=&raquo;zoom&raquo; animation_intensity_zoom=&raquo;10%&raquo; hover_enabled=&raquo;0&#8243; border_radii=&raquo;off||1px|1px|1px&raquo; border_width_all=&raquo;1px&raquo; box_shadow_style=&raquo;preset1&#8243; box_shadow_vertical=&raquo;10px&raquo; box_shadow_blur=&raquo;67px&raquo; box_shadow_spread=&raquo;21px&raquo; box_shadow_color=&raquo;rgba(1,33,92,0.1)&raquo; icon_font_size=&raquo;36px&raquo; image_max_width_tablet=&raquo;60px&raquo; image_max_width_phone=&raquo;&raquo; image_max_width_last_edited=&raquo;on|tablet&raquo; locked=&raquo;off&raquo; global_colors_info=&raquo;{}&raquo; sticky_enabled=&raquo;0&#8243;]<\/p>\n<ul>\n<li>08.03.24 &#8211;\u00a0<strong><em><a href=\"https:\/\/result.uit.no\/reaidu\/vare-tema\/\">&laquo;Fire filmer om noen av v\u00e5re tema&raquo;<\/a><\/em>,\u00a0<\/strong>lagt inn under\u00a0<strong>V\u00e5re Tema.<\/strong><\/li>\n<li>05.02.24 &#8211; <span style=\"color: #800080\"><a href=\"https:\/\/result.uit.no\/reaidu\/246644-2\/\" style=\"color: #800080\"><strong>&laquo;<\/strong><em><strong>Hvordan ta vare p\u00e5 samisk spr\u00e5k og kultur i skoler og barnehager?&raquo;<\/strong> <\/em><\/a><\/span>lagt inn under<strong><span style=\"color: #000080\"> <a href=\"https:\/\/result.uit.no\/reaidu\/ressurser\/\" style=\"color: #000080\"><em><strong>Ressurser<\/strong><\/em><\/a><\/span><\/strong><\/li>\n<\/ul>\n<p>&nbsp;<\/p>\n<p>[\/et_pb_blurb][\/et_pb_column][\/et_pb_row][\/et_pb_section]<\/p>\n","protected":false},"excerpt":{"rendered":"<p>Form\u00e5let med Reaidu er \u00e5 bidra til \u00f8kt kunnskap om samisk historie, samfunn og kultur. Reaidu er et nordsamisk ord som betyr verkt\u00f8y og utales som \/re\u00e6jdo\/, et passende ord siden vi med dette nettstedet h\u00e5per \u00e5 gi studenter, forelesere og andre interesserte et godt verkt\u00f8y i undervisningen av samiske temaer.\u00a0 Nettsiden er organisert i [&hellip;]<\/p>\n","protected":false},"author":1949,"featured_media":0,"parent":0,"menu_order":0,"comment_status":"closed","ping_status":"closed","template":"","meta":{"_et_pb_use_builder":"on","_et_pb_old_content":"","_et_gb_content_width":"","footnotes":""},"class_list":["post-39349","page","type-page","status-publish","hentry"],"_links":{"self":[{"href":"https:\/\/result.uit.no\/reaidu\/wp-json\/wp\/v2\/pages\/39349","targetHints":{"allow":["GET"]}}],"collection":[{"href":"https:\/\/result.uit.no\/reaidu\/wp-json\/wp\/v2\/pages"}],"about":[{"href":"https:\/\/result.uit.no\/reaidu\/wp-json\/wp\/v2\/types\/page"}],"author":[{"embeddable":true,"href":"https:\/\/result.uit.no\/reaidu\/wp-json\/wp\/v2\/users\/1949"}],"replies":[{"embeddable":true,"href":"https:\/\/result.uit.no\/reaidu\/wp-json\/wp\/v2\/comments?post=39349"}],"version-history":[{"count":0,"href":"https:\/\/result.uit.no\/reaidu\/wp-json\/wp\/v2\/pages\/39349\/revisions"}],"wp:attachment":[{"href":"https:\/\/result.uit.no\/reaidu\/wp-json\/wp\/v2\/media?parent=39349"}],"curies":[{"name":"wp","href":"https:\/\/api.w.org\/{rel}","templated":true}]}}