{"id":28863,"date":"2018-09-12T14:27:25","date_gmt":"2018-09-12T13:27:25","guid":{"rendered":"https:\/\/result.uit.no\/reaidu\/?page_id=28863"},"modified":"2021-07-01T15:07:40","modified_gmt":"2021-07-01T13:07:40","slug":"send-oss-en-melding","status":"publish","type":"page","link":"https:\/\/result.uit.no\/reaidu\/om-reaidu-2\/send-oss-en-melding\/","title":{"rendered":"Kontakt oss"},"content":{"rendered":"\n[et_pb_section fb_built=&raquo;1&#8243; _builder_version=&raquo;3.22&#8243; custom_padding=&raquo;0px|0px|0px|0px&raquo;][\/et_pb_section][et_pb_section fb_built=&raquo;1&#8243; admin_label=&raquo;Section Reservation&raquo; _builder_version=&raquo;3.22&#8243; background_color=&raquo;rgba(144,145,147,0.15)&raquo; custom_padding=&raquo;0px||0px|&raquo; custom_padding_tablet=&raquo;0px|||&raquo; custom_css_main_element=&raquo;margin-left: 2%;||margin-right: 2%;||&raquo; transparent_background=&raquo;off&raquo; collapsed=&raquo;off&raquo;][et_pb_row column_structure=&raquo;1_2,1_2&#8243; use_custom_gutter=&raquo;on&raquo; gutter_width=&raquo;1&#8243; column_padding_mobile=&raquo;on&raquo; admin_label=&raquo;Row&raquo; module_class=&raquo; et_pb_row_fullwidth&raquo; _builder_version=&raquo;3.25&#8243; background_size=&raquo;initial&raquo; background_position=&raquo;top_left&raquo; background_repeat=&raquo;repeat&raquo; width=&raquo;100%&raquo; width_tablet=&raquo;100%&raquo; width_phone=&raquo;&raquo; width_last_edited=&raquo;on|desktop&raquo; max_width=&raquo;100%&raquo; max_width_tablet=&raquo;100%&raquo; max_width_phone=&raquo;&raquo; max_width_last_edited=&raquo;on|desktop&raquo; custom_margin=&raquo;|||&raquo; custom_padding=&raquo;150px||0px|0px&raquo; make_fullwidth=&raquo;on&raquo;][et_pb_column type=&raquo;1_2&#8243; _builder_version=&raquo;3.25&#8243; custom_padding=&raquo;|||&raquo; custom_padding__hover=&raquo;|||&raquo;][et_pb_image src=&raquo;https:\/\/result.uit.no\/reaidu\/wp-content\/uploads\/sites\/27\/2018\/11\/Fornorskningsseminar_-Foto_-\u00d8rjan_Marakatt_Bertelsen_019.jpg&raquo; alt=&raquo;Eldre kvinne i tradisjonelle kl\u00e6r som bretter en serviett&raquo; title_text=&raquo;Foto: \u00d8rjan Marakatt Bertelsen&raquo; align_tablet=&raquo;center&raquo; align_phone=&raquo;&raquo; align_last_edited=&raquo;on|desktop&raquo; admin_label=&raquo;Sendossmelding_bilde&raquo; _builder_version=&raquo;4.1&#8243; max_width=&raquo;82%&raquo; module_alignment=&raquo;center&raquo; custom_margin=&raquo;-80px|||0px&raquo; custom_padding=&raquo;||80px|&raquo; use_border_color=&raquo;off&raquo; border_color=&raquo;#ffffff&raquo; border_style=&raquo;solid&raquo; animation=&raquo;off&raquo; sticky=&raquo;off&raquo; locked=&raquo;off&raquo;][\/et_pb_image][\/et_pb_column][et_pb_column type=&raquo;1_2&#8243; _builder_version=&raquo;3.25&#8243; custom_padding=&raquo;|10%||30px&raquo; custom_padding_tablet=&raquo;|8%||30px&raquo; custom_padding_phone=&raquo;|5%||10px&raquo; custom_padding_last_edited=&raquo;on|desktop&raquo; padding_phone=&raquo;|5%||10px&raquo; padding_tablet=&raquo;|8%||30px&raquo; padding_last_edited=&raquo;on|desktop&raquo; custom_padding__hover=&raquo;|||&raquo;][et_pb_text admin_label=&raquo;send oss en melding&raquo; _builder_version=&raquo;3.27.4&#8243; text_font=&raquo;Poiret One||||||||&raquo; text_text_color=&raquo;#666666&#8243; text_font_size=&raquo;20px&raquo; text_line_height=&raquo;1.1em&raquo; header_font=&raquo;Poiret One|||on|||||&raquo; header_font_size=&raquo;60px&raquo; custom_margin=&raquo;-40px|||&raquo; custom_margin_tablet=&raquo;20px|||&raquo; custom_margin_phone=&raquo;&raquo; custom_margin_last_edited=&raquo;on|desktop&raquo; custom_padding_last_edited=&raquo;off|phone&raquo; text_font_size_tablet=&raquo;&raquo; text_font_size_phone=&raquo;21px&raquo; text_font_size_last_edited=&raquo;on|phone&raquo; use_border_color=&raquo;off&raquo;]<h1>send melding<\/h1>\n<p>Du er velkommen til \u00e5 kontakte oss om du har sp\u00f8rsm\u00e5l, eller om du \u00f8nsker \u00e5 gi oss tilbakemelding vedr\u00f8rende design eller innhold.\u00a0 \u00a0<\/p>[\/et_pb_text][et_pb_contact_form captcha=&raquo;off&raquo; email=&raquo;reaidu@uit.no&raquo; admin_label=&raquo;Contact Form&raquo; module_id=&raquo;et_pb_contact_form_0&#8243; _builder_version=&raquo;4.1&#8243; form_field_background_color=&raquo;rgba(0,0,0,0)&raquo; form_field_text_color=&raquo;#909193&#8243; title_font=&raquo;Poiret One||||&raquo; form_field_font=&raquo;Josefin Slab||||&raquo; form_field_font_size=&raquo;17&#8243; custom_button=&raquo;on&raquo; button_text_size=&raquo;18&#8243; button_text_color=&raquo;#909193&#8243; button_bg_color=&raquo;rgba(0,0,0,0)&raquo; button_border_width=&raquo;1&#8243; button_border_color=&raquo;#909193&#8243; button_border_radius=&raquo;0&#8243; button_letter_spacing=&raquo;2&#8243; button_font=&raquo;Josefin Slab||||&raquo; button_use_icon=&raquo;off&raquo; custom_padding=&raquo;50px|||&raquo; custom_css_contact_button=&raquo;margin-top: 20px;&raquo; custom_css_contact_fields=&raquo;border-top: none!Important;||border-left: none!Important;||border-right: none!Important;&raquo; custom_css_text_field=&raquo;border-top: none!Important;||border-left: none!Important;||border-right: none!Important;&raquo; border_radii=&raquo;on|0px|0px|0px|0px&raquo; border_width_all=&raquo;1px&raquo; border_color_all=&raquo;#909193&#8243; use_border_color=&raquo;on&raquo; form_background_color=&raquo;rgba(0,0,0,0)&raquo; button_text_color_hover=&raquo;#909193&#8243; button_bg_color_hover=&raquo;#ffffff&raquo; button_border_color_hover=&raquo;#ffffff&raquo; button_border_radius_hover=&raquo;0&#8243; button_letter_spacing_hover=&raquo;2&#8243;][et_pb_contact_field field_id=&raquo;Navn&raquo; field_title=&raquo;navn&raquo; fullwidth_field=&raquo;on&raquo; _builder_version=&raquo;3.16&#8243; form_field_font=&raquo;||||&raquo; use_border_color=&raquo;off&raquo; button_text_size__hover_enabled=&raquo;off&raquo; button_one_text_size__hover_enabled=&raquo;off&raquo; button_two_text_size__hover_enabled=&raquo;off&raquo; button_text_color__hover_enabled=&raquo;off&raquo; button_one_text_color__hover_enabled=&raquo;off&raquo; button_two_text_color__hover_enabled=&raquo;off&raquo; button_border_width__hover_enabled=&raquo;off&raquo; button_one_border_width__hover_enabled=&raquo;off&raquo; button_two_border_width__hover_enabled=&raquo;off&raquo; button_border_color__hover_enabled=&raquo;off&raquo; button_one_border_color__hover_enabled=&raquo;off&raquo; button_two_border_color__hover_enabled=&raquo;off&raquo; button_border_radius__hover_enabled=&raquo;off&raquo; button_one_border_radius__hover_enabled=&raquo;off&raquo; button_two_border_radius__hover_enabled=&raquo;off&raquo; button_letter_spacing__hover_enabled=&raquo;off&raquo; button_one_letter_spacing__hover_enabled=&raquo;off&raquo; button_two_letter_spacing__hover_enabled=&raquo;off&raquo; button_bg_color__hover_enabled=&raquo;off&raquo; button_one_bg_color__hover_enabled=&raquo;off&raquo; button_two_bg_color__hover_enabled=&raquo;off&raquo;][\/et_pb_contact_field][et_pb_contact_field field_id=&raquo;epost&raquo; field_title=&raquo;epostadresse&raquo; field_type=&raquo;email&raquo; fullwidth_field=&raquo;on&raquo; _builder_version=&raquo;3.16&#8243; form_field_font=&raquo;||||&raquo; use_border_color=&raquo;off&raquo; button_text_size__hover_enabled=&raquo;off&raquo; button_one_text_size__hover_enabled=&raquo;off&raquo; button_two_text_size__hover_enabled=&raquo;off&raquo; button_text_color__hover_enabled=&raquo;off&raquo; button_one_text_color__hover_enabled=&raquo;off&raquo; button_two_text_color__hover_enabled=&raquo;off&raquo; button_border_width__hover_enabled=&raquo;off&raquo; button_one_border_width__hover_enabled=&raquo;off&raquo; button_two_border_width__hover_enabled=&raquo;off&raquo; button_border_color__hover_enabled=&raquo;off&raquo; button_one_border_color__hover_enabled=&raquo;off&raquo; button_two_border_color__hover_enabled=&raquo;off&raquo; button_border_radius__hover_enabled=&raquo;off&raquo; button_one_border_radius__hover_enabled=&raquo;off&raquo; button_two_border_radius__hover_enabled=&raquo;off&raquo; button_letter_spacing__hover_enabled=&raquo;off&raquo; button_one_letter_spacing__hover_enabled=&raquo;off&raquo; button_two_letter_spacing__hover_enabled=&raquo;off&raquo; button_bg_color__hover_enabled=&raquo;off&raquo; button_one_bg_color__hover_enabled=&raquo;off&raquo; button_two_bg_color__hover_enabled=&raquo;off&raquo;][\/et_pb_contact_field][et_pb_contact_field field_id=&raquo;Melding&raquo; field_title=&raquo;meldingstekst&raquo; field_type=&raquo;text&raquo; fullwidth_field=&raquo;on&raquo; _builder_version=&raquo;3.16&#8243; form_field_font=&raquo;||||&raquo; use_border_color=&raquo;off&raquo; button_text_size__hover_enabled=&raquo;off&raquo; button_one_text_size__hover_enabled=&raquo;off&raquo; button_two_text_size__hover_enabled=&raquo;off&raquo; button_text_color__hover_enabled=&raquo;off&raquo; button_one_text_color__hover_enabled=&raquo;off&raquo; button_two_text_color__hover_enabled=&raquo;off&raquo; button_border_width__hover_enabled=&raquo;off&raquo; button_one_border_width__hover_enabled=&raquo;off&raquo; button_two_border_width__hover_enabled=&raquo;off&raquo; button_border_color__hover_enabled=&raquo;off&raquo; button_one_border_color__hover_enabled=&raquo;off&raquo; button_two_border_color__hover_enabled=&raquo;off&raquo; button_border_radius__hover_enabled=&raquo;off&raquo; button_one_border_radius__hover_enabled=&raquo;off&raquo; button_two_border_radius__hover_enabled=&raquo;off&raquo; button_letter_spacing__hover_enabled=&raquo;off&raquo; button_one_letter_spacing__hover_enabled=&raquo;off&raquo; button_two_letter_spacing__hover_enabled=&raquo;off&raquo; button_bg_color__hover_enabled=&raquo;off&raquo; button_one_bg_color__hover_enabled=&raquo;off&raquo; button_two_bg_color__hover_enabled=&raquo;off&raquo;][\/et_pb_contact_field][\/et_pb_contact_form][\/et_pb_column][\/et_pb_row][\/et_pb_section][et_pb_section fb_built=&raquo;1&#8243; _builder_version=&raquo;3.22&#8243; custom_padding=&raquo;31px|0px|0px|0px|false|false&raquo;][\/et_pb_section]\n","protected":false},"excerpt":{"rendered":"<p>send melding Du er velkommen til \u00e5 kontakte oss om du har sp\u00f8rsm\u00e5l, eller om du \u00f8nsker \u00e5 gi oss tilbakemelding vedr\u00f8rende design eller innhold.\u00a0 \u00a0<\/p>\n","protected":false},"author":1537,"featured_media":0,"parent":29974,"menu_order":0,"comment_status":"closed","ping_status":"closed","template":"","meta":{"_et_pb_use_builder":"on","_et_pb_old_content":"","_et_gb_content_width":"","footnotes":""},"class_list":["post-28863","page","type-page","status-publish","hentry"],"_links":{"self":[{"href":"https:\/\/result.uit.no\/reaidu\/wp-json\/wp\/v2\/pages\/28863","targetHints":{"allow":["GET"]}}],"collection":[{"href":"https:\/\/result.uit.no\/reaidu\/wp-json\/wp\/v2\/pages"}],"about":[{"href":"https:\/\/result.uit.no\/reaidu\/wp-json\/wp\/v2\/types\/page"}],"author":[{"embeddable":true,"href":"https:\/\/result.uit.no\/reaidu\/wp-json\/wp\/v2\/users\/1537"}],"replies":[{"embeddable":true,"href":"https:\/\/result.uit.no\/reaidu\/wp-json\/wp\/v2\/comments?post=28863"}],"version-history":[{"count":0,"href":"https:\/\/result.uit.no\/reaidu\/wp-json\/wp\/v2\/pages\/28863\/revisions"}],"up":[{"embeddable":true,"href":"https:\/\/result.uit.no\/reaidu\/wp-json\/wp\/v2\/pages\/29974"}],"wp:attachment":[{"href":"https:\/\/result.uit.no\/reaidu\/wp-json\/wp\/v2\/media?parent=28863"}],"curies":[{"name":"wp","href":"https:\/\/api.w.org\/{rel}","templated":true}]}}