{"id":970,"date":"2018-03-13T14:12:40","date_gmt":"2018-03-13T13:12:40","guid":{"rendered":"https:\/\/result.uit.no\/proted\/?page_id=970"},"modified":"2020-01-20T16:16:05","modified_gmt":"2020-01-20T15:16:05","slug":"arrangement","status":"publish","type":"page","link":"https:\/\/result.uit.no\/proted\/arrangement\/","title":{"rendered":"Arrangement"},"content":{"rendered":"<p>[et_pb_section fb_built=&raquo;1&#8243; fullwidth=&raquo;on&raquo; _builder_version=&raquo;3.22&#8243;][et_pb_fullwidth_image src=&raquo;https:\/\/result.uit.no\/proted\/wp-content\/uploads\/sites\/45\/2017\/10\/Banner.jpg&raquo; _builder_version=&raquo;3.0.87&#8243; animation=&raquo;off&raquo; use_border_color=&raquo;off&raquo; border_color=&raquo;#ffffff&raquo; border_width=&raquo;1px&raquo; border_style=&raquo;solid&raquo; saved_tabs=&raquo;all&raquo;][\/et_pb_fullwidth_image][\/et_pb_section][et_pb_section fb_built=&raquo;1&#8243; _builder_version=&raquo;3.22&#8243;][et_pb_row _builder_version=&raquo;3.25&#8243;][et_pb_column type=&raquo;4_4&#8243; _builder_version=&raquo;3.25&#8243; custom_padding=&raquo;|||&raquo; custom_padding__hover=&raquo;|||&raquo;][et_pb_text _builder_version=&raquo;3.27.4&#8243;]<\/p>\n<h3><strong>Kommende:\u00a0<\/strong><\/h3>\n<p><strong>\u00a0<\/strong><\/p>\n<p>\u00a0Vi har ingen planlagte arrangement.\u00a0<\/p>\n<p>&nbsp;<\/p>\n<h3><strong>Tidligere:\u00a0<\/strong><\/h3>\n<p>9. januar 2020:\u00a0<br \/><strong>Mastertorg for studentene p\u00e5 2. og 4. \u00e5r.\u00a0<\/strong><br \/> UiT Mellomveien, Troms\u00f8<\/p>\n<p>&nbsp;<\/p>\n<p><span style=\"font-size: 14px\">26.-27. mars 2019:<br \/><\/span><strong>Veiledningskonferansen 2019<\/strong><br \/> <span>Park Inn Hotell, Gardermoen<\/span><\/p>\n<p>16. januar 2019:<br \/> <strong>Mastertorg for studentene p\u00e5 2. og 4. \u00e5r.\u00a0<\/strong><br \/> UiT Mellomveien, Troms\u00f8<\/p>\n<p>16. januar 2019:<br \/> <strong>Fagdag for studentene p\u00e5 5. \u00e5r<\/strong><br \/> Scandic Ishavshotell, Troms\u00f8<\/p>\n<p>&nbsp;<\/p>\n<p>19. november 2018:\u00a0<strong><br \/> <\/strong><span><strong>Konferanse:<\/strong><\/span><a href=\"https:\/\/result.uit.no\/proted\/livskvalitet-i-skolen-laerdommer-fra-forskningsprosjektet-trivsel-i-tromso\/\"><span><strong> Livskvalitet i skolen. L\u00e6rdommer fra forskningsprosjektet <\/strong><\/span><\/a><em><a href=\"https:\/\/result.uit.no\/proted\/livskvalitet-i-skolen-laerdommer-fra-forskningsprosjektet-trivsel-i-tromso\/\"><strong>Trivsel i Troms\u00f8<\/strong><\/a><br \/> <\/em>Scandic Ishavshotell, Troms\u00f8<\/p>\n<p>August:<strong><br \/> <\/strong><strong>Oppstart med STIL 2018<\/strong><br \/> UiT Mellomveien, Troms\u00f8<\/p>\n<p>Mai:<strong><br \/> Masterkonferansen 2018<br \/> <\/strong>UiT Mellomveien, Troms\u00f8<\/p>\n<p>5. april 2018:<b><br \/> <\/b><strong>Workshop:\u00a0Demokrati og medborgerskap (for 1. \u00e5rsstudentene)<\/strong><br \/> UiT Mellomveien, Troms\u00f8<\/p>\n<p>15.-16. mars 2018:<strong><br \/> Konferanse: <a href=\"https:\/\/result.uit.no\/proted\/veiledningsseminar\/\">Veiledning av profesjonsn\u00e6re masteroppgaver for grunnskolel\u00e6rerutdanningene<\/a><\/strong><br \/> <span>Park Inn Hotell, Gardermoen.\u00a0<\/span><\/p>\n<p><strong><\/strong><\/p>\n<p><strong><\/strong><\/p>\n<p><strong>\u00a0<\/strong><\/p>\n<p><strong><\/strong><\/p>\n<p>[\/et_pb_text][\/et_pb_column][\/et_pb_row][\/et_pb_section]<\/p>\n","protected":false},"excerpt":{"rendered":"<p>Kommende:\u00a0 \u00a0 \u00a0Vi har ingen planlagte arrangement.\u00a0 &nbsp; Tidligere:\u00a0 9. januar 2020:\u00a0Mastertorg for studentene p\u00e5 2. og 4. \u00e5r.\u00a0 UiT Mellomveien, Troms\u00f8 &nbsp; 26.-27. mars 2019:Veiledningskonferansen 2019 Park Inn Hotell, Gardermoen 16. januar 2019: Mastertorg for studentene p\u00e5 2. og 4. \u00e5r.\u00a0 UiT Mellomveien, Troms\u00f8 16. januar 2019: Fagdag for studentene p\u00e5 5. \u00e5r Scandic [&hellip;]<\/p>\n","protected":false},"author":1078,"featured_media":0,"parent":0,"menu_order":0,"comment_status":"closed","ping_status":"closed","template":"","meta":{"_et_pb_use_builder":"on","_et_pb_old_content":"","_et_gb_content_width":"","footnotes":""},"class_list":["post-970","page","type-page","status-publish","hentry"],"_links":{"self":[{"href":"https:\/\/result.uit.no\/proted\/wp-json\/wp\/v2\/pages\/970","targetHints":{"allow":["GET"]}}],"collection":[{"href":"https:\/\/result.uit.no\/proted\/wp-json\/wp\/v2\/pages"}],"about":[{"href":"https:\/\/result.uit.no\/proted\/wp-json\/wp\/v2\/types\/page"}],"author":[{"embeddable":true,"href":"https:\/\/result.uit.no\/proted\/wp-json\/wp\/v2\/users\/1078"}],"replies":[{"embeddable":true,"href":"https:\/\/result.uit.no\/proted\/wp-json\/wp\/v2\/comments?post=970"}],"version-history":[{"count":0,"href":"https:\/\/result.uit.no\/proted\/wp-json\/wp\/v2\/pages\/970\/revisions"}],"wp:attachment":[{"href":"https:\/\/result.uit.no\/proted\/wp-json\/wp\/v2\/media?parent=970"}],"curies":[{"name":"wp","href":"https:\/\/api.w.org\/{rel}","templated":true}]}}

<p>[et_pb_section fb_built=&raquo;1&#8243; fullwidth=&raquo;on&raquo; _builder_version=&raquo;3.22&#8243;][et_pb_fullwidth_image src=&raquo;https://result.uit.no/proted/wp-content/uploads/sites/45/2017/10/Banner.jpg&raquo; _builder_version=&raquo;3.0.87&#8243; animation=&raquo;off&raquo; use_border_color=&raquo;off&raquo; border_color=&raquo;#ffffff&raquo; border_width=&raquo;1px&raquo; border_style=&raquo;solid&raquo; saved_tabs=&raquo;all&raquo;][/et_pb_fullwidth_image][/et_pb_section][et_pb_section fb_built=&raquo;1&#8243; _builder_version=&raquo;3.22&#8243;][et_pb_row _builder_version=&raquo;3.25&#8243;][et_pb_column type=&raquo;4_4&#8243; _builder_version=&raquo;3.25&#8243; custom_padding=&raquo;|||&raquo; custom_padding__hover=&raquo;|||&raquo;][et_pb_text _builder_version=&raquo;3.27.4&#8243;]</p>
<h3><strong>Kommende: </strong></h3>
<p><strong> </strong></p>
<p> Vi har ingen planlagte arrangement. </p>
<p>&nbsp;</p>
<h3><strong>Tidligere: </strong></h3>
<p>9. januar 2020: <br /><strong>Mastertorg for studentene på 2. og 4. år. </strong><br /> UiT Mellomveien, Tromsø</p>
<p>&nbsp;</p>
<p><span style="font-size: 14px">26.-27. mars 2019:<br /></span><strong>Veiledningskonferansen 2019</strong><br /> <span>Park Inn Hotell, Gardermoen</span></p>
<p>16. januar 2019:<br /> <strong>Mastertorg for studentene på 2. og 4. år. </strong><br /> UiT Mellomveien, Tromsø</p>
<p>16. januar 2019:<br /> <strong>Fagdag for studentene på 5. år</strong><br /> Scandic Ishavshotell, Tromsø</p>
<p>&nbsp;</p>
<p>19. november 2018: <strong><br /> </strong><span><strong>Konferanse:</strong></span><a href="https://result.uit.no/proted/livskvalitet-i-skolen-laerdommer-fra-forskningsprosjektet-trivsel-i-tromso/"><span><strong> Livskvalitet i skolen. Lærdommer fra forskningsprosjektet </strong></span></a><em><a href="https://result.uit.no/proted/livskvalitet-i-skolen-laerdommer-fra-forskningsprosjektet-trivsel-i-tromso/"><strong>Trivsel i Tromsø</strong></a><br /> </em>Scandic Ishavshotell, Tromsø</p>
<p>August:<strong><br /> </strong><strong>Oppstart med STIL 2018</strong><br /> UiT Mellomveien, Tromsø</p>
<p>Mai:<strong><br /> Masterkonferansen 2018<br /> </strong>UiT Mellomveien, Tromsø</p>
<p>5. april 2018:<b><br /> </b><strong>Workshop: Demokrati og medborgerskap (for 1. årsstudentene)</strong><br /> UiT Mellomveien, Tromsø</p>
<p>15.-16. mars 2018:<strong><br /> Konferanse: <a href="https://result.uit.no/proted/veiledningsseminar/">Veiledning av profesjonsnære masteroppgaver for grunnskolelærerutdanningene</a></strong><br /> <span>Park Inn Hotell, Gardermoen. </span></p>
<p><strong></strong></p>
<p><strong></strong></p>
<p><strong> </strong></p>
<p><strong></strong></p>
<p>[/et_pb_text][/et_pb_column][/et_pb_row][/et_pb_section]</p>

<p>Kommende:     Vi har ingen planlagte arrangement.  &nbsp; Tidligere:  9. januar 2020: Mastertorg for studentene på 2. og 4. år.  UiT Mellomveien, Tromsø &nbsp; 26.-27. mars 2019:Veiledningskonferansen 2019 Park Inn Hotell, Gardermoen 16. januar 2019: Mastertorg for studentene på 2. og 4. år.  UiT Mellomveien, Tromsø 16. januar 2019: Fagdag for studentene på 5. år Scandic [&hellip;]</p>
