{"id":160,"date":"2017-10-03T11:46:10","date_gmt":"2017-10-03T10:46:10","guid":{"rendered":"https:\/\/result.uit.no\/proted\/?page_id=160"},"modified":"2018-06-04T22:39:21","modified_gmt":"2018-06-04T20:39:21","slug":"utviklingsomrader","status":"publish","type":"page","link":"https:\/\/result.uit.no\/proted\/utviklingsomrader\/","title":{"rendered":"Utviklingsomr\u00e5der"},"content":{"rendered":"<p>[et_pb_section fb_built=&raquo;1&#8243; fullwidth=&raquo;on&raquo; _builder_version=&raquo;3.0.47&#8243; transparent_background=&raquo;off&raquo;][et_pb_fullwidth_image src=&raquo;https:\/\/result.uit.no\/proted\/wp-content\/uploads\/sites\/45\/2017\/10\/Banner.jpg&raquo; admin_label=&raquo;Fullbreddes bilde&raquo; _builder_version=&raquo;3.0.47&#8243; use_border_color=&raquo;off&raquo; border_color=&raquo;#ffffff&raquo; border_width=&raquo;1px&raquo; border_style=&raquo;solid&raquo; animation=&raquo;off&raquo; saved_tabs=&raquo;all&raquo;] [\/et_pb_fullwidth_image][\/et_pb_section][et_pb_section fb_built=&raquo;1&#8243; _builder_version=&raquo;3.0.47&#8243; transparent_background=&raquo;off&raquo;][et_pb_row custom_padding=&raquo;27px|0px|23px|0px&raquo; _builder_version=&raquo;3.0.47&#8243; background_size=&raquo;initial&raquo; background_position=&raquo;top_left&raquo; background_repeat=&raquo;repeat&raquo;][et_pb_column type=&raquo;4_4&#8243; _builder_version=&raquo;3.0.47&#8243; parallax=&raquo;off&raquo; parallax_method=&raquo;on&raquo;][et_pb_text _builder_version=&raquo;3.0.47&#8243; background_size=&raquo;initial&raquo; background_position=&raquo;top_left&raquo; background_repeat=&raquo;repeat&raquo; use_border_color=&raquo;off&raquo; border_style=&raquo;solid&raquo;]<\/p>\n<h2>Utviklingsomr\u00e5der<\/h2>\n<p>[\/et_pb_text][et_pb_text _builder_version=&raquo;3.0.47&#8243; background_size=&raquo;initial&raquo; background_position=&raquo;top_left&raquo; background_repeat=&raquo;repeat&raquo; use_border_color=&raquo;off&raquo; border_style=&raquo;solid&raquo;]<\/p>\n<p><img decoding=\"async\" class=\"wp-image-624 alignright size-full lazyload\" data-src=\"https:\/\/result.uit.no\/proted\/wp-content\/uploads\/sites\/45\/2017\/11\/organiseringsmall.jpg\" alt=\"\" width=\"450\" height=\"400\" data-srcset=\"https:\/\/result.uit.no\/proted\/wp-content\/uploads\/sites\/45\/2017\/11\/organiseringsmall.jpg 500w, https:\/\/result.uit.no\/proted\/wp-content\/uploads\/sites\/45\/2017\/11\/organiseringsmall-300x266.jpg 300w\" data-sizes=\"(max-width: 450px) 100vw, 450px\" src=\"data:image\/svg+xml;base64,PHN2ZyB3aWR0aD0iMSIgaGVpZ2h0PSIxIiB4bWxucz0iaHR0cDovL3d3dy53My5vcmcvMjAwMC9zdmciPjwvc3ZnPg==\" style=\"--smush-placeholder-width: 450px; --smush-placeholder-aspect-ratio: 450\/400;\" \/> ProTeds virksomhet er organisert i fem utviklingsomr\u00e5der, forkortet OU. Utviklingsomr\u00e5dene fungerer som strukturerende rom for utvikling og utpr\u00f8ving av strategier, tiltak, modeller og metoder som bidrar til kvalitet i l\u00e6rerutdanningene ved UiT og UiO. Omr\u00e5dene er atskilt av analytiske hensyn det er mange fellesnevnere og overlappinger p\u00e5 tvers som bidrar til utviklingen av helhetlige integrerte studiedesign. Hvert utviklingsomr\u00e5de er forankret i fagmilj\u00f8en ved b\u00e5de ILP ved UiT og ILS ved UIT, og det er \u00f8nskelig at omr\u00e5dene bidrar til kunnskapsutveksling og synergier mellom de to fagmilj\u00f8ene.<\/p>\n<h3><\/h3>\n<p>&nbsp;<\/p>\n<h3>UO1 &#8211;\u00a0Studentaktive l\u00e6ringsformer<\/h3>\n<p>Omr\u00e5deleder:\u00a0<a href=\"https:\/\/uit.no\/om\/enhet\/ansatte\/person?p_document_id=94364&amp;p_dimension_id=88155\" target=\"_blank\" rel=\"noopener\">Tove Leming<\/a><\/p>\n<p>M\u00e5lsetting:\u00a0videreutvikle og systematisere arbeidet med undervisningskvalitet gjennom et fokus p\u00e5 studentaktive l\u00e6ringsformer. Dette omhandler \u00e5 st\u00f8tte opp rundt studentenes evne og vilje til \u00e5 s\u00f8ke og \u00e5 utvikle kunnskap og forst\u00e5else, og \u00e5 akseptere at det finnes flere m\u00e5ter \u00e5 l\u00e6re p\u00e5. Bruk av kreative tiln\u00e6rmingsm\u00e5ter, omvendt undervisning, ulike arbeidsgruppesammensetninger med ulike form\u00e5l, prosjektbasert arbeid og problembasert l\u00e6ring er noen av mulighetene som finnes innenfor dette feltet, og som ProTed\u2019s omr\u00e5de 1 fokuserer p\u00e5. Erfaringsdeling internt st\u00e5r ogs\u00e5 sentralt.<\/p>\n<p>&nbsp;<\/p>\n<h3>UO2 &#8211; Universitetsskoler og profesjonell praksis<\/h3>\n<p>Omr\u00e5deleder:\u00a0<a href=\"https:\/\/uit.no\/om\/enhet\/ansatte\/person?p_document_id=513052&amp;p_dimension_id=88155\" target=\"_blank\" rel=\"noopener\">Jan Fredrik Skogdal<\/a><\/p>\n<p>Samarbeidspartnere:\u00a0Troms\u00f8 kommune, Alta kommune og Troms fylkeskommune.<\/p>\n<p>M\u00e5lsetting: Utvikling av universitetsskolekonseptet for samhandling mellom universitet, skole og skoleeier om integrasjon av teori, FoU-arbeid og praksis i l\u00e6rerutdanningen.<\/p>\n<p>&nbsp;<\/p>\n<h3>UO3 &#8211; Digitale l\u00e6ringsomgivelser<\/h3>\n<p>Omr\u00e5deledere:\u00a0<a href=\"https:\/\/uit.no\/om\/enhet\/ansatte\/person?p_document_id=345794&amp;p_dimension_id=189147\">Lisbeth Bergum Johanson<\/a> og <a href=\"https:\/\/uit.no\/om\/enhet\/ansatte\/person?p_document_id=43718&amp;p_dimension_id=189147\">Silje Solheim Karlsen<\/a><\/p>\n<p>Samarbeidspartnere: Troms\u00f8 kommune, Troms\u00f8 EdTech, Senter for IKT i utdanningen og IT-avdelinga ved UiT.<\/p>\n<p>M\u00e5lsetting:\u00a0Arbeidet med \u00e5 utvikle konseptet profesjonsfaglig digital kompetanse (pfdk) har v\u00e6rt og er sentralt i ProTed. Den overordna m\u00e5lsettinga er framover er \u00e5 videreutvikle b\u00e5de denne kompetansen hos l\u00e6rerutdannere og studenter, samt \u00e5 s\u00f8rge for at pfdk er godt integrert i de nye studie- og emneplanene.<\/p>\n<p>&nbsp;<\/p>\n<h3>UO4 &#8211; Utdanningsledelse og studiekvalitet<\/h3>\n<p>Omr\u00e5deleder:\u00a0<a href=\"https:\/\/uit.no\/om\/enhet\/ansatte\/person?p_document_id=43759&amp;p_dimension_id=88155\" target=\"_blank\" rel=\"noopener\">Rachel Jakhelln<\/a><\/p>\n<p>M\u00e5lsetting:\u00a0Hovedm\u00e5let er \u00e5 bidra til \u00e5 utvikle en sterkere kultur for kollegabasert utviklingsarbeid og kompetanseutvikling knytta til lektor 1-7 og 5-10.<\/p>\n<p>&nbsp;<\/p>\n<p>Rapporter:<br \/><a href=\"https:\/\/result.uit.no\/proted\/wp-content\/uploads\/sites\/45\/2017\/12\/Kvalitet-i-masterveiledningen-Kollegabasert-kompetanseutvikling-for-veiledere-i-IMA-LU-1-7-og-5-10..pdf\" target=\"_blank\" rel=\"noopener\">Kvalitet i masterveiledningen: Kollegabasert kompetanseutvikling for veiledere i IMA-LU 1-7 og 5-10. (2015-2017)<\/a> &#8211; pdf<\/p>\n<p>&nbsp;<\/p>\n<h3>UO5 &#8211;\u00a0Integrerte studiedesign (Kunnskapsbase for l\u00e6rerutdanning)<\/h3>\n<p>Omr\u00e5deleder:\u00a0<a href=\"https:\/\/uit.no\/om\/enhet\/ansatte\/person?p_document_id=93927&amp;p_dimension_id=88155\" target=\"_blank\" rel=\"noopener\">Ove Gunnar Drageset<\/a><\/p>\n<p>M\u00e5lsetting:\u00a0M\u00e5lsettingen i UO5 er \u00e5 evaluere og revidere studie- og emneplaner for fem\u00e5rige grunnskolel\u00e6rerutdanninger ved ILP ved \u00e5 utfordre og fasillitere for et fortsatt h\u00f8yt innovasjons- og utviklingstrykk. I prosessen med \u00e5 revidere studie- og emneplaner er det en m\u00e5lsetting \u00e5 sikre programmenes relevans sett i forhold til nye nasjonale f\u00f8ringer, implementere anbefalinger fra ekstern evaluering, og syntetisere milj\u00f8ets egne erfaringer fra pilotfasen. Arbeidet skal im\u00f8tekomme ProTeds m\u00e5l om samarbeid med forskergrupper ved ILP, og UiTs overordnede m\u00e5lsetting om at ILP skal v\u00e6re nasjonalt ledende n\u00e5r det gjelder l\u00e6rerutdanning.<\/p>\n<p>&nbsp;<\/p>\n<p>&nbsp;<\/p>\n<p>&nbsp;<\/p>\n<p>&nbsp;<\/p>\n<p>[\/et_pb_text][\/et_pb_column][\/et_pb_row][\/et_pb_section]<\/p>\n","protected":false},"excerpt":{"rendered":"<p>Utviklingsomr\u00e5der ProTeds virksomhet er organisert i fem utviklingsomr\u00e5der, forkortet OU. Utviklingsomr\u00e5dene fungerer som strukturerende rom for utvikling og utpr\u00f8ving av strategier, tiltak, modeller og metoder som bidrar til kvalitet i l\u00e6rerutdanningene ved UiT og UiO. Omr\u00e5dene er atskilt av analytiske hensyn det er mange fellesnevnere og overlappinger p\u00e5 tvers som bidrar til utviklingen av helhetlige [&hellip;]<\/p>\n","protected":false},"author":1078,"featured_media":0,"parent":0,"menu_order":0,"comment_status":"closed","ping_status":"closed","template":"","meta":{"_et_pb_use_builder":"on","_et_pb_old_content":"","_et_gb_content_width":"","footnotes":""},"class_list":["post-160","page","type-page","status-publish","hentry"],"_links":{"self":[{"href":"https:\/\/result.uit.no\/proted\/wp-json\/wp\/v2\/pages\/160","targetHints":{"allow":["GET"]}}],"collection":[{"href":"https:\/\/result.uit.no\/proted\/wp-json\/wp\/v2\/pages"}],"about":[{"href":"https:\/\/result.uit.no\/proted\/wp-json\/wp\/v2\/types\/page"}],"author":[{"embeddable":true,"href":"https:\/\/result.uit.no\/proted\/wp-json\/wp\/v2\/users\/1078"}],"replies":[{"embeddable":true,"href":"https:\/\/result.uit.no\/proted\/wp-json\/wp\/v2\/comments?post=160"}],"version-history":[{"count":0,"href":"https:\/\/result.uit.no\/proted\/wp-json\/wp\/v2\/pages\/160\/revisions"}],"wp:attachment":[{"href":"https:\/\/result.uit.no\/proted\/wp-json\/wp\/v2\/media?parent=160"}],"curies":[{"name":"wp","href":"https:\/\/api.w.org\/{rel}","templated":true}]}}