{"id":1554,"date":"2019-03-21T21:04:04","date_gmt":"2019-03-21T20:04:04","guid":{"rendered":"https:\/\/result.uit.no\/proted\/?page_id=1554"},"modified":"2019-03-22T00:57:21","modified_gmt":"2019-03-21T23:57:21","slug":"filmer","status":"publish","type":"page","link":"https:\/\/result.uit.no\/proted\/filmer\/","title":{"rendered":"Filmer"},"content":{"rendered":"<p>[et_pb_section fb_built=&raquo;1&#8243; fullwidth=&raquo;on&raquo; _builder_version=&raquo;3.0.74&#8243; transparent_background=&raquo;off&raquo;][et_pb_fullwidth_image src=&raquo;https:\/\/result.uit.no\/proted\/wp-content\/uploads\/sites\/45\/2017\/10\/Banner.jpg&raquo; admin_label=&raquo;Fullbreddes bilde&raquo; _builder_version=&raquo;3.0.87&#8243; animation=&raquo;off&raquo; use_border_color=&raquo;off&raquo; border_color=&raquo;#ffffff&raquo; border_width=&raquo;1px&raquo; border_style=&raquo;solid&raquo; saved_tabs=&raquo;all&raquo;] [\/et_pb_fullwidth_image][\/et_pb_section][et_pb_section fb_built=&raquo;1&#8243; _builder_version=&raquo;3.0.74&#8243; custom_padding=&raquo;54px|0px|91px|0px|false|false&raquo; transparent_background=&raquo;off&raquo;][et_pb_row custom_padding=&raquo;27px|0px|0px|0px&raquo; _builder_version=&raquo;3.0.47&#8243; background_size=&raquo;initial&raquo; background_position=&raquo;top_left&raquo; background_repeat=&raquo;repeat&raquo;][et_pb_column type=&raquo;4_4&#8243; _builder_version=&raquo;3.0.47&#8243;][et_pb_text _builder_version=&raquo;3.19.18&#8243; background_size=&raquo;initial&raquo; background_position=&raquo;top_left&raquo; background_repeat=&raquo;repeat&raquo; use_border_color=&raquo;off&raquo; border_style=&raquo;solid&raquo;]<\/p>\n<h2>Filmer fra Oppstart med STIL h\u00f8sten 2018<\/h2>\n<p>Ved studiestart h\u00f8sten 2018 hadde ProTed med seg et kamerateam som dokumenterte oppstarten for grunnskolel\u00e6rerstudentene og prosjektet &laquo;oppstart med STIL&raquo;.<\/p>\n<p>&nbsp;<\/p>\n<p>2 minutter<\/p>\n<p><iframe width=\"1080\" height=\"608\" src=\"https:\/\/www.youtube.com\/embed\/QaEPY3RAzXY?feature=oembed\" frameborder=\"0\" allow=\"accelerometer; autoplay; encrypted-media; gyroscope; picture-in-picture\" allowfullscreen><\/iframe><\/p>\n<p>&nbsp;<\/p>\n<p>6 minutter<\/p>\n<p><iframe width=\"1080\" height=\"608\" src=\"https:\/\/www.youtube.com\/embed\/2mnXHkzMJFU?feature=oembed\" frameborder=\"0\" allow=\"accelerometer; autoplay; encrypted-media; gyroscope; picture-in-picture\" allowfullscreen><\/iframe><\/p>\n<p>&nbsp;<\/p>\n<p>14 minutter<\/p>\n<p><iframe width=\"1080\" height=\"608\" src=\"https:\/\/www.youtube.com\/embed\/TwUhObXc5h8?feature=oembed\" frameborder=\"0\" allow=\"accelerometer; autoplay; encrypted-media; gyroscope; picture-in-picture\" allowfullscreen><\/iframe><\/p>\n<p>[\/et_pb_text][\/et_pb_column][\/et_pb_row][\/et_pb_section]<\/p>\n","protected":false},"excerpt":{"rendered":"<p>Filmer fra Oppstart med STIL h\u00f8sten 2018 Ved studiestart h\u00f8sten 2018 hadde ProTed med seg et kamerateam som dokumenterte oppstarten for grunnskolel\u00e6rerstudentene og prosjektet &laquo;oppstart med STIL&raquo;. &nbsp; 2 minutter https:\/\/youtu.be\/QaEPY3RAzXY &nbsp; 6 minutter https:\/\/youtu.be\/2mnXHkzMJFU &nbsp; 14 minutter https:\/\/youtu.be\/TwUhObXc5h8<\/p>\n","protected":false},"author":1078,"featured_media":0,"parent":0,"menu_order":0,"comment_status":"closed","ping_status":"closed","template":"","meta":{"_et_pb_use_builder":"on","_et_pb_old_content":"","_et_gb_content_width":"","footnotes":""},"class_list":["post-1554","page","type-page","status-publish","hentry"],"_links":{"self":[{"href":"https:\/\/result.uit.no\/proted\/wp-json\/wp\/v2\/pages\/1554","targetHints":{"allow":["GET"]}}],"collection":[{"href":"https:\/\/result.uit.no\/proted\/wp-json\/wp\/v2\/pages"}],"about":[{"href":"https:\/\/result.uit.no\/proted\/wp-json\/wp\/v2\/types\/page"}],"author":[{"embeddable":true,"href":"https:\/\/result.uit.no\/proted\/wp-json\/wp\/v2\/users\/1078"}],"replies":[{"embeddable":true,"href":"https:\/\/result.uit.no\/proted\/wp-json\/wp\/v2\/comments?post=1554"}],"version-history":[{"count":0,"href":"https:\/\/result.uit.no\/proted\/wp-json\/wp\/v2\/pages\/1554\/revisions"}],"wp:attachment":[{"href":"https:\/\/result.uit.no\/proted\/wp-json\/wp\/v2\/media?parent=1554"}],"curies":[{"name":"wp","href":"https:\/\/api.w.org\/{rel}","templated":true}]}}

<p>[et_pb_section fb_built=&raquo;1&#8243; fullwidth=&raquo;on&raquo; _builder_version=&raquo;3.0.74&#8243; transparent_background=&raquo;off&raquo;][et_pb_fullwidth_image src=&raquo;https://result.uit.no/proted/wp-content/uploads/sites/45/2017/10/Banner.jpg&raquo; admin_label=&raquo;Fullbreddes bilde&raquo; _builder_version=&raquo;3.0.87&#8243; animation=&raquo;off&raquo; use_border_color=&raquo;off&raquo; border_color=&raquo;#ffffff&raquo; border_width=&raquo;1px&raquo; border_style=&raquo;solid&raquo; saved_tabs=&raquo;all&raquo;] [/et_pb_fullwidth_image][/et_pb_section][et_pb_section fb_built=&raquo;1&#8243; _builder_version=&raquo;3.0.74&#8243; custom_padding=&raquo;54px|0px|91px|0px|false|false&raquo; transparent_background=&raquo;off&raquo;][et_pb_row custom_padding=&raquo;27px|0px|0px|0px&raquo; _builder_version=&raquo;3.0.47&#8243; background_size=&raquo;initial&raquo; background_position=&raquo;top_left&raquo; background_repeat=&raquo;repeat&raquo;][et_pb_column type=&raquo;4_4&#8243; _builder_version=&raquo;3.0.47&#8243;][et_pb_text _builder_version=&raquo;3.19.18&#8243; background_size=&raquo;initial&raquo; background_position=&raquo;top_left&raquo; background_repeat=&raquo;repeat&raquo; use_border_color=&raquo;off&raquo; border_style=&raquo;solid&raquo;]</p>
<h2>Filmer fra Oppstart med STIL høsten 2018</h2>
<p>Ved studiestart høsten 2018 hadde ProTed med seg et kamerateam som dokumenterte oppstarten for grunnskolelærerstudentene og prosjektet &laquo;oppstart med STIL&raquo;.</p>
<p>&nbsp;</p>
<p>2 minutter</p>
<p><iframe width="1080" height="608" src="https://www.youtube.com/embed/QaEPY3RAzXY?feature=oembed" frameborder="0" allow="accelerometer; autoplay; encrypted-media; gyroscope; picture-in-picture" allowfullscreen></iframe></p>
<p>&nbsp;</p>
<p>6 minutter</p>
<p><iframe width="1080" height="608" src="https://www.youtube.com/embed/2mnXHkzMJFU?feature=oembed" frameborder="0" allow="accelerometer; autoplay; encrypted-media; gyroscope; picture-in-picture" allowfullscreen></iframe></p>
<p>&nbsp;</p>
<p>14 minutter</p>
<p><iframe width="1080" height="608" src="https://www.youtube.com/embed/TwUhObXc5h8?feature=oembed" frameborder="0" allow="accelerometer; autoplay; encrypted-media; gyroscope; picture-in-picture" allowfullscreen></iframe></p>
<p>[/et_pb_text][/et_pb_column][/et_pb_row][/et_pb_section]</p>

<p>Filmer fra Oppstart med STIL høsten 2018 Ved studiestart høsten 2018 hadde ProTed med seg et kamerateam som dokumenterte oppstarten for grunnskolelærerstudentene og prosjektet &laquo;oppstart med STIL&raquo;. &nbsp; 2 minutter https://youtu.be/QaEPY3RAzXY &nbsp; 6 minutter https://youtu.be/2mnXHkzMJFU &nbsp; 14 minutter https://youtu.be/TwUhObXc5h8</p>
