{"id":26353,"date":"2017-12-22T13:43:35","date_gmt":"2017-12-22T12:43:35","guid":{"rendered":"https:\/\/result.uit.no\/musicificium\/laerematerialer\/polyrytmiske-duetter\/"},"modified":"2024-09-04T10:35:12","modified_gmt":"2024-09-04T08:35:12","slug":"polyrytmiske-duetter","status":"publish","type":"page","link":"https:\/\/result.uit.no\/musicificium\/laerematerialer\/polyrytmiske-duetter\/","title":{"rendered":"Polyrytmiske duetter"},"content":{"rendered":"<p>[et_pb_section fb_built=&#8221;1&#8243; admin_label=&#8221;section&#8221; _builder_version=&#8221;4.16&#8243; global_colors_info=&#8221;{}&#8221;][et_pb_row column_structure=&#8221;1_2,1_2&#8243; admin_label=&#8221;row&#8221; _builder_version=&#8221;4.16&#8243; background_size=&#8221;initial&#8221; background_position=&#8221;top_left&#8221; background_repeat=&#8221;repeat&#8221; global_colors_info=&#8221;{}&#8221;][et_pb_column type=&#8221;1_2&#8243; _builder_version=&#8221;4.16&#8243; custom_padding=&#8221;|||&#8221; global_colors_info=&#8221;{}&#8221; custom_padding__hover=&#8221;|||&#8221;][et_pb_button button_url=&#8221;https:\/\/result.uit.no\/musicificium\/laerematerialer\/polyrytmiske-duetter\/attendelstriol\/&#8221; button_text=&#8221;\u00c5ttendelstriol\/ eight triplets&#8221; admin_label=&#8221;\u00c5ttendelstriol&#8221; _builder_version=&#8221;4.24.2&#8243; custom_css_main_element=&#8221;display: inline-block;||width:75%;&#8221; button_letter_spacing_hover=&#8221;0&#8243; global_colors_info=&#8221;{}&#8221; button_text_size__hover_enabled=&#8221;off&#8221; button_one_text_size__hover_enabled=&#8221;off&#8221; button_two_text_size__hover_enabled=&#8221;off&#8221; button_text_color__hover_enabled=&#8221;off&#8221; button_one_text_color__hover_enabled=&#8221;off&#8221; button_two_text_color__hover_enabled=&#8221;off&#8221; button_border_width__hover_enabled=&#8221;off&#8221; button_one_border_width__hover_enabled=&#8221;off&#8221; button_two_border_width__hover_enabled=&#8221;off&#8221; button_border_color__hover_enabled=&#8221;off&#8221; button_one_border_color__hover_enabled=&#8221;off&#8221; button_two_border_color__hover_enabled=&#8221;off&#8221; button_border_radius__hover_enabled=&#8221;off&#8221; button_one_border_radius__hover_enabled=&#8221;off&#8221; button_two_border_radius__hover_enabled=&#8221;off&#8221; button_one_letter_spacing__hover_enabled=&#8221;off&#8221; button_two_letter_spacing__hover_enabled=&#8221;off&#8221; button_bg_color__hover_enabled=&#8221;off&#8221; button_one_bg_color__hover_enabled=&#8221;off&#8221; button_two_bg_color__hover_enabled=&#8221;off&#8221;]&nbsp;<br \/>\n[\/et_pb_button][et_pb_button button_url=&#8221;https:\/\/result.uit.no\/musicificium\/laerematerialer\/polyrytmiske-duetter\/duol-og-kvartol-i-6-8-takt\/&#8221; button_text=&#8221;Duol og kvartol\/ duplet and quadruplet&#8221; admin_label=&#8221;Duol og kvartol i 6\/8&#8243; _builder_version=&#8221;4.24.2&#8243; custom_css_main_element=&#8221;display: inline-block;||width:75%;&#8221; button_letter_spacing_hover=&#8221;0&#8243; global_colors_info=&#8221;{}&#8221; button_text_size__hover_enabled=&#8221;off&#8221; button_one_text_size__hover_enabled=&#8221;off&#8221; button_two_text_size__hover_enabled=&#8221;off&#8221; button_text_color__hover_enabled=&#8221;off&#8221; button_one_text_color__hover_enabled=&#8221;off&#8221; button_two_text_color__hover_enabled=&#8221;off&#8221; button_border_width__hover_enabled=&#8221;off&#8221; button_one_border_width__hover_enabled=&#8221;off&#8221; button_two_border_width__hover_enabled=&#8221;off&#8221; button_border_color__hover_enabled=&#8221;off&#8221; button_one_border_color__hover_enabled=&#8221;off&#8221; button_two_border_color__hover_enabled=&#8221;off&#8221; button_border_radius__hover_enabled=&#8221;off&#8221; button_one_border_radius__hover_enabled=&#8221;off&#8221; button_two_border_radius__hover_enabled=&#8221;off&#8221; button_one_letter_spacing__hover_enabled=&#8221;off&#8221; button_two_letter_spacing__hover_enabled=&#8221;off&#8221; button_bg_color__hover_enabled=&#8221;off&#8221; button_one_bg_color__hover_enabled=&#8221;off&#8221; button_two_bg_color__hover_enabled=&#8221;off&#8221;]&nbsp;<br \/>\n[\/et_pb_button][et_pb_button button_url=&#8221;https:\/\/result.uit.no\/musicificium\/laerematerialer\/polyrytmiske-duetter\/tre-over-to\/&#8221; button_text=&#8221;Tre over to (3:2)&#8221; admin_label=&#8221;Tre over to&#8221; _builder_version=&#8221;4.24.2&#8243; custom_css_main_element=&#8221;display: inline-block;||width:75%;&#8221; button_letter_spacing_hover=&#8221;0&#8243; global_colors_info=&#8221;{}&#8221; button_text_size__hover_enabled=&#8221;off&#8221; button_one_text_size__hover_enabled=&#8221;off&#8221; button_two_text_size__hover_enabled=&#8221;off&#8221; button_text_color__hover_enabled=&#8221;off&#8221; button_one_text_color__hover_enabled=&#8221;off&#8221; button_two_text_color__hover_enabled=&#8221;off&#8221; button_border_width__hover_enabled=&#8221;off&#8221; button_one_border_width__hover_enabled=&#8221;off&#8221; button_two_border_width__hover_enabled=&#8221;off&#8221; button_border_color__hover_enabled=&#8221;off&#8221; button_one_border_color__hover_enabled=&#8221;off&#8221; button_two_border_color__hover_enabled=&#8221;off&#8221; button_border_radius__hover_enabled=&#8221;off&#8221; button_one_border_radius__hover_enabled=&#8221;off&#8221; button_two_border_radius__hover_enabled=&#8221;off&#8221; button_one_letter_spacing__hover_enabled=&#8221;off&#8221; button_two_letter_spacing__hover_enabled=&#8221;off&#8221; button_bg_color__hover_enabled=&#8221;off&#8221; button_one_bg_color__hover_enabled=&#8221;off&#8221; button_two_bg_color__hover_enabled=&#8221;off&#8221;]&nbsp;<br \/>\n[\/et_pb_button][et_pb_button button_url=&#8221;https:\/\/result.uit.no\/musicificium\/laerematerialer\/polyrytmiske-duetter\/tre-over-fire\/&#8221; button_text=&#8221;Tre over fire (3:4)&#8221; admin_label=&#8221;Tre over fire&#8221; _builder_version=&#8221;4.24.2&#8243; custom_css_main_element=&#8221;display: inline-block;||width:75%;&#8221; button_letter_spacing_hover=&#8221;0&#8243; global_colors_info=&#8221;{}&#8221; button_text_size__hover_enabled=&#8221;off&#8221; button_one_text_size__hover_enabled=&#8221;off&#8221; button_two_text_size__hover_enabled=&#8221;off&#8221; button_text_color__hover_enabled=&#8221;off&#8221; button_one_text_color__hover_enabled=&#8221;off&#8221; button_two_text_color__hover_enabled=&#8221;off&#8221; button_border_width__hover_enabled=&#8221;off&#8221; button_one_border_width__hover_enabled=&#8221;off&#8221; button_two_border_width__hover_enabled=&#8221;off&#8221; button_border_color__hover_enabled=&#8221;off&#8221; button_one_border_color__hover_enabled=&#8221;off&#8221; button_two_border_color__hover_enabled=&#8221;off&#8221; button_border_radius__hover_enabled=&#8221;off&#8221; button_one_border_radius__hover_enabled=&#8221;off&#8221; button_two_border_radius__hover_enabled=&#8221;off&#8221; button_one_letter_spacing__hover_enabled=&#8221;off&#8221; button_two_letter_spacing__hover_enabled=&#8221;off&#8221; button_bg_color__hover_enabled=&#8221;off&#8221; button_one_bg_color__hover_enabled=&#8221;off&#8221; button_two_bg_color__hover_enabled=&#8221;off&#8221;]&nbsp;<br \/>\n[\/et_pb_button][et_pb_button button_url=&#8221;https:\/\/result.uit.no\/musicificium\/laerematerialer\/polyrytmiske-duetter\/to-og-fire-over-tre\/&#8221; button_text=&#8221;To og fire over tre (2:3, 4:3)&#8221; admin_label=&#8221;To og fire over tre&#8221; _builder_version=&#8221;4.24.2&#8243; custom_css_main_element=&#8221;display: inline-block;||width:75%;&#8221; button_letter_spacing_hover=&#8221;0&#8243; global_colors_info=&#8221;{}&#8221; button_text_size__hover_enabled=&#8221;off&#8221; button_one_text_size__hover_enabled=&#8221;off&#8221; button_two_text_size__hover_enabled=&#8221;off&#8221; button_text_color__hover_enabled=&#8221;off&#8221; button_one_text_color__hover_enabled=&#8221;off&#8221; button_two_text_color__hover_enabled=&#8221;off&#8221; button_border_width__hover_enabled=&#8221;off&#8221; button_one_border_width__hover_enabled=&#8221;off&#8221; button_two_border_width__hover_enabled=&#8221;off&#8221; button_border_color__hover_enabled=&#8221;off&#8221; button_one_border_color__hover_enabled=&#8221;off&#8221; button_two_border_color__hover_enabled=&#8221;off&#8221; button_border_radius__hover_enabled=&#8221;off&#8221; button_one_border_radius__hover_enabled=&#8221;off&#8221; button_two_border_radius__hover_enabled=&#8221;off&#8221; button_one_letter_spacing__hover_enabled=&#8221;off&#8221; button_two_letter_spacing__hover_enabled=&#8221;off&#8221; button_bg_color__hover_enabled=&#8221;off&#8221; button_one_bg_color__hover_enabled=&#8221;off&#8221; button_two_bg_color__hover_enabled=&#8221;off&#8221;]&nbsp;<br \/>\n[\/et_pb_button][et_pb_button button_url=&#8221;https:\/\/result.uit.no\/musicificium\/laerematerialer\/polyrytmiske-duetter\/fem-over-tre\/&#8221; button_text=&#8221;Fem over tre (5:3)&#8221; admin_label=&#8221;Fem over tre&#8221; _builder_version=&#8221;4.24.2&#8243; custom_css_main_element=&#8221;display: inline-block;||width:75%;&#8221; button_letter_spacing_hover=&#8221;0&#8243; global_colors_info=&#8221;{}&#8221; button_text_size__hover_enabled=&#8221;off&#8221; button_one_text_size__hover_enabled=&#8221;off&#8221; button_two_text_size__hover_enabled=&#8221;off&#8221; button_text_color__hover_enabled=&#8221;off&#8221; button_one_text_color__hover_enabled=&#8221;off&#8221; button_two_text_color__hover_enabled=&#8221;off&#8221; button_border_width__hover_enabled=&#8221;off&#8221; button_one_border_width__hover_enabled=&#8221;off&#8221; button_two_border_width__hover_enabled=&#8221;off&#8221; button_border_color__hover_enabled=&#8221;off&#8221; button_one_border_color__hover_enabled=&#8221;off&#8221; button_two_border_color__hover_enabled=&#8221;off&#8221; button_border_radius__hover_enabled=&#8221;off&#8221; button_one_border_radius__hover_enabled=&#8221;off&#8221; button_two_border_radius__hover_enabled=&#8221;off&#8221; button_one_letter_spacing__hover_enabled=&#8221;off&#8221; button_two_letter_spacing__hover_enabled=&#8221;off&#8221; button_bg_color__hover_enabled=&#8221;off&#8221; button_one_bg_color__hover_enabled=&#8221;off&#8221; button_two_bg_color__hover_enabled=&#8221;off&#8221;]&nbsp;<br \/>\n[\/et_pb_button][et_pb_button button_url=&#8221;https:\/\/result.uit.no\/musicificium\/laerematerialer\/polyrytmiske-duetter\/fem-over-fire\/&#8221; button_text=&#8221;Fem over to og fire (5:2, 5:4)&#8221; admin_label=&#8221;Fem over fire&#8221; _builder_version=&#8221;4.24.2&#8243; custom_css_main_element=&#8221;display: inline-block;||width:75%;&#8221; button_letter_spacing_hover=&#8221;0&#8243; global_colors_info=&#8221;{}&#8221; button_text_size__hover_enabled=&#8221;off&#8221; button_one_text_size__hover_enabled=&#8221;off&#8221; button_two_text_size__hover_enabled=&#8221;off&#8221; button_text_color__hover_enabled=&#8221;off&#8221; button_one_text_color__hover_enabled=&#8221;off&#8221; button_two_text_color__hover_enabled=&#8221;off&#8221; button_border_width__hover_enabled=&#8221;off&#8221; button_one_border_width__hover_enabled=&#8221;off&#8221; button_two_border_width__hover_enabled=&#8221;off&#8221; button_border_color__hover_enabled=&#8221;off&#8221; button_one_border_color__hover_enabled=&#8221;off&#8221; button_two_border_color__hover_enabled=&#8221;off&#8221; button_border_radius__hover_enabled=&#8221;off&#8221; button_one_border_radius__hover_enabled=&#8221;off&#8221; button_two_border_radius__hover_enabled=&#8221;off&#8221; button_one_letter_spacing__hover_enabled=&#8221;off&#8221; button_two_letter_spacing__hover_enabled=&#8221;off&#8221; button_bg_color__hover_enabled=&#8221;off&#8221; button_one_bg_color__hover_enabled=&#8221;off&#8221; button_two_bg_color__hover_enabled=&#8221;off&#8221;]&nbsp;<br \/>\n[\/et_pb_button][et_pb_toggle title=&#8221;Hefte med alt materialet\/ complete material&#8221; _builder_version=&#8221;4.27.0&#8243; _module_preset=&#8221;default&#8221; hover_enabled=&#8221;0&#8243; sticky_enabled=&#8221;0&#8243;]<\/p>\n<p><a href=\"https:\/\/result.uit.no\/musicificium\/wp-content\/uploads\/sites\/35\/2024\/09\/Polyrytmiske-duetter-og-etuder-hefte.pdf\" rel=\"attachment noopener wp-att-35164\" target=\"_blank\">Polyrytmiske duetter og etuder<\/a><\/p>\n<p>[\/et_pb_toggle][\/et_pb_column][et_pb_column type=&#8221;1_2&#8243; _builder_version=&#8221;4.16&#8243; custom_padding=&#8221;|||&#8221; global_colors_info=&#8221;{}&#8221; custom_padding__hover=&#8221;|||&#8221;][et_pb_image src=&#8221;https:\/\/result.uit.no\/musicificium\/wp-content\/uploads\/sites\/35\/2023\/09\/Aurorabilder-Harmoniske-vendinger-5.jpg&#8221; title_text=&#8221;Aurorabilder Harmoniske vendinger 5&#8243; align=&#8221;right&#8221; align_tablet=&#8221;center&#8221; align_phone=&#8221;&#8221; align_last_edited=&#8221;on|desktop&#8221; _builder_version=&#8221;4.22.2&#8243; animation=&#8221;off&#8221; sticky=&#8221;off&#8221; use_border_color=&#8221;off&#8221; border_color=&#8221;#ffffff&#8221; border_style=&#8221;solid&#8221; global_colors_info=&#8221;{}&#8221;]&nbsp;<br \/>\n[\/et_pb_image][et_pb_toggle title=&#8221;Forord til polyrytmematerialet&#8221; _builder_version=&#8221;4.27.0&#8243; background_size=&#8221;initial&#8221; background_position=&#8221;top_left&#8221; background_repeat=&#8221;repeat&#8221; use_border_color=&#8221;off&#8221; global_colors_info=&#8221;{}&#8221;]<\/p>\n<p>Denne modulen inneholder en samling med korte, polyrytmiske duetter og etuder. Materialet er tiltenkt geh\u00f8rundervisning i h\u00f8yere musikkutdanning, som supplement til det allerede eksisterende l\u00e6rematerialet innen polyrytmikk.<\/p>\n<p>Det fins mye godt l\u00e6restoff fra tidligere innen polyrytmikk, b\u00e5de av eldre og nyere dato. Materialet faller hovedsakelig inn under f\u00f8lgende kategorier:<\/p>\n<ul>\n<li><span> Enstemmige melodier eller rytmer med eller uten toneh\u00f8yde som inneholder polyrytmer. Disse melodiene eller rytmene synges eller spilles mens pulsen markeres\/ved at det takteres. <\/span><span><\/span><\/li>\n<li><span> Enstemmige polyrytmiske melodier eller rytmer med eller uten toneh\u00f8yde som skal synges mens en annen rytme klappes eller bankes (kombinasjons\u00f8velser)<\/span><span>.<\/span><\/li>\n<li><span> Tostemmige polyrytmiske etuder tilrettelagt for klaverspill.<\/span><\/li>\n<\/ul>\n<p>Dette materialet er utviklet for \u00e5 gi studenter trening i polyrytmikk i samspilliknende situasjoner. Solo- etuder der studenten jobber med polyrytmikk uten \u00e5 samvirke med andre, kan v\u00e6re effektivt for \u00e5 l\u00e6re og forst\u00e5 polyrytmen. \u00c5 kunne spille en presis og vel musisert kvintol over en \u00be-takt mens resten av ensemblet spiller andre rytmer, krever ferdigheter ut over det \u00e5 kunne administrere polyrytmen alene. Trening i samspillignende kontekster vil kunne styrke studentenes evne til \u00e5 ta i bruk sine polyrytmiske ferdigheter i reelle samspillsituasjoner.<\/p>\n<p>Duettene i heftet gjenspeiler ikke den kompleksitet som ofte finnes i kammermusikk og andre samspillsituasjoner, hverken n\u00e5r det gjelder melodikk, polyfoni, harmonikk eller form. M\u00e5let er \u00e5 la ut\u00f8veren trene seg p\u00e5 polyrytmer i en kontekst som <em>ligner<\/em> p\u00e5 kammermusikk, gjennom \u00e5 m\u00e5tte forholde seg til en motstemme som har en annen rolle i lydbildet enn ut\u00f8veren selv. Av og til er andrestemmen til hjelp i utf\u00f8relsen av polyrytmen, andre ganger er den til hinder.<\/p>\n<p>Innholdet i hvert kapittel er ordnet progressivt. Hvert kapittel starter enkelt, med gradvis stigende rytmisk kompleksitet. Duettenes melodiske materiale best\u00e5r stort sett av trinnvise bevegelser og treklangsbevegelser. Tonematerialet er laget enkelt for at materialet skal kunne synges og spilles uten at melodilesingen krever stor oppmerksomhet. Tonearter er valgt med tanke p\u00e5 sangbarhet, og dessuten at duettene skal v\u00e6re greie \u00e5 spille for studenter som spiller transponerende instrumenter.<\/p>\n<p>Syng eller spill duettene og etudene tostemt i geh\u00f8rgruppen, eller \u00f8v to og to p\u00e5 \u00f8verommet!<\/p>\n<p>[\/et_pb_toggle][et_pb_toggle title=&#8221;English introduction&#8221; _builder_version=&#8221;4.24.2&#8243; _module_preset=&#8221;default&#8221; global_colors_info=&#8221;{}&#8221;]<\/p>\n<p>This module contains a collection of short, polyrhythmic duets and etudes. The material is intended for ear training in higher music education, as a supplement to the existing teaching materials on polyrhythmics.<\/p>\n<p>There is already a wealth of good educational material available on polyrhythmics from both past and present. The material primarily falls into the following categories:<\/p>\n<ul>\n<ul>\n<li>Unison melodies or rhythms with or without pitch that include polyrhythms. These melodies or rhythms are to be sung or played while the pulse is marked or counted.<\/li>\n<li>Unison polyrhythmic melodies or rhythms with or without pitch that are to be sung while another rhythm is clapped or tapped (combination exercises).<\/li>\n<li>Two-part polyrhythmic etudes composed for piano playing.<\/li>\n<\/ul>\n<\/ul>\n<p><span>This material is developed to provide students with training in polyrhythms in ensemble-like situations. Solo studies where the student works on polyrhythms without interacting with others can be effective in learning and understanding polyrhythms. Being able to play a precise and musical quintuplet over a 3\/4 time while the rest of the ensemble plays different rhythms requires skills beyond just managing polyrhythms alone. Training in ensemble-like contexts can help strengthen students&#8217; ability to utilize their polyrhythmic skills in real ensemble situations.<\/span><\/p>\n<p>The duets in the collection do not reflect the complexity often found in chamber music and other ensemble situations, whether in terms of melody, polyphony, harmony, or form. The goal is to allow the performer to practice polyrhythms in a context that <em>resembles<\/em> chamber music, by having to deal with a counter-voice that plays a different role in the sound than the performer themselves. Sometimes the second voice helps in executing the polyrhythm, while other times it acts as an obstacle.<\/p>\n<p>The content in each chapter is arranged progressively. Each chapter starts simply, with rhythmic complexity increasing gradually. The melodic material of the duets mostly consists of stepwise and arpeggiated movements. The pitch material is kept simple to allow for singing and playing without requiring significant attention to reading melodies. Keys are chosen with singability in mind and also so that the duets are easy to play for students who use transposing instruments.<\/p>\n<p>Sing or play the duets and etudes in two parts in the ear training group, or practice in pairs in the practice room!<\/p>\n<p>[\/et_pb_toggle][\/et_pb_column][\/et_pb_row][et_pb_row _builder_version=&#8221;4.16&#8243; background_size=&#8221;initial&#8221; background_position=&#8221;top_left&#8221; background_repeat=&#8221;repeat&#8221; global_colors_info=&#8221;{}&#8221;][et_pb_column type=&#8221;4_4&#8243; _builder_version=&#8221;4.16&#8243; custom_padding=&#8221;|||&#8221; global_colors_info=&#8221;{}&#8221; custom_padding__hover=&#8221;|||&#8221;][\/et_pb_column][\/et_pb_row][\/et_pb_section]<\/p>\n","protected":false},"excerpt":{"rendered":"<p>&nbsp; &nbsp; &nbsp; &nbsp; &nbsp; &nbsp; &nbsp; Polyrytmiske duetter og etuder&nbsp; Denne modulen inneholder en samling med korte, polyrytmiske duetter og etuder. Materialet er tiltenkt geh\u00f8rundervisning i h\u00f8yere musikkutdanning, som supplement til det allerede eksisterende l\u00e6rematerialet innen polyrytmikk. Det fins mye godt l\u00e6restoff fra tidligere innen polyrytmikk, b\u00e5de av eldre og nyere dato. Materialet faller [&hellip;]<\/p>\n","protected":false},"author":856,"featured_media":0,"parent":24948,"menu_order":4,"comment_status":"closed","ping_status":"closed","template":"","meta":{"_et_pb_use_builder":"on","_et_pb_old_content":"","_et_gb_content_width":"","iawp_total_views":182,"footnotes":""},"class_list":["post-26353","page","type-page","status-publish","hentry"],"yoast_head":"<!-- This site is optimized with the Yoast SEO plugin v27.5 - https:\/\/yoast.com\/product\/yoast-seo-wordpress\/ -->\n<title>Polyrytmiske duetter - Musicificium<\/title>\n<meta name=\"robots\" content=\"index, follow, max-snippet:-1, max-image-preview:large, max-video-preview:-1\" \/>\n<link rel=\"canonical\" href=\"https:\/\/result.uit.no\/musicificium\/laerematerialer\/polyrytmiske-duetter\/\" \/>\n<script type=\"application\/ld+json\" class=\"yoast-schema-graph\">{\"@context\":\"https:\\\/\\\/schema.org\",\"@graph\":[{\"@type\":\"WebPage\",\"@id\":\"https:\\\/\\\/result.uit.no\\\/musicificium\\\/laerematerialer\\\/polyrytmiske-duetter\\\/\",\"url\":\"https:\\\/\\\/result.uit.no\\\/musicificium\\\/laerematerialer\\\/polyrytmiske-duetter\\\/\",\"name\":\"Polyrytmiske duetter - Musicificium\",\"isPartOf\":{\"@id\":\"https:\\\/\\\/result.uit.no\\\/musicificium\\\/#website\"},\"datePublished\":\"2017-12-22T12:43:35+00:00\",\"dateModified\":\"2024-09-04T08:35:12+00:00\",\"breadcrumb\":{\"@id\":\"https:\\\/\\\/result.uit.no\\\/musicificium\\\/laerematerialer\\\/polyrytmiske-duetter\\\/#breadcrumb\"},\"inLanguage\":\"en-GB\",\"potentialAction\":[{\"@type\":\"ReadAction\",\"target\":[\"https:\\\/\\\/result.uit.no\\\/musicificium\\\/laerematerialer\\\/polyrytmiske-duetter\\\/\"]}]},{\"@type\":\"BreadcrumbList\",\"@id\":\"https:\\\/\\\/result.uit.no\\\/musicificium\\\/laerematerialer\\\/polyrytmiske-duetter\\\/#breadcrumb\",\"itemListElement\":[{\"@type\":\"ListItem\",\"position\":1,\"name\":\"Home\",\"item\":\"https:\\\/\\\/result.uit.no\\\/musicificium\\\/\"},{\"@type\":\"ListItem\",\"position\":2,\"name\":\"Oppgavemateriale\",\"item\":\"https:\\\/\\\/result.uit.no\\\/musicificium\\\/laerematerialer\\\/\"},{\"@type\":\"ListItem\",\"position\":3,\"name\":\"Polyrytmiske duetter\"}]},{\"@type\":\"WebSite\",\"@id\":\"https:\\\/\\\/result.uit.no\\\/musicificium\\\/#website\",\"url\":\"https:\\\/\\\/result.uit.no\\\/musicificium\\\/\",\"name\":\"Musicificium\",\"description\":\"En inspirasjonsbank for geh\u00f8rundervisning!\",\"publisher\":{\"@id\":\"https:\\\/\\\/result.uit.no\\\/musicificium\\\/#organization\"},\"potentialAction\":[{\"@type\":\"SearchAction\",\"target\":{\"@type\":\"EntryPoint\",\"urlTemplate\":\"https:\\\/\\\/result.uit.no\\\/musicificium\\\/?s={search_term_string}\"},\"query-input\":{\"@type\":\"PropertyValueSpecification\",\"valueRequired\":true,\"valueName\":\"search_term_string\"}}],\"inLanguage\":\"en-GB\"},{\"@type\":\"Organization\",\"@id\":\"https:\\\/\\\/result.uit.no\\\/musicificium\\\/#organization\",\"name\":\"UiT\",\"url\":\"https:\\\/\\\/result.uit.no\\\/musicificium\\\/\",\"logo\":{\"@type\":\"ImageObject\",\"inLanguage\":\"en-GB\",\"@id\":\"https:\\\/\\\/result.uit.no\\\/musicificium\\\/#\\\/schema\\\/logo\\\/image\\\/\",\"url\":\"https:\\\/\\\/result.uit.no\\\/musicificium\\\/wp-content\\\/uploads\\\/sites\\\/35\\\/2024\\\/11\\\/UiT_Segl_Eng_Bla_960px.png\",\"contentUrl\":\"https:\\\/\\\/result.uit.no\\\/musicificium\\\/wp-content\\\/uploads\\\/sites\\\/35\\\/2024\\\/11\\\/UiT_Segl_Eng_Bla_960px.png\",\"width\":960,\"height\":960,\"caption\":\"UiT\"},\"image\":{\"@id\":\"https:\\\/\\\/result.uit.no\\\/musicificium\\\/#\\\/schema\\\/logo\\\/image\\\/\"}}]}<\/script>\n<!-- \/ Yoast SEO plugin. -->","yoast_head_json":{"title":"Polyrytmiske duetter - Musicificium","robots":{"index":"index","follow":"follow","max-snippet":"max-snippet:-1","max-image-preview":"max-image-preview:large","max-video-preview":"max-video-preview:-1"},"canonical":"https:\/\/result.uit.no\/musicificium\/laerematerialer\/polyrytmiske-duetter\/","schema":{"@context":"https:\/\/schema.org","@graph":[{"@type":"WebPage","@id":"https:\/\/result.uit.no\/musicificium\/laerematerialer\/polyrytmiske-duetter\/","url":"https:\/\/result.uit.no\/musicificium\/laerematerialer\/polyrytmiske-duetter\/","name":"Polyrytmiske duetter - Musicificium","isPartOf":{"@id":"https:\/\/result.uit.no\/musicificium\/#website"},"datePublished":"2017-12-22T12:43:35+00:00","dateModified":"2024-09-04T08:35:12+00:00","breadcrumb":{"@id":"https:\/\/result.uit.no\/musicificium\/laerematerialer\/polyrytmiske-duetter\/#breadcrumb"},"inLanguage":"en-GB","potentialAction":[{"@type":"ReadAction","target":["https:\/\/result.uit.no\/musicificium\/laerematerialer\/polyrytmiske-duetter\/"]}]},{"@type":"BreadcrumbList","@id":"https:\/\/result.uit.no\/musicificium\/laerematerialer\/polyrytmiske-duetter\/#breadcrumb","itemListElement":[{"@type":"ListItem","position":1,"name":"Home","item":"https:\/\/result.uit.no\/musicificium\/"},{"@type":"ListItem","position":2,"name":"Oppgavemateriale","item":"https:\/\/result.uit.no\/musicificium\/laerematerialer\/"},{"@type":"ListItem","position":3,"name":"Polyrytmiske duetter"}]},{"@type":"WebSite","@id":"https:\/\/result.uit.no\/musicificium\/#website","url":"https:\/\/result.uit.no\/musicificium\/","name":"Musicificium","description":"En inspirasjonsbank for geh\u00f8rundervisning!","publisher":{"@id":"https:\/\/result.uit.no\/musicificium\/#organization"},"potentialAction":[{"@type":"SearchAction","target":{"@type":"EntryPoint","urlTemplate":"https:\/\/result.uit.no\/musicificium\/?s={search_term_string}"},"query-input":{"@type":"PropertyValueSpecification","valueRequired":true,"valueName":"search_term_string"}}],"inLanguage":"en-GB"},{"@type":"Organization","@id":"https:\/\/result.uit.no\/musicificium\/#organization","name":"UiT","url":"https:\/\/result.uit.no\/musicificium\/","logo":{"@type":"ImageObject","inLanguage":"en-GB","@id":"https:\/\/result.uit.no\/musicificium\/#\/schema\/logo\/image\/","url":"https:\/\/result.uit.no\/musicificium\/wp-content\/uploads\/sites\/35\/2024\/11\/UiT_Segl_Eng_Bla_960px.png","contentUrl":"https:\/\/result.uit.no\/musicificium\/wp-content\/uploads\/sites\/35\/2024\/11\/UiT_Segl_Eng_Bla_960px.png","width":960,"height":960,"caption":"UiT"},"image":{"@id":"https:\/\/result.uit.no\/musicificium\/#\/schema\/logo\/image\/"}}]}},"_links":{"self":[{"href":"https:\/\/result.uit.no\/musicificium\/wp-json\/wp\/v2\/pages\/26353","targetHints":{"allow":["GET"]}}],"collection":[{"href":"https:\/\/result.uit.no\/musicificium\/wp-json\/wp\/v2\/pages"}],"about":[{"href":"https:\/\/result.uit.no\/musicificium\/wp-json\/wp\/v2\/types\/page"}],"author":[{"embeddable":true,"href":"https:\/\/result.uit.no\/musicificium\/wp-json\/wp\/v2\/users\/856"}],"replies":[{"embeddable":true,"href":"https:\/\/result.uit.no\/musicificium\/wp-json\/wp\/v2\/comments?post=26353"}],"version-history":[{"count":0,"href":"https:\/\/result.uit.no\/musicificium\/wp-json\/wp\/v2\/pages\/26353\/revisions"}],"up":[{"embeddable":true,"href":"https:\/\/result.uit.no\/musicificium\/wp-json\/wp\/v2\/pages\/24948"}],"wp:attachment":[{"href":"https:\/\/result.uit.no\/musicificium\/wp-json\/wp\/v2\/media?parent=26353"}],"curies":[{"name":"wp","href":"https:\/\/api.w.org\/{rel}","templated":true}]}}